544
CDUS41 KALY 222102
CLIALB


CLIMATE REPORT
NATIONAL WEATHER SERVICE ALBANY NY
502 PM EDT FRI JUL 22 2016


...................................

...THE ALBANY NY CLIMATE SUMMARY FOR JULY 22 2016...
VALID TODAY AS OF 0400 PM LOCAL TIME.

CLIMATE NORMAL PERIOD 1981 TO 2010
CLIMATE RECORD PERIOD 1874 TO 2016


WEATHER ITEM   OBSERVED TIME   RECORD YEAR NORMAL DEPARTURE LAST
                VALUE   (LST)  VALUE       VALUE  FROM      YEAR
                                                  NORMAL
..................................................................
TEMPERATURE (F)
 TODAY
  MAXIMUM         94    225 PM 102    1926  83     11       81
  MINIMUM         71    424 AM  47    1970  62      9       62
  AVERAGE         83                        72     11       72

PRECIPITATION (IN)
  TODAY            T             1.53 2006   0.14  -0.14     0.00
  MONTH TO DATE    3.16                      2.93   0.23     2.81
  SINCE JUN 1      5.47                      6.72  -1.25     9.51
  SINCE JAN 1     16.23                     21.50  -5.27    18.23

DEGREE DAYS
 HEATING
  TODAY            0                         0      0        0
  MONTH TO DATE    0                         0      0        1
  SINCE JUN 1     38                        52    -14       52
  SINCE JUL 1      0                         0      0        1

 COOLING
  TODAY           18                         7     11        7
  MONTH TO DATE  191                       151     40      159
  SINCE JUN 1    334                       269     65      270
  SINCE JAN 1    409                       299    110      393
..................................................................


WIND (MPH)
  HIGHEST WIND SPEED    17   HIGHEST WIND DIRECTION     W (280)
  HIGHEST GUST SPEED    22   HIGHEST GUST DIRECTION     W (270)
  AVERAGE WIND SPEED    10.1


SKY COVER
  AVERAGE SKY COVER 0.6



RELATIVE HUMIDITY (PERCENT)
 HIGHEST    68           600 AM
 LOWEST     41           200 PM
 AVERAGE    55

..........................................................


THE ALBANY NY CLIMATE NORMALS FOR TOMORROW
                         NORMAL    RECORD    YEAR
 MAXIMUM TEMPERATURE (F)   83        96      1955
 MINIMUM TEMPERATURE (F)   62        45      1981


SUNRISE AND SUNSET
JULY 22 2016..........SUNRISE   537 AM EDT   SUNSET   826 PM EDT
JULY 23 2016..........SUNRISE   538 AM EDT   SUNSET   825 PM EDT


-  INDICATES NEGATIVE NUMBERS.
R  INDICATES RECORD WAS SET OR TIED.
MM INDICATES DATA IS MISSING.
T  INDICATES TRACE AMOUNT.




$$
