988
CDUS41 KALY 020624
CLIALB


CLIMATE REPORT
NATIONAL WEATHER SERVICE ALBANY NY
124 AM EST FRI DEC 2 2016


...................................

...THE ALBANY NY CLIMATE SUMMARY FOR DECEMBER 1 2016...

CLIMATE NORMAL PERIOD 1981 TO 2010
CLIMATE RECORD PERIOD 1874 TO 2016


WEATHER ITEM   OBSERVED TIME   RECORD YEAR NORMAL DEPARTURE LAST
                VALUE   (LST)  VALUE       VALUE  FROM      YEAR
                                                  NORMAL
..................................................................
TEMPERATURE (F)
 YESTERDAY
  MAXIMUM         50    849 AM  67    1934  41      9       43
  MINIMUM         37    730 PM  -5    1875  27     10       24
  AVERAGE         44                        34     10       34

PRECIPITATION (IN)
  YESTERDAY        0.26          1.39 2010   0.10   0.16     0.14
  MONTH TO DATE    0.26                      0.10   0.16     0.14
  SINCE DEC 1      0.26                      0.10   0.16     0.14
  SINCE JAN 1     31.89                     36.52  -4.63    35.12

SNOWFALL (IN)
  YESTERDAY        0.0           3.7  1969   0.3   -0.3      0.0
  MONTH TO DATE    0.0                       0.3   -0.3      0.0
  SINCE DEC 1      0.0                       0.3   -0.3      0.0
  SINCE JUL 1      2.3                       3.4   -1.1       T
  SNOW DEPTH       0

DEGREE DAYS
 HEATING
  YESTERDAY       21                        31    -10       31
  MONTH TO DATE   21                        31    -10       31
  SINCE DEC 1     21                        31    -10       31
  SINCE JUL 1   1177                      1435   -258     1114

 COOLING
  YESTERDAY        0                         0      0        0
  MONTH TO DATE    0                         0      0        0
  SINCE DEC 1      0                         0      0        0
  SINCE JAN 1    902                       598    304      906
..................................................................


WIND (MPH)
  HIGHEST WIND SPEED    26   HIGHEST WIND DIRECTION     W (260)
  HIGHEST GUST SPEED    35   HIGHEST GUST DIRECTION     W (250)
  AVERAGE WIND SPEED     7.7


SKY COVER
  AVERAGE SKY COVER 0.8



RELATIVE HUMIDITY (PERCENT)
 HIGHEST    93
 LOWEST     61
 AVERAGE    77

..........................................................


THE ALBANY NY CLIMATE NORMALS FOR TODAY
                         NORMAL    RECORD    YEAR
 MAXIMUM TEMPERATURE (F)   41        66      1998
 MINIMUM TEMPERATURE (F)   27        -2      1875


SUNRISE AND SUNSET
DECEMBER  2 2016......SUNRISE   707 AM EST   SUNSET   422 PM EST
DECEMBER  3 2016......SUNRISE   708 AM EST   SUNSET   422 PM EST


-  INDICATES NEGATIVE NUMBERS.
R  INDICATES RECORD WAS SET OR TIED.
MM INDICATES DATA IS MISSING.
T  INDICATES TRACE AMOUNT.




$$
