541
CDUS41 KALY 020622
CLIALB


CLIMATE REPORT
NATIONAL WEATHER SERVICE ALBANY NY
121 AM EST TUE FEB 2 2016


...................................

...THE ALBANY NY CLIMATE SUMMARY FOR FEBRUARY 1 2016...

CLIMATE NORMAL PERIOD 1981 TO 2010
CLIMATE RECORD PERIOD 1874 TO 2016


WEATHER ITEM   OBSERVED TIME   RECORD YEAR NORMAL DEPARTURE LAST
                VALUE   (LST)  VALUE       VALUE  FROM      YEAR
                                                  NORMAL
..................................................................
TEMPERATURE (F)
 YESTERDAY
  MAXIMUM         54    933 AM  65    1989  32     22       27
  MINIMUM         35   1159 PM -20    1920  15     20        9
  AVERAGE         45                        23     22       18

PRECIPITATION (IN)
  YESTERDAY        T             1.39 1898   0.08  -0.08      T
  MONTH TO DATE    T                         0.08  -0.08      T
  SINCE DEC 1      4.91                      5.60  -0.69     7.54
  SINCE JAN 1      1.24                      2.67  -1.43     2.17

SNOWFALL (IN)
  YESTERDAY        0.0          15.0  1898   0.5   -0.5       T
  MONTH TO DATE    0.0                       0.5   -0.5       T
  SINCE DEC 1      5.5                      32.1  -26.6     27.7
  SINCE JUL 1      5.5                      35.2  -29.7     40.0
  SNOW DEPTH       0

DEGREE DAYS
 HEATING
  YESTERDAY       20                        42    -22       47
  MONTH TO DATE   20                        42    -22       47
  SINCE DEC 1   1878                      2489   -611     2443
  SINCE JUL 1   2961                      3893   -932     3718

 COOLING
  YESTERDAY        0                         0      0        0
  MONTH TO DATE    0                         0      0        0
  SINCE DEC 1      0                         0      0        0
  SINCE JAN 1      0                         0      0        0
..................................................................


WIND (MPH)
  HIGHEST WIND SPEED    26   HIGHEST WIND DIRECTION    NW (320)
  HIGHEST GUST SPEED    34   HIGHEST GUST DIRECTION    NW (320)
  AVERAGE WIND SPEED    12.6


SKY COVER
  AVERAGE SKY COVER 0.9



RELATIVE HUMIDITY (PERCENT)
 HIGHEST    64
 LOWEST     45
 AVERAGE    55

..........................................................


THE ALBANY NY CLIMATE NORMALS FOR TODAY
                         NORMAL    RECORD    YEAR
 MAXIMUM TEMPERATURE (F)   32        53      1981
 MINIMUM TEMPERATURE (F)   15       -18      1961


SUNRISE AND SUNSET
FEBRUARY  2 2016......SUNRISE   709 AM EST   SUNSET   509 PM EST
FEBRUARY  3 2016......SUNRISE   708 AM EST   SUNSET   510 PM EST


-  INDICATES NEGATIVE NUMBERS.
R  INDICATES RECORD WAS SET OR TIED.
MM INDICATES DATA IS MISSING.
T  INDICATES TRACE AMOUNT.




$$
