000
CDUS41 KALY 080627
CLIALB


CLIMATE REPORT
NATIONAL WEATHER SERVICE ALBANY NY
226 AM EDT TUE JUL 8 2014


...................................

...THE ALBANY NY CLIMATE SUMMARY FOR JULY 7 2014...

CLIMATE NORMAL PERIOD 1981 TO 2010
CLIMATE RECORD PERIOD 1874 TO 2014


WEATHER ITEM   OBSERVED TIME   RECORD YEAR NORMAL DEPARTURE LAST
                VALUE   (LST)  VALUE       VALUE  FROM      YEAR
                                                  NORMAL
..................................................................
TEMPERATURE (F)
 YESTERDAY
  MAXIMUM         85    402 PM  97    1988  82      3       91
  MINIMUM         68    245 AM  44    1979  61      7       70
  AVERAGE         77                        72      5       81

PRECIPITATION (IN)
  YESTERDAY        0.56          2.08 1935   0.13   0.43     0.94
  MONTH TO DATE    2.48                      0.90   1.58     1.66
  SINCE JUN 1      7.25                      4.69   2.56    10.34
  SINCE JAN 1     20.81                     19.47   1.34    25.08

DEGREE DAYS
 HEATING
  YESTERDAY        0                         0      0        0
  MONTH TO DATE    0                         0      0        0
  SINCE JUN 1     12                        52    -40       55
  SINCE JUL 1      0                         0      0        0

 COOLING
  YESTERDAY       12                         7      5       16
  MONTH TO DATE   68                        46     22      100
  SINCE JUN 1    216                       164     52      243
  SINCE JAN 1    251                       194     57      292
..................................................................


WIND (MPH)
  HIGHEST WIND SPEED    35   HIGHEST WIND DIRECTION    SW (230)
  HIGHEST GUST SPEED    43   HIGHEST GUST DIRECTION    SW (230)
  AVERAGE WIND SPEED     7.7


SKY COVER
  AVERAGE SKY COVER 0.8



RELATIVE HUMIDITY (PERCENT)
 HIGHEST    84
 LOWEST     49
 AVERAGE    67

..........................................................


THE ALBANY NY CLIMATE NORMALS FOR TODAY
                         NORMAL    RECORD    YEAR
 MAXIMUM TEMPERATURE (F)   82       100      1936
 MINIMUM TEMPERATURE (F)   61        43      1969


SUNRISE AND SUNSET
JULY  8 2014..........SUNRISE   525 AM EDT   SUNSET   835 PM EDT
JULY  9 2014..........SUNRISE   526 AM EDT   SUNSET   835 PM EDT


-  INDICATES NEGATIVE NUMBERS.
R  INDICATES RECORD WAS SET OR TIED.
MM INDICATES DATA IS MISSING.
T  INDICATES TRACE AMOUNT.




$$
