817
CDUS41 KALY 220624
CLIALB


CLIMATE REPORT
NATIONAL WEATHER SERVICE ALBANY NY
223 AM EDT FRI JUL 22 2016


...................................

...THE ALBANY NY CLIMATE SUMMARY FOR JULY 21 2016...

CLIMATE NORMAL PERIOD 1981 TO 2010
CLIMATE RECORD PERIOD 1874 TO 2016


WEATHER ITEM   OBSERVED TIME   RECORD YEAR NORMAL DEPARTURE LAST
                VALUE   (LST)  VALUE       VALUE  FROM      YEAR
                                                  NORMAL
..................................................................
TEMPERATURE (F)
 YESTERDAY
  MAXIMUM         88    442 PM 101    1930  83      5       87
  MINIMUM         55    411 AM  45    1974  62     -7       63
  AVERAGE         72                        72      0       75

PRECIPITATION (IN)
  YESTERDAY        0.00          1.27 1931   0.13  -0.13      T
  MONTH TO DATE    3.16                      2.79   0.37     2.81
  SINCE JUN 1      5.47                      6.58  -1.11     9.51
  SINCE JAN 1     16.23                     21.36  -5.13    18.23

DEGREE DAYS
 HEATING
  YESTERDAY        0                         0      0        0
  MONTH TO DATE    0                         0      0        1
  SINCE JUN 1     38                        52    -14       52
  SINCE JUL 1      0                         0      0        1

 COOLING
  YESTERDAY        7                         7      0       10
  MONTH TO DATE  173                       144     29      152
  SINCE JUN 1    316                       262     54      263
  SINCE JAN 1    391                       292     99      386
..................................................................


WIND (MPH)
  HIGHEST WIND SPEED    15   HIGHEST WIND DIRECTION     W (260)
  HIGHEST GUST SPEED    19   HIGHEST GUST DIRECTION     W (270)
  AVERAGE WIND SPEED     4.9


SKY COVER
  AVERAGE SKY COVER 0.4



RELATIVE HUMIDITY (PERCENT)
 HIGHEST    87
 LOWEST     36
 AVERAGE    62

..........................................................


THE ALBANY NY CLIMATE NORMALS FOR TODAY
                         NORMAL    RECORD    YEAR
 MAXIMUM TEMPERATURE (F)   83       102      1926
 MINIMUM TEMPERATURE (F)   62        47      1970


SUNRISE AND SUNSET
JULY 22 2016..........SUNRISE   537 AM EDT   SUNSET   826 PM EDT
JULY 23 2016..........SUNRISE   538 AM EDT   SUNSET   825 PM EDT


-  INDICATES NEGATIVE NUMBERS.
R  INDICATES RECORD WAS SET OR TIED.
MM INDICATES DATA IS MISSING.
T  INDICATES TRACE AMOUNT.




$$
