946
CDUS41 KALY 120628
CLIALB


CLIMATE REPORT
NATIONAL WEATHER SERVICE ALBANY NY
127 AM EST MON FEB 12 2018


...................................

...THE ALBANY NY CLIMATE SUMMARY FOR FEBRUARY 11 2018...

CLIMATE NORMAL PERIOD 1981 TO 2010
CLIMATE RECORD PERIOD 1874 TO 2018


WEATHER ITEM   OBSERVED TIME   RECORD YEAR NORMAL DEPARTURE LAST
                VALUE   (LST)  VALUE       VALUE  FROM      YEAR
                                                  NORMAL
..................................................................
TEMPERATURE (F)
 YESTERDAY
  MAXIMUM         37   1159 PM  59    1981  34      3       34
  MINIMUM         29   1208 PM -18    1962  17     12       20
  AVERAGE         33                        25      8       27

PRECIPITATION (IN)
  YESTERDAY        0.27          1.00 1981   0.08   0.19     0.06
  MONTH TO DATE    1.43                      0.85   0.58     1.43
  SINCE DEC 1      5.75                      6.37  -0.62     6.31
  SINCE JAN 1      3.82                      3.44   0.38     4.56

SNOWFALL (IN)
  YESTERDAY        0.0           9.6  1933   0.4   -0.4      0.8
  MONTH TO DATE    8.3                       5.1    3.2     14.6
  SINCE DEC 1     33.2                      36.7   -3.5     31.3
  SINCE JUL 1     33.2                      39.8   -6.6     33.6
  SNOW DEPTH       3

DEGREE DAYS
 HEATING
  YESTERDAY       32                        40     -8       38
  MONTH TO DATE  441                       450     -9      421
  SINCE DEC 1   2965                      2897     68     2548
  SINCE JUL 1   4079                      4301   -222     3704

 COOLING
  YESTERDAY        0                         0      0        0
  MONTH TO DATE    0                         0      0        0
  SINCE DEC 1      0                         0      0        0
  SINCE JAN 1      0                         0      0        0
..................................................................


WIND (MPH)
  HIGHEST WIND SPEED    22   HIGHEST WIND DIRECTION    NW (300)
  HIGHEST GUST SPEED    30   HIGHEST GUST DIRECTION     W (290)
  AVERAGE WIND SPEED     5.0


SKY COVER
  AVERAGE SKY COVER 1.0



RELATIVE HUMIDITY (PERCENT)
 HIGHEST    92
 LOWEST     78
 AVERAGE    85

..........................................................


THE ALBANY NY CLIMATE NORMALS FOR TODAY
                         NORMAL    RECORD    YEAR
 MAXIMUM TEMPERATURE (F)   34        55      1932
 MINIMUM TEMPERATURE (F)   17       -16      1979


SUNRISE AND SUNSET
FEBRUARY 12 2018......SUNRISE   656 AM EST   SUNSET   523 PM EST
FEBRUARY 13 2018......SUNRISE   655 AM EST   SUNSET   524 PM EST


-  INDICATES NEGATIVE NUMBERS.
R  INDICATES RECORD WAS SET OR TIED.
MM INDICATES DATA IS MISSING.
T  INDICATES TRACE AMOUNT.




$$
