000
CDUS41 KALY 210624
CLIALB


CLIMATE REPORT
NATIONAL WEATHER SERVICE ALBANY NY
223 AM EDT SUN AUG 21 2016


...................................

...THE ALBANY NY CLIMATE SUMMARY FOR AUGUST 20 2016...

CLIMATE NORMAL PERIOD 1981 TO 2010
CLIMATE RECORD PERIOD 1874 TO 2016


WEATHER ITEM   OBSERVED TIME   RECORD YEAR NORMAL DEPARTURE LAST
                VALUE   (LST)  VALUE       VALUE  FROM      YEAR
                                                  NORMAL
..................................................................
TEMPERATURE (F)
 YESTERDAY
  MAXIMUM         87    358 PM  97    1937  80      7       90
  MINIMUM         60    503 AM  45    1998  60      0       73
  AVERAGE         74                        70      4       82

PRECIPITATION (IN)
  YESTERDAY        0.00          1.17 2006   0.11  -0.11      T
  MONTH TO DATE    3.20                      2.36   0.84     2.99
  SINCE JUN 1     11.95                     10.27   1.68    13.11
  SINCE JAN 1     22.71                     25.05  -2.34    21.83

DEGREE DAYS
 HEATING
  YESTERDAY        0                         1     -1        0
  MONTH TO DATE    0                         3     -3        0
  SINCE JUN 1     38                        60    -22       52
  SINCE JUL 1      0                         8     -8        1

 COOLING
  YESTERDAY        9                         5      4       17
  MONTH TO DATE  211                       128     83      187
  SINCE JUN 1    639                       464    175      553
  SINCE JAN 1    714                       494    220      676
..................................................................


WIND (MPH)
  HIGHEST WIND SPEED    18   HIGHEST WIND DIRECTION     S (190)
  HIGHEST GUST SPEED    24   HIGHEST GUST DIRECTION     S (180)
  AVERAGE WIND SPEED     7.1


SKY COVER
  AVERAGE SKY COVER 0.2



RELATIVE HUMIDITY (PERCENT)
 HIGHEST    97
 LOWEST     39
 AVERAGE    68

..........................................................


THE ALBANY NY CLIMATE NORMALS FOR TODAY
                         NORMAL    RECORD    YEAR
 MAXIMUM TEMPERATURE (F)   80        98      1916
 MINIMUM TEMPERATURE (F)   59        42      1977


SUNRISE AND SUNSET
AUGUST 21 2016........SUNRISE   609 AM EDT   SUNSET   747 PM EDT
AUGUST 22 2016........SUNRISE   610 AM EDT   SUNSET   745 PM EDT


-  INDICATES NEGATIVE NUMBERS.
R  INDICATES RECORD WAS SET OR TIED.
MM INDICATES DATA IS MISSING.
T  INDICATES TRACE AMOUNT.




$$
