000
CDUS41 KALY 170622
CLIALB


CLIMATE REPORT
NATIONAL WEATHER SERVICE ALBANY NY
222 AM EDT SUN APR 17 2016


...................................

...THE ALBANY NY CLIMATE SUMMARY FOR APRIL 16 2016...

CLIMATE NORMAL PERIOD 1981 TO 2010
CLIMATE RECORD PERIOD 1874 TO 2016


WEATHER ITEM   OBSERVED TIME   RECORD YEAR NORMAL DEPARTURE LAST
                VALUE   (LST)  VALUE       VALUE  FROM      YEAR
                                                  NORMAL
..................................................................
TEMPERATURE (F)
 YESTERDAY
  MAXIMUM         66    331 PM  91    2012  59      7       69
  MINIMUM         35    539 AM  22    1981  38     -3       31
  AVERAGE         51                        48      3       50

PRECIPITATION (IN)
  YESTERDAY        0.00          1.76 1983   0.11  -0.11     0.00
  MONTH TO DATE    1.30                      1.73  -0.43     1.05
  SINCE MAR 1      2.48                      4.94  -2.46     2.30
  SINCE JAN 1      7.79                      9.73  -1.94     6.62

SNOWFALL (IN)
  YESTERDAY        0.0           5.3  1983   0.1   -0.1      0.0
  MONTH TO DATE    6.4                       1.7    4.7       T
  SINCE MAR 1      6.6                      12.7   -6.1      5.3
  SINCE JUL 1     16.9                      59.6  -42.7     75.9
  SNOW DEPTH       0

DEGREE DAYS
 HEATING
  YESTERDAY       14                        17     -3       15
  MONTH TO DATE  391                       321     70      314
  SINCE MAR 1   1073                      1250   -177     1399
  SINCE JUL 1   5002                      6194  -1192     6529

 COOLING
  YESTERDAY        0                         0      0        0
  MONTH TO DATE    0                         0      0        0
  SINCE MAR 1      0                         0      0        0
  SINCE JAN 1      0                         0      0        0
..................................................................


WIND (MPH)
  HIGHEST WIND SPEED    14   HIGHEST WIND DIRECTION    NW (320)
  HIGHEST GUST SPEED    18   HIGHEST GUST DIRECTION    NE (30)
  AVERAGE WIND SPEED     5.5


SKY COVER
  AVERAGE SKY COVER 0.4



RELATIVE HUMIDITY (PERCENT)
 HIGHEST    64
 LOWEST     16
 AVERAGE    40

..........................................................


THE ALBANY NY CLIMATE NORMALS FOR TODAY
                         NORMAL    RECORD    YEAR
 MAXIMUM TEMPERATURE (F)   59        91      2002
 MINIMUM TEMPERATURE (F)   38        21      1971


SUNRISE AND SUNSET
APRIL 17 2016.........SUNRISE   610 AM EDT   SUNSET   740 PM EDT
APRIL 18 2016.........SUNRISE   608 AM EDT   SUNSET   741 PM EDT


-  INDICATES NEGATIVE NUMBERS.
R  INDICATES RECORD WAS SET OR TIED.
MM INDICATES DATA IS MISSING.
T  INDICATES TRACE AMOUNT.




$$
