000
CDUS41 KALY 070634
CLIALB


CLIMATE REPORT
NATIONAL WEATHER SERVICE ALBANY NY
128 AM EST SAT JAN 7 2017


...................................

...THE ALBANY NY CLIMATE SUMMARY FOR JANUARY 6 2017...

CLIMATE NORMAL PERIOD 1981 TO 2010
CLIMATE RECORD PERIOD 1874 TO 2017


WEATHER ITEM   OBSERVED TIME   RECORD YEAR NORMAL DEPARTURE LAST
                VALUE   (LST)  VALUE       VALUE  FROM      YEAR
                                                  NORMAL
..................................................................
TEMPERATURE (F)
 YESTERDAY
  MAXIMUM         26    216 AM  71    2007  31     -5       34
  MINIMUM         12   1158 PM -19    1996  15     -3        5
  AVERAGE         19                        23     -4       20

PRECIPITATION (IN)
  YESTERDAY        T             1.22 1910   0.09  -0.09     0.00
  MONTH TO DATE    0.62                      0.50   0.12     0.04
  SINCE DEC 1      2.37                      3.43  -1.06     3.71
  SINCE JAN 1      0.62                      0.50   0.12     0.04

SNOWFALL (IN)
  YESTERDAY        0.1          12.7  2002   0.6   -0.5      0.0
  MONTH TO DATE    0.4                       3.4   -3.0      1.1
  SINCE DEC 1     12.5                      17.1   -4.6      3.3
  SINCE JUL 1     14.8                      20.2   -5.4      3.3
  SNOW DEPTH       0

DEGREE DAYS
 HEATING
  YESTERDAY       46                        42      4       45
  MONTH TO DATE  224                       251    -27      240
  SINCE DEC 1   1291                      1382    -91      950
  SINCE JUL 1   2447                      2786   -339     2033

 COOLING
  YESTERDAY        0                         0      0        0
  MONTH TO DATE    0                         0      0        0
  SINCE DEC 1      0                         0      0        0
  SINCE JAN 1      0                         0      0        0
..................................................................


WIND (MPH)
  HIGHEST WIND SPEED    21   HIGHEST WIND DIRECTION     W (280)
  HIGHEST GUST SPEED    24   HIGHEST GUST DIRECTION     W (290)
  AVERAGE WIND SPEED     7.8


SKY COVER
  AVERAGE SKY COVER 0.5



RELATIVE HUMIDITY (PERCENT)
 HIGHEST    74
 LOWEST     40
 AVERAGE    57

..........................................................


THE ALBANY NY CLIMATE NORMALS FOR TODAY
                         NORMAL    RECORD    YEAR
 MAXIMUM TEMPERATURE (F)   31        56      1915
 MINIMUM TEMPERATURE (F)   15       -12      1878


SUNRISE AND SUNSET
JANUARY  7 2017.......SUNRISE   725 AM EST   SUNSET   438 PM EST
JANUARY  8 2017.......SUNRISE   725 AM EST   SUNSET   439 PM EST


-  INDICATES NEGATIVE NUMBERS.
R  INDICATES RECORD WAS SET OR TIED.
MM INDICATES DATA IS MISSING.
T  INDICATES TRACE AMOUNT.




$$
