000
CDUS41 KALY 150624
CLIALB


CLIMATE REPORT
NATIONAL WEATHER SERVICE ALBANY NY
223 AM EDT FRI SEP 15 2017


...................................

...THE ALBANY NY CLIMATE SUMMARY FOR SEPTEMBER 14 2017...

CLIMATE NORMAL PERIOD 1981 TO 2010
CLIMATE RECORD PERIOD 1874 TO 2017


WEATHER ITEM   OBSERVED TIME   RECORD YEAR NORMAL DEPARTURE LAST
                VALUE   (LST)  VALUE       VALUE  FROM      YEAR
                                                  NORMAL
..................................................................
TEMPERATURE (F)
 YESTERDAY
  MAXIMUM         78    430 PM  93    1931  73      5       82
  MINIMUM         65   1159 PM  32    1963  52     13       53
  AVERAGE         72                        63      9       68

PRECIPITATION (IN)
  YESTERDAY        0.00          2.62 1951   0.11  -0.11     0.00
  MONTH TO DATE    2.39                      1.43   0.96     0.80
  SINCE SEP 1      2.39                      1.43   0.96     0.80
  SINCE JAN 1     34.19                     27.58   6.61    24.25

DEGREE DAYS
 HEATING
  YESTERDAY        0                         4     -4        0
  MONTH TO DATE   65                        35     30        2
  SINCE SEP 1     65                        35     30        2
  SINCE JUL 1     84                        58     26        3

 COOLING
  YESTERDAY        7                         2      5        3
  MONTH TO DATE   14                        37    -23       78
  SINCE SEP 1     14                        37    -23       78
  SINCE JAN 1    589                       580      9      866
..................................................................


WIND (MPH)
  HIGHEST WIND SPEED    15   HIGHEST WIND DIRECTION     S (160)
  HIGHEST GUST SPEED    18   HIGHEST GUST DIRECTION     S (160)
  AVERAGE WIND SPEED     6.0


SKY COVER
  AVERAGE SKY COVER 0.8



RELATIVE HUMIDITY (PERCENT)
 HIGHEST    87
 LOWEST     64
 AVERAGE    76

..........................................................


THE ALBANY NY CLIMATE NORMALS FOR TODAY
                         NORMAL    RECORD    YEAR
 MAXIMUM TEMPERATURE (F)   73        92      1915
 MINIMUM TEMPERATURE (F)   52        33      1975


SUNRISE AND SUNSET
SEPTEMBER 15 2017.....SUNRISE   635 AM EDT   SUNSET   705 PM EDT
SEPTEMBER 16 2017.....SUNRISE   636 AM EDT   SUNSET   703 PM EDT


-  INDICATES NEGATIVE NUMBERS.
R  INDICATES RECORD WAS SET OR TIED.
MM INDICATES DATA IS MISSING.
T  INDICATES TRACE AMOUNT.




$$
