000
CDUS41 KALY 130640
CLIALB


CLIMATE REPORT
NATIONAL WEATHER SERVICE ALBANY NY
240 AM EDT FRI MAY 13 2016


...................................

...THE ALBANY NY CLIMATE SUMMARY FOR MAY 12 2016...

CLIMATE NORMAL PERIOD 1981 TO 2010
CLIMATE RECORD PERIOD 1874 TO 2016


WEATHER ITEM   OBSERVED TIME   RECORD YEAR NORMAL DEPARTURE LAST
                VALUE   (LST)  VALUE       VALUE  FROM      YEAR
                                                  NORMAL
..................................................................
TEMPERATURE (F)
 YESTERDAY
  MAXIMUM         80    517 PM  91    1881  68     12       84
  MINIMUM         43    459 AM  29    1969  46     -3       55
  AVERAGE         62                        57      5       70

PRECIPITATION (IN)
  YESTERDAY        0.00          2.16 2006   0.11  -0.11     0.01
  MONTH TO DATE    1.24                      1.30  -0.06     0.01
  SINCE MAR 1      4.26                      7.68  -3.42     3.36
  SINCE JAN 1      9.57                     12.47  -2.90     7.68

SNOWFALL (IN)
  YESTERDAY        0.0           T    1996   0.0    0.0      0.0
  MONTH TO DATE    0.0                       0.1   -0.1      0.0
  SINCE MAR 1      6.6                      13.4   -6.8      5.3
  SINCE JUL 1     16.9                      60.3  -43.4     75.9
  SNOW DEPTH       0

DEGREE DAYS
 HEATING
  YESTERDAY        3                         8     -5        0
  MONTH TO DATE  142                       120     22       16
  SINCE MAR 1   1393                      1569   -176     1612
  SINCE JUL 1   5322                      6513  -1191     6742

 COOLING
  YESTERDAY        0                         1     -1        5
  MONTH TO DATE    0                         1     -1       54
  SINCE MAR 1      2                         5     -3       54
  SINCE JAN 1      2                         5     -3       54
..................................................................


WIND (MPH)
  HIGHEST WIND SPEED    18   HIGHEST WIND DIRECTION     S (170)
  HIGHEST GUST SPEED    25   HIGHEST GUST DIRECTION     S (170)
  AVERAGE WIND SPEED     5.6


SKY COVER
  AVERAGE SKY COVER 0.4



RELATIVE HUMIDITY (PERCENT)
 HIGHEST    76
 LOWEST     20
 AVERAGE    48

..........................................................


THE ALBANY NY CLIMATE NORMALS FOR TODAY
                         NORMAL    RECORD    YEAR
 MAXIMUM TEMPERATURE (F)   69        86      2004
                                             1991
 MINIMUM TEMPERATURE (F)   46        30      2005
                                             1976


SUNRISE AND SUNSET
MAY 13 2016...........SUNRISE   534 AM EDT   SUNSET   809 PM EDT
MAY 14 2016...........SUNRISE   533 AM EDT   SUNSET   810 PM EDT


-  INDICATES NEGATIVE NUMBERS.
R  INDICATES RECORD WAS SET OR TIED.
MM INDICATES DATA IS MISSING.
T  INDICATES TRACE AMOUNT.




$$
