816
CDUS41 KALY 170626
CLIALB


CLIMATE REPORT
NATIONAL WEATHER SERVICE ALBANY NY
226 AM EDT SUN SEP 17 2017


...................................

...THE ALBANY NY CLIMATE SUMMARY FOR SEPTEMBER 16 2017...

CLIMATE NORMAL PERIOD 1981 TO 2010
CLIMATE RECORD PERIOD 1874 TO 2017


WEATHER ITEM   OBSERVED TIME   RECORD YEAR NORMAL DEPARTURE LAST
                VALUE   (LST)  VALUE       VALUE  FROM      YEAR
                                                  NORMAL
..................................................................
TEMPERATURE (F)
 YESTERDAY
  MAXIMUM         83    405 PM  92    1939  72     11       75
  MINIMUM         64   1157 PM  32    1964  52     12       43
  AVERAGE         74                        62     12       59

PRECIPITATION (IN)
  YESTERDAY        0.00          5.60 1999   0.11  -0.11     0.00
  MONTH TO DATE    2.57                      1.64   0.93     0.80
  SINCE SEP 1      2.57                      1.64   0.93     0.80
  SINCE JAN 1     34.37                     27.79   6.58    24.25

DEGREE DAYS
 HEATING
  YESTERDAY        0                         4     -4        6
  MONTH TO DATE   65                        43     22       13
  SINCE SEP 1     65                        43     22       13
  SINCE JUL 1     84                        66     18       14

 COOLING
  YESTERDAY        9                         1      8        0
  MONTH TO DATE   32                        40     -8       78
  SINCE SEP 1     32                        40     -8       78
  SINCE JAN 1    607                       583     24      866
..................................................................


WIND (MPH)
  HIGHEST WIND SPEED     8   HIGHEST WIND DIRECTION     N (20)
  HIGHEST GUST SPEED    14   HIGHEST GUST DIRECTION    NE (60)
  AVERAGE WIND SPEED     2.6


SKY COVER
  AVERAGE SKY COVER 0.5



RELATIVE HUMIDITY (PERCENT)
 HIGHEST    93
 LOWEST     51
 AVERAGE    72

..........................................................


THE ALBANY NY CLIMATE NORMALS FOR TODAY
                         NORMAL    RECORD    YEAR
 MAXIMUM TEMPERATURE (F)   72        89      1942
 MINIMUM TEMPERATURE (F)   51        32      1959


SUNRISE AND SUNSET
SEPTEMBER 17 2017.....SUNRISE   637 AM EDT   SUNSET   701 PM EDT
SEPTEMBER 18 2017.....SUNRISE   638 AM EDT   SUNSET   659 PM EDT


-  INDICATES NEGATIVE NUMBERS.
R  INDICATES RECORD WAS SET OR TIED.
MM INDICATES DATA IS MISSING.
T  INDICATES TRACE AMOUNT.




$$
