000
CDUS41 KALY 190622
CLIALB


CLIMATE REPORT
NATIONAL WEATHER SERVICE ALBANY NY
221 AM EDT TUE MAY 19 2015


...................................

...THE ALBANY NY CLIMATE SUMMARY FOR MAY 18 2015...

CLIMATE NORMAL PERIOD 1981 TO 2010
CLIMATE RECORD PERIOD 1874 TO 2015


WEATHER ITEM   OBSERVED TIME   RECORD YEAR NORMAL DEPARTURE LAST
                VALUE   (LST)  VALUE       VALUE  FROM      YEAR
                                                  NORMAL
..................................................................
TEMPERATURE (F)
 YESTERDAY
  MAXIMUM         78   1145 AM  94    1962  70      8       65
  MINIMUM         54    342 AM  29    1981  48      6       39
  AVERAGE         66                        59      7       52

PRECIPITATION (IN)
  YESTERDAY        0.00          1.27 1973   0.12  -0.12      T
  MONTH TO DATE    0.06                      1.98  -1.92     1.95
  SINCE MAR 1      3.41                      8.36  -4.95     7.11
  SINCE JAN 1      7.73                     13.15  -5.42    12.90

SNOWFALL (IN)
  YESTERDAY        0.0           2.2  2002   0.0    0.0      0.0
  MONTH TO DATE    0.0                       0.1   -0.1      0.0
  SINCE MAR 1      5.3                      12.6   -7.3      8.3
  SINCE JUL 1     75.9                      59.1   16.8     73.5
  SNOW DEPTH       0

DEGREE DAYS
 HEATING
  YESTERDAY        0                         7     -7       13
  MONTH TO DATE   43                       165   -122      122
  SINCE MAR 1   1639                      1614     25     1794
  SINCE JUL 1   6769                      6558    211     6911

 COOLING
  YESTERDAY        1                         1      0        0
  MONTH TO DATE   62                         7     55       15
  SINCE MAR 1     62                        11     51       21
  SINCE JAN 1     62                        11     51       21
..................................................................


WIND (MPH)
  HIGHEST WIND SPEED    23   HIGHEST WIND DIRECTION     S (190)
  HIGHEST GUST SPEED    32   HIGHEST GUST DIRECTION     S (180)
  AVERAGE WIND SPEED    11.4


SKY COVER
  AVERAGE SKY COVER 0.6



RELATIVE HUMIDITY (PERCENT)
 HIGHEST    86
 LOWEST     54
 AVERAGE    70

..........................................................


THE ALBANY NY CLIMATE NORMALS FOR TODAY
                         NORMAL    RECORD    YEAR
 MAXIMUM TEMPERATURE (F)   70        91      1989
 MINIMUM TEMPERATURE (F)   48        29      1981


SUNRISE AND SUNSET
MAY 19 2015...........SUNRISE   529 AM EDT   SUNSET   815 PM EDT
MAY 20 2015...........SUNRISE   528 AM EDT   SUNSET   816 PM EDT


-  INDICATES NEGATIVE NUMBERS.
R  INDICATES RECORD WAS SET OR TIED.
MM INDICATES DATA IS MISSING.
T  INDICATES TRACE AMOUNT.




$$
