000
CDUS41 KALY 170623
CLIALB


CLIMATE REPORT
NATIONAL WEATHER SERVICE ALBANY NY
222 AM EDT WED AUG 17 2016


...................................

...THE ALBANY NY CLIMATE SUMMARY FOR AUGUST 16 2016...

CLIMATE NORMAL PERIOD 1981 TO 2010
CLIMATE RECORD PERIOD 1874 TO 2016


WEATHER ITEM   OBSERVED TIME   RECORD YEAR NORMAL DEPARTURE LAST
                VALUE   (LST)  VALUE       VALUE  FROM      YEAR
                                                  NORMAL
..................................................................
TEMPERATURE (F)
 YESTERDAY
  MAXIMUM         83    656 PM  95    1959  81      2       88
  MINIMUM         68    259 AM  41    1972  60      8       64
  AVERAGE         76                        70      6       76

PRECIPITATION (IN)
  YESTERDAY        0.22          1.78 1951   0.11   0.11     0.00
  MONTH TO DATE    3.20                      1.92   1.28     2.99
  SINCE JUN 1     11.95                      9.83   2.12    13.11
  SINCE JAN 1     22.71                     24.61  -1.90    21.83

DEGREE DAYS
 HEATING
  YESTERDAY        0                         0      0        0
  MONTH TO DATE    0                         0      0        0
  SINCE JUN 1     38                        57    -19       52
  SINCE JUL 1      0                         5     -5        1

 COOLING
  YESTERDAY       11                         6      5       11
  MONTH TO DATE  173                       105     68      125
  SINCE JUN 1    601                       441    160      491
  SINCE JAN 1    676                       471    205      614
..................................................................


WIND (MPH)
  HIGHEST WIND SPEED    22   HIGHEST WIND DIRECTION     S (190)
  HIGHEST GUST SPEED    30   HIGHEST GUST DIRECTION     S (170)
  AVERAGE WIND SPEED     7.9


SKY COVER
  AVERAGE SKY COVER 0.9



RELATIVE HUMIDITY (PERCENT)
 HIGHEST    93
 LOWEST     69
 AVERAGE    81

..........................................................


THE ALBANY NY CLIMATE NORMALS FOR TODAY
                         NORMAL    RECORD    YEAR
 MAXIMUM TEMPERATURE (F)   81        97      1913
 MINIMUM TEMPERATURE (F)   60        40      1979


SUNRISE AND SUNSET
AUGUST 17 2016........SUNRISE   604 AM EDT   SUNSET   753 PM EDT
AUGUST 18 2016........SUNRISE   605 AM EDT   SUNSET   752 PM EDT


-  INDICATES NEGATIVE NUMBERS.
R  INDICATES RECORD WAS SET OR TIED.
MM INDICATES DATA IS MISSING.
T  INDICATES TRACE AMOUNT.




$$
