000
CDUS41 KALY 250629
CLIALB


CLIMATE REPORT
NATIONAL WEATHER SERVICE ALBANY NY
225 AM EDT TUE AUG 25 2015


...................................

...THE ALBANY NY CLIMATE SUMMARY FOR AUGUST 24 2015...

CLIMATE NORMAL PERIOD 1981 TO 2010
CLIMATE RECORD PERIOD 1874 TO 2015


WEATHER ITEM   OBSERVED TIME   RECORD YEAR NORMAL DEPARTURE LAST
                VALUE   (LST)  VALUE       VALUE  FROM      YEAR
                                                  NORMAL
..................................................................
TEMPERATURE (F)
 YESTERDAY
  MAXIMUM         85    321 PM  95    1947  79      6       82
  MINIMUM         68    504 AM  42    1971  59      9       58
  AVERAGE         77                        69      8       70

PRECIPITATION (IN)
  YESTERDAY        0.00          2.62 1893   0.10  -0.10     0.00
  MONTH TO DATE    3.85                      2.77   1.08     1.54
  SINCE JUN 1     13.97                     10.68   3.29    13.18
  SINCE JAN 1     22.69                     25.46  -2.77    26.74

DEGREE DAYS
 HEATING
  YESTERDAY        0                         1     -1        0
  MONTH TO DATE    0                         7     -7        6
  SINCE JUN 1     52                        64    -12       18
  SINCE JUL 1      1                        12    -11        6

 COOLING
  YESTERDAY       12                         5      7        5
  MONTH TO DATE  220                       148     72      107
  SINCE JUN 1    586                       484    102      492
  SINCE JAN 1    709                       514    195      527
..................................................................


WIND (MPH)
  HIGHEST WIND SPEED    16   HIGHEST WIND DIRECTION     S (160)
  HIGHEST GUST SPEED    21   HIGHEST GUST DIRECTION     S (170)
  AVERAGE WIND SPEED     5.9


SKY COVER
  AVERAGE SKY COVER 0.6



RELATIVE HUMIDITY (PERCENT)
 HIGHEST    87
 LOWEST     43
 AVERAGE    65

..........................................................


THE ALBANY NY CLIMATE NORMALS FOR TODAY
                         NORMAL    RECORD    YEAR
 MAXIMUM TEMPERATURE (F)   79        99      1947
 MINIMUM TEMPERATURE (F)   59        35      1940


SUNRISE AND SUNSET
AUGUST 25 2015........SUNRISE   612 AM EDT   SUNSET   742 PM EDT
AUGUST 26 2015........SUNRISE   613 AM EDT   SUNSET   740 PM EDT


-  INDICATES NEGATIVE NUMBERS.
R  INDICATES RECORD WAS SET OR TIED.
MM INDICATES DATA IS MISSING.
T  INDICATES TRACE AMOUNT.




$$
