000
CDUS41 KALY 220625
CLIALB


CLIMATE REPORT
NATIONAL WEATHER SERVICE ALBANY NY
123 AM EST SUN FEB 22 2015


...................................

...THE ALBANY NY CLIMATE SUMMARY FOR FEBRUARY 21 2015...

CLIMATE NORMAL PERIOD 1981 TO 2010
CLIMATE RECORD PERIOD 1874 TO 2015


WEATHER ITEM   OBSERVED TIME   RECORD YEAR NORMAL DEPARTURE LAST
                VALUE   (LST)  VALUE       VALUE  FROM      YEAR
                                                  NORMAL
..................................................................
TEMPERATURE (F)
 YESTERDAY
  MAXIMUM         24   1159 PM  65    1981  36    -12       41
  MINIMUM        -10R   437 AM  -9    1950  19    -29       29
  AVERAGE          7                        27    -20       35

PRECIPITATION (IN)
  YESTERDAY        0.09          1.20 1882   0.08   0.01     0.64
  MONTH TO DATE    2.15                      1.61   0.54     3.47
  SINCE DEC 1      9.69                      7.13   2.56     9.16
  SINCE JAN 1      4.32                      4.20   0.12     5.78

SNOWFALL (IN)
  YESTERDAY        0.9          11.0  1929   0.4    0.5      0.0
  MONTH TO DATE   30.6                       9.4   21.2     27.7
  SINCE DEC 1     58.3                      40.7   17.6     62.7
  SINCE JUL 1     70.6                      43.5   27.1     64.8
  SNOW DEPTH      13

DEGREE DAYS
 HEATING
  YESTERDAY       58                        38     20       30
  MONTH TO DATE 1109                       838    271      911
  SINCE DEC 1   3505                      3285    220     3458
  SINCE JUL 1   4780                      4689     91     4828

 COOLING
  YESTERDAY        0                         0      0        0
  MONTH TO DATE    0                         0      0        0
  SINCE DEC 1      0                         0      0        0
  SINCE JAN 1      0                         0      0        0
..................................................................


WIND (MPH)
  HIGHEST WIND SPEED    28   HIGHEST WIND DIRECTION     S (180)
  HIGHEST GUST SPEED    40   HIGHEST GUST DIRECTION     S (180)
  AVERAGE WIND SPEED    10.4


SKY COVER
  AVERAGE SKY COVER 0.8



RELATIVE HUMIDITY (PERCENT)
 HIGHEST    81
 LOWEST     40
 AVERAGE    61

..........................................................


THE ALBANY NY CLIMATE NORMALS FOR TODAY
                         NORMAL    RECORD    YEAR
 MAXIMUM TEMPERATURE (F)   36        68      1997
 MINIMUM TEMPERATURE (F)   19        -8      1963


SUNRISE AND SUNSET
FEBRUARY 22 2015......SUNRISE   642 AM EST   SUNSET   536 PM EST
FEBRUARY 23 2015......SUNRISE   641 AM EST   SUNSET   537 PM EST


-  INDICATES NEGATIVE NUMBERS.
R  INDICATES RECORD WAS SET OR TIED.
MM INDICATES DATA IS MISSING.
T  INDICATES TRACE AMOUNT.




$$
