000
CDUS41 KALY 110628
CLIALB


CLIMATE REPORT
NATIONAL WEATHER SERVICE ALBANY NY
227 AM EDT WED MAY 11 2016


...................................

...THE ALBANY NY CLIMATE SUMMARY FOR MAY 10 2016...

CLIMATE NORMAL PERIOD 1981 TO 2010
CLIMATE RECORD PERIOD 1874 TO 2016


WEATHER ITEM   OBSERVED TIME   RECORD YEAR NORMAL DEPARTURE LAST
                VALUE   (LST)  VALUE       VALUE  FROM      YEAR
                                                  NORMAL
..................................................................
TEMPERATURE (F)
 YESTERDAY
  MAXIMUM         69    451 PM  92    1970  68      1       85
  MINIMUM         34    341 AM  28    1958  45    -11       64
  AVERAGE         52                        56     -4       75

PRECIPITATION (IN)
  YESTERDAY        0.00          2.01 1931   0.11  -0.11      T
  MONTH TO DATE    1.24                      1.08   0.16      T
  SINCE MAR 1      4.26                      7.46  -3.20     3.35
  SINCE JAN 1      9.57                     12.25  -2.68     7.67

SNOWFALL (IN)
  YESTERDAY        0.0           5.0  1945   0.0    0.0      0.0
  MONTH TO DATE    0.0                       0.1   -0.1      0.0
  SINCE MAR 1      6.6                      13.4   -6.8      5.3
  SINCE JUL 1     16.9                      60.3  -43.4     75.9
  SNOW DEPTH       0

DEGREE DAYS
 HEATING
  YESTERDAY       13                         9      4        0
  MONTH TO DATE  132                       103     29       16
  SINCE MAR 1   1383                      1552   -169     1612
  SINCE JUL 1   5312                      6496  -1184     6742

 COOLING
  YESTERDAY        0                         0      0       10
  MONTH TO DATE    0                         0      0       38
  SINCE MAR 1      2                         4     -2       38
  SINCE JAN 1      2                         4     -2       38
..................................................................


WIND (MPH)
  HIGHEST WIND SPEED    15   HIGHEST WIND DIRECTION     W (280)
  HIGHEST GUST SPEED    22   HIGHEST GUST DIRECTION     W (290)
  AVERAGE WIND SPEED     5.6


SKY COVER
  AVERAGE SKY COVER 0.3



RELATIVE HUMIDITY (PERCENT)
 HIGHEST    75
 LOWEST     22
 AVERAGE    49

..........................................................


THE ALBANY NY CLIMATE NORMALS FOR TODAY
                         NORMAL    RECORD    YEAR
 MAXIMUM TEMPERATURE (F)   68        90      1911
 MINIMUM TEMPERATURE (F)   46        29      2010
                                             1966


SUNRISE AND SUNSET
MAY 11 2016...........SUNRISE   537 AM EDT   SUNSET   807 PM EDT
MAY 12 2016...........SUNRISE   535 AM EDT   SUNSET   808 PM EDT


-  INDICATES NEGATIVE NUMBERS.
R  INDICATES RECORD WAS SET OR TIED.
MM INDICATES DATA IS MISSING.
T  INDICATES TRACE AMOUNT.




$$
