000
CDUS41 KALY 260623
CLIALB


CLIMATE REPORT
NATIONAL WEATHER SERVICE ALBANY NY
222 AM EDT TUE MAY 26 2015


...................................

...THE ALBANY NY CLIMATE SUMMARY FOR MAY 25 2015...

CLIMATE NORMAL PERIOD 1981 TO 2010
CLIMATE RECORD PERIOD 1874 TO 2015


WEATHER ITEM   OBSERVED TIME   RECORD YEAR NORMAL DEPARTURE LAST
                VALUE   (LST)  VALUE       VALUE  FROM      YEAR
                                                  NORMAL
..................................................................
TEMPERATURE (F)
 YESTERDAY
  MAXIMUM         88    245 PM  94    1981  72     16       79
  MINIMUM         62    614 AM  30    1956  50     12       49
  AVERAGE         75                        61     14       64

PRECIPITATION (IN)
  YESTERDAY        T             0.91 1874   0.13  -0.13      T
  MONTH TO DATE    0.31                      2.86  -2.55     2.26
  SINCE MAR 1      3.66                      9.24  -5.58     7.42
  SINCE JAN 1      7.98                     14.03  -6.05    13.21

SNOWFALL (IN)
  YESTERDAY        0.0           0.0    MM   0.0    0.0      0.0
  MONTH TO DATE    0.0                       0.1   -0.1      0.0
  SINCE MAR 1      5.3                      12.6   -7.3      8.3
  SINCE JUL 1     75.9                      59.1   16.8     73.5
  SNOW DEPTH       0

DEGREE DAYS
 HEATING
  YESTERDAY        0                         5     -5        1
  MONTH TO DATE   91                       207   -116      154
  SINCE MAR 1   1687                      1656     31     1826
  SINCE JUL 1   6817                      6600    217     6943

 COOLING
  YESTERDAY       10                         1      9        0
  MONTH TO DATE   73                        14     59       15
  SINCE MAR 1     73                        18     55       21
  SINCE JAN 1     73                        18     55       21
..................................................................


WIND (MPH)
  HIGHEST WIND SPEED    21   HIGHEST WIND DIRECTION     S (170)
  HIGHEST GUST SPEED    27   HIGHEST GUST DIRECTION     S (170)
  AVERAGE WIND SPEED     9.6


SKY COVER
  AVERAGE SKY COVER 0.9



RELATIVE HUMIDITY (PERCENT)
 HIGHEST    63
 LOWEST     35
 AVERAGE    49

..........................................................


THE ALBANY NY CLIMATE NORMALS FOR TODAY
                         NORMAL    RECORD    YEAR
 MAXIMUM TEMPERATURE (F)   72        94      2010
                                             1914
 MINIMUM TEMPERATURE (F)   50        38      1972


SUNRISE AND SUNSET
MAY 26 2015...........SUNRISE   523 AM EDT   SUNSET   822 PM EDT
MAY 27 2015...........SUNRISE   523 AM EDT   SUNSET   822 PM EDT


-  INDICATES NEGATIVE NUMBERS.
R  INDICATES RECORD WAS SET OR TIED.
MM INDICATES DATA IS MISSING.
T  INDICATES TRACE AMOUNT.




$$
