000
CDUS41 KALY 170627
CLIALB


CLIMATE REPORT
NATIONAL WEATHER SERVICE ALBANY NY
227 AM EDT THU JUL 17 2014


...................................

...THE ALBANY NY CLIMATE SUMMARY FOR JULY 16 2014...

CLIMATE NORMAL PERIOD 1981 TO 2010
CLIMATE RECORD PERIOD 1874 TO 2014


WEATHER ITEM   OBSERVED TIME   RECORD YEAR NORMAL DEPARTURE LAST
                VALUE   (LST)  VALUE       VALUE  FROM      YEAR
                                                  NORMAL
..................................................................
TEMPERATURE (F)
 YESTERDAY
  MAXIMUM         80    409 PM  97    1900  83     -3       92
  MINIMUM         62   1159 PM  44    1946  62      0       70
  AVERAGE         71                        72     -1       81

PRECIPITATION (IN)
  YESTERDAY        T             1.51 1975   0.13  -0.13     0.00
  MONTH TO DATE    3.93                      2.11   1.82     3.91
  SINCE JUN 1      8.70                      5.90   2.80    12.59
  SINCE JAN 1     22.26                     20.68   1.58    27.33

DEGREE DAYS
 HEATING
  YESTERDAY        0                         0      0        0
  MONTH TO DATE    0                         0      0        0
  SINCE JUN 1     12                        52    -40       55
  SINCE JUL 1      0                         0      0        0

 COOLING
  YESTERDAY        6                         7     -1       16
  MONTH TO DATE  145                       109     36      217
  SINCE JUN 1    293                       227     66      360
  SINCE JAN 1    328                       257     71      409
..................................................................


WIND (MPH)
  HIGHEST WIND SPEED    14   HIGHEST WIND DIRECTION     W (290)
  HIGHEST GUST SPEED    19   HIGHEST GUST DIRECTION    NW (320)
  AVERAGE WIND SPEED     7.4


SKY COVER
  AVERAGE SKY COVER 0.8



RELATIVE HUMIDITY (PERCENT)
 HIGHEST    97
 LOWEST     42
 AVERAGE    70

..........................................................


THE ALBANY NY CLIMATE NORMALS FOR TODAY
                         NORMAL    RECORD    YEAR
 MAXIMUM TEMPERATURE (F)   83        99      1900
 MINIMUM TEMPERATURE (F)   62        45      1974


SUNRISE AND SUNSET
JULY 17 2014..........SUNRISE   532 AM EDT   SUNSET   830 PM EDT
JULY 18 2014..........SUNRISE   533 AM EDT   SUNSET   829 PM EDT


-  INDICATES NEGATIVE NUMBERS.
R  INDICATES RECORD WAS SET OR TIED.
MM INDICATES DATA IS MISSING.
T  INDICATES TRACE AMOUNT.




$$
