000
CDUS41 KALY 040624
CLIALB


CLIMATE REPORT
NATIONAL WEATHER SERVICE ALBANY NY
224 AM EDT WED MAY 4 2016


...................................

...THE ALBANY NY CLIMATE SUMMARY FOR MAY 3 2016...

CLIMATE NORMAL PERIOD 1981 TO 2010
CLIMATE RECORD PERIOD 1874 TO 2016


WEATHER ITEM   OBSERVED TIME   RECORD YEAR NORMAL DEPARTURE LAST
                VALUE   (LST)  VALUE       VALUE  FROM      YEAR
                                                  NORMAL
..................................................................
TEMPERATURE (F)
 YESTERDAY
  MAXIMUM         55    345 PM  89    2001  66    -11       80
                                      1913
  MINIMUM         46    630 AM  29    1966  43      3       47
  AVERAGE         51                        54     -3       64

PRECIPITATION (IN)
  YESTERDAY        0.02          1.55 1936   0.11  -0.09     0.00
  MONTH TO DATE    0.52                      0.32   0.20     0.00
  SINCE MAR 1      3.54                      6.70  -3.16     3.35
  SINCE JAN 1      8.85                     11.49  -2.64     7.67

SNOWFALL (IN)
  YESTERDAY        0.0           T    1986   0.0    0.0      0.0
  MONTH TO DATE    0.0                       0.0    0.0      0.0
  SINCE MAR 1      6.6                      13.3   -6.7      5.3
  SINCE JUL 1     16.9                      60.2  -43.3     75.9
  SNOW DEPTH       0

DEGREE DAYS
 HEATING
  YESTERDAY       14                        11      3        1
  MONTH TO DATE   46                        34     12       16
  SINCE MAR 1   1297                      1483   -186     1612
  SINCE JUL 1   5226                      6427  -1201     6742

 COOLING
  YESTERDAY        0                         0      0        0
  MONTH TO DATE    0                         0      0        0
  SINCE MAR 1      2                         4     -2        0
  SINCE JAN 1      2                         4     -2        0
..................................................................


WIND (MPH)
  HIGHEST WIND SPEED    12   HIGHEST WIND DIRECTION    NE (40)
  HIGHEST GUST SPEED    16   HIGHEST GUST DIRECTION     N (10)
  AVERAGE WIND SPEED     5.2


SKY COVER
  AVERAGE SKY COVER 0.8



RELATIVE HUMIDITY (PERCENT)
 HIGHEST    86
 LOWEST     64
 AVERAGE    75

..........................................................


THE ALBANY NY CLIMATE NORMALS FOR TODAY
                         NORMAL    RECORD    YEAR
 MAXIMUM TEMPERATURE (F)   66        91      1944
 MINIMUM TEMPERATURE (F)   44        28      1985


SUNRISE AND SUNSET
MAY  4 2016...........SUNRISE   545 AM EDT   SUNSET   800 PM EDT
MAY  5 2016...........SUNRISE   544 AM EDT   SUNSET   801 PM EDT


-  INDICATES NEGATIVE NUMBERS.
R  INDICATES RECORD WAS SET OR TIED.
MM INDICATES DATA IS MISSING.
T  INDICATES TRACE AMOUNT.




$$
