000
CDUS41 KALY 190623
CLIALB


CLIMATE REPORT
NATIONAL WEATHER SERVICE ALBANY NY
223 AM EDT SUN MAR 19 2017


...................................

...THE ALBANY NY CLIMATE SUMMARY FOR MARCH 18 2017...

CLIMATE NORMAL PERIOD 1981 TO 2010
CLIMATE RECORD PERIOD 1874 TO 2017


WEATHER ITEM   OBSERVED TIME   RECORD YEAR NORMAL DEPARTURE LAST
                VALUE   (LST)  VALUE       VALUE  FROM      YEAR
                                                  NORMAL
..................................................................
TEMPERATURE (F)
 YESTERDAY
  MAXIMUM         42    444 PM  69    2012  45     -3       51
  MINIMUM         11    629 AM  -8    1900  26    -15       32
  AVERAGE         27                        36     -9       42

PRECIPITATION (IN)
  YESTERDAY        T             1.51 1936   0.11  -0.11     0.03
  MONTH TO DATE    1.79                      1.79   0.00     0.77
  SINCE MAR 1      1.79                      1.79   0.00     0.77
  SINCE JAN 1      7.77                      6.58   1.19     6.08

SNOWFALL (IN)
  YESTERDAY        T             8.0  1977   0.4   -0.4      0.0
  MONTH TO DATE   17.2                       7.6    9.6       T
  SINCE MAR 1     17.2                       7.6    9.6       T
  SINCE JUL 1     58.4                      54.5    3.9     10.3
  SNOW DEPTH      11

DEGREE DAYS
 HEATING
  YESTERDAY       38                        29      9       23
  MONTH TO DATE  651                       584     67      402
  SINCE MAR 1    651                       584     67      402
  SINCE JUL 1   4814                      5528   -714     4331

 COOLING
  YESTERDAY        0                         0      0        0
  MONTH TO DATE    0                         0      0        0
  SINCE MAR 1      0                         0      0        0
  SINCE JAN 1      0                         0      0        0
..................................................................


WIND (MPH)
  HIGHEST WIND SPEED    12   HIGHEST WIND DIRECTION    SW (220)
  HIGHEST GUST SPEED    16   HIGHEST GUST DIRECTION    SE (150)
  AVERAGE WIND SPEED     2.0


SKY COVER
  AVERAGE SKY COVER 0.6



RELATIVE HUMIDITY (PERCENT)
 HIGHEST    73
 LOWEST     27
 AVERAGE    50

..........................................................


THE ALBANY NY CLIMATE NORMALS FOR TODAY
                         NORMAL    RECORD    YEAR
 MAXIMUM TEMPERATURE (F)   46        78      2012
 MINIMUM TEMPERATURE (F)   27       -10      1967


SUNRISE AND SUNSET
MARCH 19 2017.........SUNRISE   700 AM EDT   SUNSET   707 PM EDT
MARCH 20 2017.........SUNRISE   658 AM EDT   SUNSET   708 PM EDT


-  INDICATES NEGATIVE NUMBERS.
R  INDICATES RECORD WAS SET OR TIED.
MM INDICATES DATA IS MISSING.
T  INDICATES TRACE AMOUNT.




$$
