000
CDUS41 KALY 260644
CLIALB


CLIMATE REPORT
NATIONAL WEATHER SERVICE ALBANY NY
241 AM EDT WED AUG 26 2015


...................................

...THE ALBANY NY CLIMATE SUMMARY FOR AUGUST 25 2015...

CLIMATE NORMAL PERIOD 1981 TO 2010
CLIMATE RECORD PERIOD 1874 TO 2015


WEATHER ITEM   OBSERVED TIME   RECORD YEAR NORMAL DEPARTURE LAST
                VALUE   (LST)  VALUE       VALUE  FROM      YEAR
                                                  NORMAL
..................................................................
TEMPERATURE (F)
 YESTERDAY
  MAXIMUM         84    151 PM  99    1947  79      5       85
  MINIMUM         65   1159 PM  35    1940  59      6       58
  AVERAGE         75                        69      6       72

PRECIPITATION (IN)
  YESTERDAY        0.45          1.74 1892   0.10   0.35     0.00
  MONTH TO DATE    4.30                      2.87   1.43     1.54
  SINCE JUN 1     14.42                     10.78   3.64    13.18
  SINCE JAN 1     23.14                     25.56  -2.42    26.74

DEGREE DAYS
 HEATING
  YESTERDAY        0                         1     -1        0
  MONTH TO DATE    0                         8     -8        6
  SINCE JUN 1     52                        65    -13       18
  SINCE JUL 1      1                        13    -12        6

 COOLING
  YESTERDAY       10                         5      5        7
  MONTH TO DATE  230                       153     77      114
  SINCE JUN 1    596                       489    107      499
  SINCE JAN 1    719                       519    200      534
..................................................................


WIND (MPH)
  HIGHEST WIND SPEED    17   HIGHEST WIND DIRECTION    NW (310)
  HIGHEST GUST SPEED    19   HIGHEST GUST DIRECTION    NW (300)
  AVERAGE WIND SPEED     5.5


SKY COVER
  AVERAGE SKY COVER 0.8



RELATIVE HUMIDITY (PERCENT)
 HIGHEST    87
 LOWEST     48
 AVERAGE    68

..........................................................


THE ALBANY NY CLIMATE NORMALS FOR TODAY
                         NORMAL    RECORD    YEAR
 MAXIMUM TEMPERATURE (F)   79        98      1948
 MINIMUM TEMPERATURE (F)   59        40      1942


SUNRISE AND SUNSET
AUGUST 26 2015........SUNRISE   613 AM EDT   SUNSET   740 PM EDT
AUGUST 27 2015........SUNRISE   614 AM EDT   SUNSET   739 PM EDT


-  INDICATES NEGATIVE NUMBERS.
R  INDICATES RECORD WAS SET OR TIED.
MM INDICATES DATA IS MISSING.
T  INDICATES TRACE AMOUNT.




$$
