000
CDUS41 KALY 110624
CLIALB


CLIMATE REPORT
NATIONAL WEATHER SERVICE ALBANY NY
122 AM EST THU DEC 11 2014


...................................

...THE ALBANY NY CLIMATE SUMMARY FOR DECEMBER 10 2014...

CLIMATE NORMAL PERIOD 1981 TO 2010
CLIMATE RECORD PERIOD 1874 TO 2014


WEATHER ITEM   OBSERVED TIME   RECORD YEAR NORMAL DEPARTURE LAST
                VALUE   (LST)  VALUE       VALUE  FROM      YEAR
                                                  NORMAL
..................................................................
TEMPERATURE (F)
 YESTERDAY
  MAXIMUM         35    105 AM  64    1966  38     -3       35
  MINIMUM         29   1159 PM  -4    1902  23      6       19
  AVERAGE         32                        30      2       27

PRECIPITATION (IN)
  YESTERDAY        0.92          2.28 1878   0.10   0.82     0.04
  MONTH TO DATE    3.63                      1.05   2.58     0.46
  SINCE DEC 1      3.63                      1.05   2.58     0.46
  SINCE JAN 1     37.96                     37.47   0.49    40.91

SNOWFALL (IN)
  YESTERDAY        6.1 R         4.0  1903   0.4    5.7      0.6
  MONTH TO DATE   10.1                       3.5    6.6      1.3
  SINCE DEC 1     10.1                       3.5    6.6      1.3
  SINCE JUL 1     22.4                       6.3   16.1      3.4
  SNOW DEPTH       3

DEGREE DAYS
 HEATING
  YESTERDAY       33                        34     -1       38
  MONTH TO DATE  341                       327     14      318
  SINCE DEC 1    341                       327     14      318
  SINCE JUL 1   1616                      1731   -115     1688

 COOLING
  YESTERDAY        0                         0      0        0
  MONTH TO DATE    0                         0      0        0
  SINCE DEC 1      0                         0      0        0
  SINCE JAN 1    659                       598     61      763
..................................................................


WIND (MPH)
  HIGHEST WIND SPEED    14   HIGHEST WIND DIRECTION    NW (320)
  HIGHEST GUST SPEED    19   HIGHEST GUST DIRECTION    NW (310)
  AVERAGE WIND SPEED     7.6


SKY COVER
  AVERAGE SKY COVER 0.9



RELATIVE HUMIDITY (PERCENT)
 HIGHEST    96
 LOWEST     78
 AVERAGE    87

..........................................................


THE ALBANY NY CLIMATE NORMALS FOR TODAY
                         NORMAL    RECORD    YEAR
 MAXIMUM TEMPERATURE (F)   37        61      1952
 MINIMUM TEMPERATURE (F)   23        -8      1988


SUNRISE AND SUNSET
DECEMBER 11 2014......SUNRISE   715 AM EST   SUNSET   421 PM EST
DECEMBER 12 2014......SUNRISE   716 AM EST   SUNSET   421 PM EST


-  INDICATES NEGATIVE NUMBERS.
R  INDICATES RECORD WAS SET OR TIED.
MM INDICATES DATA IS MISSING.
T  INDICATES TRACE AMOUNT.




$$
