000
CDUS41 KALY 070621
CLIALB


CLIMATE REPORT
NATIONAL WEATHER SERVICE ALBANY NY
221 AM EDT MON APR 7 2014


...................................

...THE ALBANY NY CLIMATE SUMMARY FOR APRIL 6 2014...

CLIMATE NORMAL PERIOD 1981 TO 2010
CLIMATE RECORD PERIOD 1874 TO 2014


WEATHER ITEM   OBSERVED TIME   RECORD YEAR NORMAL DEPARTURE LAST
                VALUE   (LST)  VALUE       VALUE  FROM      YEAR
                                                  NORMAL
..................................................................
TEMPERATURE (F)
 YESTERDAY
  MAXIMUM         56    348 PM  82    1921  54      2       47
  MINIMUM         29    554 AM  14    1943  34     -5       28
  AVERAGE         43                        44     -1       38

PRECIPITATION (IN)
  YESTERDAY        0.00          2.02 1886   0.10  -0.10      T
  MONTH TO DATE    0.11                      0.64  -0.53     0.06
  SINCE MAR 1      2.83                      3.85  -1.02     2.55
  SINCE JAN 1      8.62                      8.64  -0.02     5.68

SNOWFALL (IN)
  YESTERDAY        0.0          17.3  1982   0.2   -0.2       T
  MONTH TO DATE    T                         0.8   -0.8      1.2
  SINCE MAR 1      5.9                      11.0   -5.1     20.7
  SINCE JUL 1     71.1                      57.5   13.6     51.4
  SNOW DEPTH       0

DEGREE DAYS
 HEATING
  YESTERDAY       22                        21      1       27
  MONTH TO DATE  134                       133      1      164
  SINCE MAR 1   1281                      1062    219     1123
  SINCE JUL 1   6398                      6006    392     5661

 COOLING
  YESTERDAY        0                         0      0        0
  MONTH TO DATE    0                         0      0        0
  SINCE MAR 1      0                         0      0        0
  SINCE JAN 1      0                         0      0        0
..................................................................


WIND (MPH)
  HIGHEST WIND SPEED    28   HIGHEST WIND DIRECTION     W (290)
  HIGHEST GUST SPEED    37   HIGHEST GUST DIRECTION     W (290)
  AVERAGE WIND SPEED     9.5


SKY COVER
  AVERAGE SKY COVER 0.3



RELATIVE HUMIDITY (PERCENT)
 HIGHEST    69
 LOWEST     26
 AVERAGE    48

..........................................................


THE ALBANY NY CLIMATE NORMALS FOR TODAY
                         NORMAL    RECORD    YEAR
 MAXIMUM TEMPERATURE (F)   55        87      2010
                                             1991
 MINIMUM TEMPERATURE (F)   34        13      1982


SUNRISE AND SUNSET
APRIL  7 2014.........SUNRISE   627 AM EDT   SUNSET   728 PM EDT
APRIL  8 2014.........SUNRISE   626 AM EDT   SUNSET   729 PM EDT


-  INDICATES NEGATIVE NUMBERS.
R  INDICATES RECORD WAS SET OR TIED.
MM INDICATES DATA IS MISSING.
T  INDICATES TRACE AMOUNT.




$$
