000
CDUS41 KALY 112048
CLIALB


CLIMATE REPORT
NATIONAL WEATHER SERVICE ALBANY NY
447 PM EDT FRI APR 11 2014


...................................

...THE ALBANY NY CLIMATE SUMMARY FOR APRIL 11 2014...
VALID TODAY AS OF 0400 PM LOCAL TIME.

CLIMATE NORMAL PERIOD 1981 TO 2010
CLIMATE RECORD PERIOD 1874 TO 2014


WEATHER ITEM   OBSERVED TIME   RECORD YEAR NORMAL DEPARTURE LAST
                VALUE   (LST)  VALUE       VALUE  FROM      YEAR
                                                  NORMAL
..................................................................
TEMPERATURE (F)
 TODAY
  MAXIMUM         66    115 PM  82    2011  56     10       45
                                      1945
  MINIMUM         50    545 AM  20    1874  36     14       32
  AVERAGE         58                        46     12       39

PRECIPITATION (IN)
  TODAY            0.02          0.97 1878   0.11  -0.09     0.06
  MONTH TO DATE    0.18                      1.19  -1.01     0.92
  SINCE MAR 1      2.90                      4.40  -1.50     3.41
  SINCE JAN 1      8.69                      9.19  -0.50     6.54

SNOWFALL (IN)
  TODAY            0.0           1.7  1942   0.1   -0.1      0.0
  MONTH TO DATE    T                         1.3   -1.3      1.2
  SINCE MAR 1      5.9                      11.5   -5.6     20.7
  SINCE JUL 1     71.1                      58.0   13.1     51.4
  SNOW DEPTH       0

DEGREE DAYS
 HEATING
  TODAY            7                        19    -12       26
  MONTH TO DATE  214                       232    -18      248
  SINCE MAR 1   1361                      1161    200     1207
  SINCE JUL 1   6478                      6105    373     5745

 COOLING
  TODAY            0                         0      0        0
  MONTH TO DATE    0                         0      0        0
  SINCE MAR 1      0                         0      0        0
  SINCE JAN 1      0                         0      0        0
..................................................................


WIND (MPH)
  HIGHEST WIND SPEED    18   HIGHEST WIND DIRECTION     S (170)
  HIGHEST GUST SPEED    25   HIGHEST GUST DIRECTION     S (180)
  AVERAGE WIND SPEED     9.1


SKY COVER
  AVERAGE SKY COVER 0.9



RELATIVE HUMIDITY (PERCENT)
 HIGHEST    61           800 AM
 LOWEST     30           200 PM
 AVERAGE    46

..........................................................


THE ALBANY NY CLIMATE NORMALS FOR TOMORROW
                         NORMAL    RECORD    YEAR
 MAXIMUM TEMPERATURE (F)   57        84      1977
 MINIMUM TEMPERATURE (F)   36        13      1874


SUNRISE AND SUNSET
APRIL 11 2014.........SUNRISE   620 AM EDT   SUNSET   733 PM EDT
APRIL 12 2014.........SUNRISE   619 AM EDT   SUNSET   734 PM EDT


-  INDICATES NEGATIVE NUMBERS.
R  INDICATES RECORD WAS SET OR TIED.
MM INDICATES DATA IS MISSING.
T  INDICATES TRACE AMOUNT.




$$
