000
CDUS41 KALY 150622
CLIALB


CLIMATE REPORT
NATIONAL WEATHER SERVICE ALBANY NY
222 AM EDT TUE JUL 15 2014


...................................

...THE ALBANY NY CLIMATE SUMMARY FOR JULY 14 2014...

CLIMATE NORMAL PERIOD 1981 TO 2010
CLIMATE RECORD PERIOD 1874 TO 2014


WEATHER ITEM   OBSERVED TIME   RECORD YEAR NORMAL DEPARTURE LAST
                VALUE   (LST)  VALUE       VALUE  FROM      YEAR
                                                  NORMAL
..................................................................
TEMPERATURE (F)
 YESTERDAY
  MAXIMUM         87    121 PM  99    1995  83      4       90
  MINIMUM         68    202 AM  49    1940  62      6       71
  AVERAGE         78                        72      6       81

PRECIPITATION (IN)
  YESTERDAY        T             3.11 1897   0.13  -0.13     0.00
  MONTH TO DATE    3.58                      1.84   1.74     3.91
  SINCE JUN 1      8.35                      5.63   2.72    12.59
  SINCE JAN 1     21.91                     20.41   1.50    27.33

DEGREE DAYS
 HEATING
  YESTERDAY        0                         0      0        0
  MONTH TO DATE    0                         0      0        0
  SINCE JUN 1     12                        52    -40       55
  SINCE JUL 1      0                         0      0        0

 COOLING
  YESTERDAY       13                         7      6       16
  MONTH TO DATE  128                        95     33      184
  SINCE JUN 1    276                       213     63      327
  SINCE JAN 1    311                       243     68      376
..................................................................


WIND (MPH)
  HIGHEST WIND SPEED    15   HIGHEST WIND DIRECTION     S (170)
  HIGHEST GUST SPEED    20   HIGHEST GUST DIRECTION    SE (150)
  AVERAGE WIND SPEED     6.0


SKY COVER
  AVERAGE SKY COVER 0.8



RELATIVE HUMIDITY (PERCENT)
 HIGHEST    97
 LOWEST     55
 AVERAGE    76

..........................................................


THE ALBANY NY CLIMATE NORMALS FOR TODAY
                         NORMAL    RECORD    YEAR
 MAXIMUM TEMPERATURE (F)   83        96      1997
 MINIMUM TEMPERATURE (F)   62        44      1950


SUNRISE AND SUNSET
JULY 15 2014..........SUNRISE   530 AM EDT   SUNSET   831 PM EDT
JULY 16 2014..........SUNRISE   531 AM EDT   SUNSET   831 PM EDT


-  INDICATES NEGATIVE NUMBERS.
R  INDICATES RECORD WAS SET OR TIED.
MM INDICATES DATA IS MISSING.
T  INDICATES TRACE AMOUNT.




$$
