000
CDUS41 KALY 140627
CLIALB


CLIMATE REPORT
NATIONAL WEATHER SERVICE ALBANY NY
226 AM EDT SUN SEP 14 2014


...................................

...THE ALBANY NY CLIMATE SUMMARY FOR SEPTEMBER 13 2014...

CLIMATE NORMAL PERIOD 1981 TO 2010
CLIMATE RECORD PERIOD 1874 TO 2014


WEATHER ITEM   OBSERVED TIME   RECORD YEAR NORMAL DEPARTURE LAST
                VALUE   (LST)  VALUE       VALUE  FROM      YEAR
                                                  NORMAL
..................................................................
TEMPERATURE (F)
 YESTERDAY
  MAXIMUM         59    719 PM  92    1948  73    -14       72
  MINIMUM         45    506 AM  37    1964  53     -8       53
  AVERAGE         52                        63    -11       63

PRECIPITATION (IN)
  YESTERDAY        0.46          2.12 1937   0.10   0.36     1.39
  MONTH TO DATE    0.64                      1.32  -0.68     3.89
  SINCE SEP 1      0.64                      1.32  -0.68     3.89
  SINCE JAN 1     27.42                     27.47  -0.05    35.40

DEGREE DAYS
 HEATING
  YESTERDAY       13                         4      9        2
  MONTH TO DATE   24                        31     -7       33
  SINCE SEP 1     24                        31     -7       33
  SINCE JUL 1     32                        54    -22       39

 COOLING
  YESTERDAY        0                         2     -2        0
  MONTH TO DATE   65                        35     30       64
  SINCE SEP 1     65                        35     30       64
  SINCE JAN 1    632                       578     54      762
..................................................................


WIND (MPH)
  HIGHEST WIND SPEED    14   HIGHEST WIND DIRECTION     W (260)
  HIGHEST GUST SPEED    20   HIGHEST GUST DIRECTION     W (280)
  AVERAGE WIND SPEED     5.2


SKY COVER
  AVERAGE SKY COVER 0.7



RELATIVE HUMIDITY (PERCENT)
 HIGHEST    93
 LOWEST     76
 AVERAGE    85

..........................................................


THE ALBANY NY CLIMATE NORMALS FOR TODAY
                         NORMAL    RECORD    YEAR
 MAXIMUM TEMPERATURE (F)   73        93      1931
 MINIMUM TEMPERATURE (F)   52        32      1963


SUNRISE AND SUNSET
SEPTEMBER 14 2014.....SUNRISE   634 AM EDT   SUNSET   707 PM EDT
SEPTEMBER 15 2014.....SUNRISE   635 AM EDT   SUNSET   705 PM EDT


-  INDICATES NEGATIVE NUMBERS.
R  INDICATES RECORD WAS SET OR TIED.
MM INDICATES DATA IS MISSING.
T  INDICATES TRACE AMOUNT.




$$
