000
CDUS41 KALY 062217
CLIALB


CLIMATE REPORT
NATIONAL WEATHER SERVICE ALBANY NY
515 PM EST TUE FEB 6 2018


...................................

...THE ALBANY NY CLIMATE SUMMARY FOR FEBRUARY 6 2018...
VALID TODAY AS OF 0400 PM LOCAL TIME.

CLIMATE NORMAL PERIOD 1981 TO 2010
CLIMATE RECORD PERIOD 1874 TO 2018


WEATHER ITEM   OBSERVED TIME   RECORD YEAR NORMAL DEPARTURE LAST
                VALUE   (LST)  VALUE       VALUE  FROM      YEAR
                                                  NORMAL
..................................................................
TEMPERATURE (F)
 TODAY
  MAXIMUM         30    401 PM  55    1991  33     -3       33
  MINIMUM         15   1219 AM -20    1948  16     -1       25
  AVERAGE         23                        24     -1       29

PRECIPITATION (IN)
  TODAY            T             0.85 1955   0.08  -0.08      T
  MONTH TO DATE    0.31                      0.47  -0.16     0.06
  SINCE DEC 1      4.63                      5.99  -1.36     4.94
  SINCE JAN 1      2.70                      3.06  -0.36     3.19

SNOWFALL (IN)
  TODAY            T            10.8  1978   0.5   -0.5       T
  MONTH TO DATE    1.9                       2.9   -1.0      1.3
  SINCE DEC 1     26.8                      34.5   -7.7     18.0
  SINCE JUL 1     26.8                      37.6  -10.8     20.3
  SNOW DEPTH       2

DEGREE DAYS
 HEATING
  TODAY           42                        41      1       36
  MONTH TO DATE  241                       248     -7      223
  SINCE DEC 1   2764                      2695     69     2350
  SINCE JUL 1   3878                      4099   -221     3506

 COOLING
  TODAY            0                         0      0        0
  MONTH TO DATE    0                         0      0        0
  SINCE DEC 1      0                         0      0        0
  SINCE JAN 1      0                         0      0        0
..................................................................


WIND (MPH)
  HIGHEST WIND SPEED    15   HIGHEST WIND DIRECTION     S (190)
  HIGHEST GUST SPEED    21   HIGHEST GUST DIRECTION     S (160)
  AVERAGE WIND SPEED     5.7


SKY COVER
  AVERAGE SKY COVER 1.0



RELATIVE HUMIDITY (PERCENT)
 HIGHEST    73          1200 AM
 LOWEST     58           400 PM
 AVERAGE    66

..........................................................


THE ALBANY NY CLIMATE NORMALS FOR TOMORROW
                         NORMAL    RECORD    YEAR
 MAXIMUM TEMPERATURE (F)   33        48      2005
                                             1951
 MINIMUM TEMPERATURE (F)   16       -18      1995


SUNRISE AND SUNSET
FEBRUARY  6 2018......SUNRISE   704 AM EST   SUNSET   515 PM EST
FEBRUARY  7 2018......SUNRISE   703 AM EST   SUNSET   516 PM EST


-  INDICATES NEGATIVE NUMBERS.
R  INDICATES RECORD WAS SET OR TIED.
MM INDICATES DATA IS MISSING.
T  INDICATES TRACE AMOUNT.




$$
