000
CDUS41 KALY 130626
CLIALB


CLIMATE REPORT
NATIONAL WEATHER SERVICE ALBANY NY
126 AM EST MON NOV 13 2017


...................................

...THE ALBANY NY CLIMATE SUMMARY FOR NOVEMBER 12 2017...

CLIMATE NORMAL PERIOD 1981 TO 2010
CLIMATE RECORD PERIOD 1874 TO 2017


WEATHER ITEM   OBSERVED TIME   RECORD YEAR NORMAL DEPARTURE LAST
                VALUE   (LST)  VALUE       VALUE  FROM      YEAR
                                                  NORMAL
..................................................................
TEMPERATURE (F)
 YESTERDAY
  MAXIMUM         44    242 PM  68    1909  49     -5       45
  MINIMUM         22    342 AM  15    1976  33    -11       27
  AVERAGE         33                        41     -8       36

PRECIPITATION (IN)
  YESTERDAY        0.00          1.43 1995   0.10  -0.10     0.00
  MONTH TO DATE    0.47                      1.32  -0.85     0.34
  SINCE SEP 1      6.00                      8.30  -2.30     5.42
  SINCE JAN 1     37.80                     34.45   3.35    28.87

SNOWFALL (IN)
  YESTERDAY        0.0           7.3  1968   0.0    0.0      0.0
  MONTH TO DATE    T                         0.5   -0.5      0.0
  SINCE SEP 1      T                         0.8   -0.8      1.7
  SINCE JUL 1      T                         0.8   -0.8      1.7
  SNOW DEPTH       0

DEGREE DAYS
 HEATING
  YESTERDAY       32                        24      8       29
  MONTH TO DATE  283                       268     15      248
  SINCE SEP 1    612                       890   -278      702
  SINCE JUL 1    631                       913   -282      703

 COOLING
  YESTERDAY        0                         0      0        0
  MONTH TO DATE    0                         0      0        0
  SINCE SEP 1    139                        55     84      114
  SINCE JAN 1    714                       598    116      902
..................................................................


WIND (MPH)
  HIGHEST WIND SPEED     9   HIGHEST WIND DIRECTION     S (190)
  HIGHEST GUST SPEED    13   HIGHEST GUST DIRECTION    SE (140)
  AVERAGE WIND SPEED     1.8


SKY COVER
  AVERAGE SKY COVER 0.6



RELATIVE HUMIDITY (PERCENT)
 HIGHEST    74
 LOWEST     27
 AVERAGE    51

..........................................................


THE ALBANY NY CLIMATE NORMALS FOR TODAY
                         NORMAL    RECORD    YEAR
 MAXIMUM TEMPERATURE (F)   49        69      1964
 MINIMUM TEMPERATURE (F)   32        13      1981


SUNRISE AND SUNSET
NOVEMBER 13 2017......SUNRISE   645 AM EST   SUNSET   434 PM EST
NOVEMBER 14 2017......SUNRISE   646 AM EST   SUNSET   433 PM EST


-  INDICATES NEGATIVE NUMBERS.
R  INDICATES RECORD WAS SET OR TIED.
MM INDICATES DATA IS MISSING.
T  INDICATES TRACE AMOUNT.




$$
