000
CDUS41 KALY 090626
CLIALB


CLIMATE REPORT
NATIONAL WEATHER SERVICE ALBANY NY
225 AM EDT SUN JUL 9 2017


...................................

...THE ALBANY NY CLIMATE SUMMARY FOR JULY 8 2017...

CLIMATE NORMAL PERIOD 1981 TO 2010
CLIMATE RECORD PERIOD 1874 TO 2017


WEATHER ITEM   OBSERVED TIME   RECORD YEAR NORMAL DEPARTURE LAST
                VALUE   (LST)  VALUE       VALUE  FROM      YEAR
                                                  NORMAL
..................................................................
TEMPERATURE (F)
 YESTERDAY
  MAXIMUM         80    147 PM 100    1936  82     -2       83
  MINIMUM         63   1159 PM  43    1969  61      2       68
  AVERAGE         72                        72      0       76

PRECIPITATION (IN)
  YESTERDAY        0.64          2.82 1915   0.13   0.51     0.06
  MONTH TO DATE    1.22                      1.03   0.19     2.05
  SINCE JUN 1      6.34                      4.82   1.52     4.36
  SINCE JAN 1     25.25                     19.60   5.65    15.12

DEGREE DAYS
 HEATING
  YESTERDAY        0                         0      0        0
  MONTH TO DATE    0                         0      0        0
  SINCE JUN 1     51                        52     -1       38
  SINCE JUL 1      0                         0      0        0

 COOLING
  YESTERDAY        7                         7      0       11
  MONTH TO DATE   66                        53     13       68
  SINCE JUN 1    213                       171     42      211
  SINCE JAN 1    263                       201     62      286
..................................................................


WIND (MPH)
  HIGHEST WIND SPEED    18   HIGHEST WIND DIRECTION     W (270)
  HIGHEST GUST SPEED    32   HIGHEST GUST DIRECTION     W (270)
  AVERAGE WIND SPEED     6.1


SKY COVER
  AVERAGE SKY COVER 0.8



RELATIVE HUMIDITY (PERCENT)
 HIGHEST   100
 LOWEST     58
 AVERAGE    79

..........................................................


THE ALBANY NY CLIMATE NORMALS FOR TODAY
                         NORMAL    RECORD    YEAR
 MAXIMUM TEMPERATURE (F)   82       103      1936
 MINIMUM TEMPERATURE (F)   61        41      1963


SUNRISE AND SUNSET
JULY  9 2017..........SUNRISE   526 AM EDT   SUNSET   835 PM EDT
JULY 10 2017..........SUNRISE   527 AM EDT   SUNSET   834 PM EDT


-  INDICATES NEGATIVE NUMBERS.
R  INDICATES RECORD WAS SET OR TIED.
MM INDICATES DATA IS MISSING.
T  INDICATES TRACE AMOUNT.




$$
