000
CDUS41 KALY 240625
CLIALB


CLIMATE REPORT
NATIONAL WEATHER SERVICE ALBANY NY
225 AM EDT WED SEP 24 2014


...................................

...THE ALBANY NY CLIMATE SUMMARY FOR SEPTEMBER 23 2014...

CLIMATE NORMAL PERIOD 1981 TO 2010
CLIMATE RECORD PERIOD 1874 TO 2014


WEATHER ITEM   OBSERVED TIME   RECORD YEAR NORMAL DEPARTURE LAST
                VALUE   (LST)  VALUE       VALUE  FROM      YEAR
                                                  NORMAL
..................................................................
TEMPERATURE (F)
 YESTERDAY
  MAXIMUM         70    321 PM  97    1895  69      1       62
  MINIMUM         40    608 AM  32    1963  49     -9       42
  AVERAGE         55                        59     -4       52

PRECIPITATION (IN)
  YESTERDAY        0.00          2.01 1882   0.12  -0.12     0.00
  MONTH TO DATE    0.89                      2.47  -1.58     4.81
  SINCE SEP 1      0.89                      2.47  -1.58     4.81
  SINCE JAN 1     27.67                     28.62  -0.95    36.32

DEGREE DAYS
 HEATING
  YESTERDAY       10                         7      3       13
  MONTH TO DATE  106                        84     22      111
  SINCE SEP 1    106                        84     22      111
  SINCE JUL 1    114                       107      7      117

 COOLING
  YESTERDAY        0                         1     -1        0
  MONTH TO DATE   71                        47     24       65
  SINCE SEP 1     71                        47     24       65
  SINCE JAN 1    638                       590     48      763
..................................................................


WIND (MPH)
  HIGHEST WIND SPEED    16   HIGHEST WIND DIRECTION    NW (320)
  HIGHEST GUST SPEED    20   HIGHEST GUST DIRECTION    NW (320)
  AVERAGE WIND SPEED     4.9


SKY COVER
  AVERAGE SKY COVER 0.3



RELATIVE HUMIDITY (PERCENT)
 HIGHEST    93
 LOWEST     47
 AVERAGE    70

..........................................................


THE ALBANY NY CLIMATE NORMALS FOR TODAY
                         NORMAL    RECORD    YEAR
 MAXIMUM TEMPERATURE (F)   69        87      1961
 MINIMUM TEMPERATURE (F)   48        27      1963


SUNRISE AND SUNSET
SEPTEMBER 24 2014.....SUNRISE   645 AM EDT   SUNSET   649 PM EDT
SEPTEMBER 25 2014.....SUNRISE   646 AM EDT   SUNSET   647 PM EDT


-  INDICATES NEGATIVE NUMBERS.
R  INDICATES RECORD WAS SET OR TIED.
MM INDICATES DATA IS MISSING.
T  INDICATES TRACE AMOUNT.




$$
