000
CDUS41 KALY 202044
CLIALB


CLIMATE REPORT
NATIONAL WEATHER SERVICE ALBANY NY
444 PM EDT WED APR 20 2016


...................................

...THE ALBANY NY CLIMATE SUMMARY FOR APRIL 20 2016...
VALID TODAY AS OF 0400 PM LOCAL TIME.

CLIMATE NORMAL PERIOD 1981 TO 2010
CLIMATE RECORD PERIOD 1874 TO 2016


WEATHER ITEM   OBSERVED TIME   RECORD YEAR NORMAL DEPARTURE LAST
                VALUE   (LST)  VALUE       VALUE  FROM      YEAR
                                                  NORMAL
..................................................................
TEMPERATURE (F)
 TODAY
  MAXIMUM         62    259 PM  93    1941  61      1       55
  MINIMUM         42    607 AM  19    1875  39      3       43
  AVERAGE         52                        50      2       49

PRECIPITATION (IN)
  TODAY            0.00          1.03 1914   0.11  -0.11     0.12
  MONTH TO DATE    1.30                      2.14  -0.84     1.28
  SINCE MAR 1      2.48                      5.35  -2.87     2.53
  SINCE JAN 1      7.79                     10.14  -2.35     6.85

SNOWFALL (IN)
  TODAY            0.0           5.8  1947   0.1   -0.1      0.0
  MONTH TO DATE    6.4                       2.0    4.4       T
  SINCE MAR 1      6.6                      13.0   -6.4      5.3
  SINCE JUL 1     16.9                      59.9  -43.0     75.9
  SNOW DEPTH       0

DEGREE DAYS
 HEATING
  TODAY           13                        15     -2       16
  MONTH TO DATE  429                       385     44      359
  SINCE MAR 1   1111                      1314   -203     1444
  SINCE JUL 1   5040                      6258  -1218     6574

 COOLING
  TODAY            0                         0      0        0
  MONTH TO DATE    0                         0      0        0
  SINCE MAR 1      0                         0      0        0
  SINCE JAN 1      0                         0      0        0
..................................................................


WIND (MPH)
  HIGHEST WIND SPEED    18   HIGHEST WIND DIRECTION     N (20)
  HIGHEST GUST SPEED    25   HIGHEST GUST DIRECTION     N (20)
  AVERAGE WIND SPEED    10.1


SKY COVER
  AVERAGE SKY COVER 0.1



RELATIVE HUMIDITY (PERCENT)
 HIGHEST    53          1200 AM
 LOWEST     19           200 PM
 AVERAGE    36

..........................................................


THE ALBANY NY CLIMATE NORMALS FOR TOMORROW
                         NORMAL    RECORD    YEAR
 MAXIMUM TEMPERATURE (F)   61        89      1923
 MINIMUM TEMPERATURE (F)   39        20      1875


SUNRISE AND SUNSET
APRIL 20 2016.........SUNRISE   605 AM EDT   SUNSET   744 PM EDT
APRIL 21 2016.........SUNRISE   604 AM EDT   SUNSET   745 PM EDT


-  INDICATES NEGATIVE NUMBERS.
R  INDICATES RECORD WAS SET OR TIED.
MM INDICATES DATA IS MISSING.
T  INDICATES TRACE AMOUNT.




$$
