000
CDUS41 KALY 190622
CLIALB


CLIMATE REPORT
NATIONAL WEATHER SERVICE ALBANY NY
222 AM EDT TUE APR 19 2016


...................................

...THE ALBANY NY CLIMATE SUMMARY FOR APRIL 18 2016...

CLIMATE NORMAL PERIOD 1981 TO 2010
CLIMATE RECORD PERIOD 1874 TO 2016


WEATHER ITEM   OBSERVED TIME   RECORD YEAR NORMAL DEPARTURE LAST
                VALUE   (LST)  VALUE       VALUE  FROM      YEAR
                                                  NORMAL
..................................................................
TEMPERATURE (F)
 YESTERDAY
  MAXIMUM         78    401 PM  90    1976  60     18       77
  MINIMUM         40    455 AM  21    1948  38      2       39
  AVERAGE         59                        49     10       58

PRECIPITATION (IN)
  YESTERDAY        T             1.71 1887   0.10  -0.10     0.00
  MONTH TO DATE    1.30                      1.93  -0.63     1.16
  SINCE MAR 1      2.48                      5.14  -2.66     2.41
  SINCE JAN 1      7.79                      9.93  -2.14     6.73

SNOWFALL (IN)
  YESTERDAY        0.0           2.7  1887   0.1   -0.1      0.0
  MONTH TO DATE    6.4                       1.9    4.5       T
  SINCE MAR 1      6.6                      12.9   -6.3      5.3
  SINCE JUL 1     16.9                      59.8  -42.9     75.9
  SNOW DEPTH       0

DEGREE DAYS
 HEATING
  YESTERDAY        6                        16    -10        7
  MONTH TO DATE  406                       354     52      329
  SINCE MAR 1   1088                      1283   -195     1414
  SINCE JUL 1   5017                      6227  -1210     6544

 COOLING
  YESTERDAY        0                         0      0        0
  MONTH TO DATE    0                         0      0        0
  SINCE MAR 1      0                         0      0        0
  SINCE JAN 1      0                         0      0        0
..................................................................


WIND (MPH)
  HIGHEST WIND SPEED    20   HIGHEST WIND DIRECTION    NW (300)
  HIGHEST GUST SPEED    23   HIGHEST GUST DIRECTION    NW (300)
  AVERAGE WIND SPEED     4.6


SKY COVER
  AVERAGE SKY COVER 0.5



RELATIVE HUMIDITY (PERCENT)
 HIGHEST    70
 LOWEST     16
 AVERAGE    43

..........................................................


THE ALBANY NY CLIMATE NORMALS FOR TODAY
                         NORMAL    RECORD    YEAR
 MAXIMUM TEMPERATURE (F)   60        92      1976
 MINIMUM TEMPERATURE (F)   39        18      1875


SUNRISE AND SUNSET
APRIL 19 2016.........SUNRISE   607 AM EDT   SUNSET   743 PM EDT
APRIL 20 2016.........SUNRISE   605 AM EDT   SUNSET   744 PM EDT


-  INDICATES NEGATIVE NUMBERS.
R  INDICATES RECORD WAS SET OR TIED.
MM INDICATES DATA IS MISSING.
T  INDICATES TRACE AMOUNT.




$$
