000
CDUS41 KALY 060636
CLIALB


CLIMATE REPORT
NATIONAL WEATHER SERVICE ALBANY NY
236 AM EDT SUN APR 6 2014


...................................

...THE ALBANY NY CLIMATE SUMMARY FOR APRIL 5 2014...

CLIMATE NORMAL PERIOD 1981 TO 2010
CLIMATE RECORD PERIOD 1874 TO 2014


WEATHER ITEM   OBSERVED TIME   RECORD YEAR NORMAL DEPARTURE LAST
                VALUE   (LST)  VALUE       VALUE  FROM      YEAR
                                                  NORMAL
..................................................................
TEMPERATURE (F)
 YESTERDAY
  MAXIMUM         47   1231 PM  82    1928  54     -7       53
  MINIMUM         36   1159 PM  15    1982  33      3       35
  AVERAGE         42                        44     -2       44

PRECIPITATION (IN)
  YESTERDAY        0.01          1.24 1952   0.11  -0.10      T
  MONTH TO DATE    0.11                      0.54  -0.43     0.06
  SINCE MAR 1      2.83                      3.75  -0.92     2.55
  SINCE JAN 1      8.62                      8.54   0.08     5.68

SNOWFALL (IN)
  YESTERDAY        T             1.1  1914   0.1   -0.1       T
  MONTH TO DATE    T                         0.6   -0.6      1.2
  SINCE MAR 1      5.9                      10.8   -4.9     20.7
  SINCE JUL 1     71.1                      57.3   13.8     51.4
  SNOW DEPTH       0

DEGREE DAYS
 HEATING
  YESTERDAY       23                        22      1       21
  MONTH TO DATE  112                       112      0      137
  SINCE MAR 1   1259                      1041    218     1096
  SINCE JUL 1   6376                      5985    391     5634

 COOLING
  YESTERDAY        0                         0      0        0
  MONTH TO DATE    0                         0      0        0
  SINCE MAR 1      0                         0      0        0
  SINCE JAN 1      0                         0      0        0
..................................................................


WIND (MPH)
  HIGHEST WIND SPEED    29   HIGHEST WIND DIRECTION     W (280)
  HIGHEST GUST SPEED    39   HIGHEST GUST DIRECTION     W (280)
  AVERAGE WIND SPEED    12.0


SKY COVER
  AVERAGE SKY COVER 0.9



RELATIVE HUMIDITY (PERCENT)
 HIGHEST    92
 LOWEST     48
 AVERAGE    70

..........................................................


THE ALBANY NY CLIMATE NORMALS FOR TODAY
                         NORMAL    RECORD    YEAR
 MAXIMUM TEMPERATURE (F)   54        82      1921
 MINIMUM TEMPERATURE (F)   34        14      1943


SUNRISE AND SUNSET
APRIL  6 2014.........SUNRISE   629 AM EDT   SUNSET   727 PM EDT
APRIL  7 2014.........SUNRISE   627 AM EDT   SUNSET   728 PM EDT


-  INDICATES NEGATIVE NUMBERS.
R  INDICATES RECORD WAS SET OR TIED.
MM INDICATES DATA IS MISSING.
T  INDICATES TRACE AMOUNT.




$$
