000
CDUS41 KALY 230623
CLIALB


CLIMATE REPORT
NATIONAL WEATHER SERVICE ALBANY NY
222 AM EDT SUN AUG 23 2015


...................................

...THE ALBANY NY CLIMATE SUMMARY FOR AUGUST 22 2015...

CLIMATE NORMAL PERIOD 1981 TO 2010
CLIMATE RECORD PERIOD 1874 TO 2015


WEATHER ITEM   OBSERVED TIME   RECORD YEAR NORMAL DEPARTURE LAST
                VALUE   (LST)  VALUE       VALUE  FROM      YEAR
                                                  NORMAL
..................................................................
TEMPERATURE (F)
 YESTERDAY
  MAXIMUM         82    315 PM  93    1916  80      2       68
  MINIMUM         57    343 AM  39    1982  59     -2       64
  AVERAGE         70                        70      0       66

PRECIPITATION (IN)
  YESTERDAY        0.00          1.44 1887   0.10  -0.10     0.22
  MONTH TO DATE    3.85                      2.56   1.29     1.54
  SINCE JUN 1     13.97                     10.47   3.50    13.18
  SINCE JAN 1     22.69                     25.25  -2.56    26.74

DEGREE DAYS
 HEATING
  YESTERDAY        0                         1     -1        0
  MONTH TO DATE    0                         5     -5        6
  SINCE JUN 1     52                        62    -10       18
  SINCE JUL 1      1                        10     -9        6

 COOLING
  YESTERDAY        5                         5      0        1
  MONTH TO DATE  200                       138     62       99
  SINCE JUN 1    566                       474     92      484
  SINCE JAN 1    689                       504    185      519
..................................................................


WIND (MPH)
  HIGHEST WIND SPEED    10   HIGHEST WIND DIRECTION     N (10)
  HIGHEST GUST SPEED    14   HIGHEST GUST DIRECTION    NW (320)
  AVERAGE WIND SPEED     3.5


SKY COVER
  AVERAGE SKY COVER 0.5



RELATIVE HUMIDITY (PERCENT)
 HIGHEST    80
 LOWEST     42
 AVERAGE    61

..........................................................


THE ALBANY NY CLIMATE NORMALS FOR TODAY
                         NORMAL    RECORD    YEAR
 MAXIMUM TEMPERATURE (F)   80        94      1947
 MINIMUM TEMPERATURE (F)   59        44      1988


SUNRISE AND SUNSET
AUGUST 23 2015........SUNRISE   610 AM EDT   SUNSET   745 PM EDT
AUGUST 24 2015........SUNRISE   611 AM EDT   SUNSET   743 PM EDT


-  INDICATES NEGATIVE NUMBERS.
R  INDICATES RECORD WAS SET OR TIED.
MM INDICATES DATA IS MISSING.
T  INDICATES TRACE AMOUNT.




$$
