000
CDUS41 KALY 070622
CLIALB


CLIMATE REPORT
NATIONAL WEATHER SERVICE ALBANY NY
222 AM EDT THU JUL 7 2016


...................................

...THE ALBANY NY CLIMATE SUMMARY FOR JULY 6 2016...

CLIMATE NORMAL PERIOD 1981 TO 2010
CLIMATE RECORD PERIOD 1874 TO 2016


WEATHER ITEM   OBSERVED TIME   RECORD YEAR NORMAL DEPARTURE LAST
                VALUE   (LST)  VALUE       VALUE  FROM      YEAR
                                                  NORMAL
..................................................................
TEMPERATURE (F)
 YESTERDAY
  MAXIMUM         90    409 PM  97    1886  82      8       85
  MINIMUM         64    416 AM  47    1961  61      3       57
  AVERAGE         77                        72      5       71

PRECIPITATION (IN)
  YESTERDAY        0.00          1.38 1930   0.13  -0.13     0.00
  MONTH TO DATE    1.37                      0.77   0.60     0.39
  SINCE JUN 1      3.68                      4.56  -0.88     7.09
  SINCE JAN 1     14.44                     19.34  -4.90    15.81

DEGREE DAYS
 HEATING
  YESTERDAY        0                         0      0        0
  MONTH TO DATE    0                         0      0        1
  SINCE JUN 1     38                        52    -14       52
  SINCE JUL 1      0                         0      0        1

 COOLING
  YESTERDAY       12                         7      5        6
  MONTH TO DATE   42                        39      3       21
  SINCE JUN 1    185                       157     28      132
  SINCE JAN 1    260                       187     73      255
..................................................................


WIND (MPH)
  HIGHEST WIND SPEED    17   HIGHEST WIND DIRECTION    NW (300)
  HIGHEST GUST SPEED    23   HIGHEST GUST DIRECTION     W (280)
  AVERAGE WIND SPEED     4.4


SKY COVER
  AVERAGE SKY COVER 0.3



RELATIVE HUMIDITY (PERCENT)
 HIGHEST    81
 LOWEST     41
 AVERAGE    61

..........................................................


THE ALBANY NY CLIMATE NORMALS FOR TODAY
                         NORMAL    RECORD    YEAR
 MAXIMUM TEMPERATURE (F)   82        97      1988
 MINIMUM TEMPERATURE (F)   61        44      1979


SUNRISE AND SUNSET
JULY  7 2016..........SUNRISE   525 AM EDT   SUNSET   835 PM EDT
JULY  8 2016..........SUNRISE   525 AM EDT   SUNSET   835 PM EDT


-  INDICATES NEGATIVE NUMBERS.
R  INDICATES RECORD WAS SET OR TIED.
MM INDICATES DATA IS MISSING.
T  INDICATES TRACE AMOUNT.




$$
