000
CDUS41 KALY 300627
CLIALB


CLIMATE REPORT
NATIONAL WEATHER SERVICE ALBANY NY
226 AM EDT SAT SEP 30 2017


...................................

...THE ALBANY NY CLIMATE SUMMARY FOR SEPTEMBER 29 2017...

CLIMATE NORMAL PERIOD 1981 TO 2010
CLIMATE RECORD PERIOD 1874 TO 2017


WEATHER ITEM   OBSERVED TIME   RECORD YEAR NORMAL DEPARTURE LAST
                VALUE   (LST)  VALUE       VALUE  FROM      YEAR
                                                  NORMAL
..................................................................
TEMPERATURE (F)
 YESTERDAY
  MAXIMUM         66    243 PM  86    1921  67     -1       69
  MINIMUM         43    536 AM  29    2000  46     -3       48
  AVERAGE         55                        56     -1       59

PRECIPITATION (IN)
  YESTERDAY        0.05          1.83 2006   0.12  -0.07     0.00
  MONTH TO DATE    2.62                      3.18  -0.56     2.12
  SINCE SEP 1      2.62                      3.18  -0.56     2.12
  SINCE JAN 1     34.42                     29.33   5.09    25.57

DEGREE DAYS
 HEATING
  YESTERDAY       10                         9      1        6
  MONTH TO DATE   77                       133    -56       59
  SINCE SEP 1     77                       133    -56       59
  SINCE JUL 1     96                       156    -60       60

 COOLING
  YESTERDAY        0                         1     -1        0
  MONTH TO DATE  120                        53     67      108
  SINCE SEP 1    120                        53     67      108
  SINCE JAN 1    695                       596     99      896
..................................................................


WIND (MPH)
  HIGHEST WIND SPEED    10   HIGHEST WIND DIRECTION    NW (330)
  HIGHEST GUST SPEED    14   HIGHEST GUST DIRECTION     N (360)
  AVERAGE WIND SPEED     3.1


SKY COVER
  AVERAGE SKY COVER 0.4



RELATIVE HUMIDITY (PERCENT)
 HIGHEST    89
 LOWEST     37
 AVERAGE    63

..........................................................


THE ALBANY NY CLIMATE NORMALS FOR TODAY
                         NORMAL    RECORD    YEAR
 MAXIMUM TEMPERATURE (F)   66        88      1905
 MINIMUM TEMPERATURE (F)   45        28      1991


SUNRISE AND SUNSET
SEPTEMBER 30 2017.....SUNRISE   652 AM EDT   SUNSET   638 PM EDT
OCTOBER  1 2017.......SUNRISE   653 AM EDT   SUNSET   636 PM EDT


-  INDICATES NEGATIVE NUMBERS.
R  INDICATES RECORD WAS SET OR TIED.
MM INDICATES DATA IS MISSING.
T  INDICATES TRACE AMOUNT.




$$
