703
CDUS41 KALY 262048
CLIALB


CLIMATE REPORT
NATIONAL WEATHER SERVICE ALBANY NY
447 PM EDT TUE APR 26 2016


...................................

...THE ALBANY NY CLIMATE SUMMARY FOR APRIL 26 2016...
VALID TODAY AS OF 0400 PM LOCAL TIME.

CLIMATE NORMAL PERIOD 1981 TO 2010
CLIMATE RECORD PERIOD 1874 TO 2016


WEATHER ITEM   OBSERVED TIME   RECORD YEAR NORMAL DEPARTURE LAST
                VALUE   (LST)  VALUE       VALUE  FROM      YEAR
                                                  NORMAL
..................................................................
TEMPERATURE (F)
 TODAY
  MAXIMUM         47   1244 AM  90    1990  63    -16       59
  MINIMUM         38   1051 AM  24    1972  41     -3       41
  AVERAGE         43                        52     -9       50

PRECIPITATION (IN)
  TODAY            0.51          0.89 1953   0.11   0.40     0.00
  MONTH TO DATE    1.84                      2.74  -0.90     2.08
  SINCE MAR 1      3.02                      5.95  -2.93     3.33
  SINCE JAN 1      8.33                     10.74  -2.41     7.65

SNOWFALL (IN)
  TODAY           MM             0.3  1993   0.0   MM        0.0
  MONTH TO DATE    6.4                       2.2    4.2       T
  SINCE MAR 1      6.6                      13.2   -6.6      5.3
  SINCE JUL 1     16.9                      60.1  -43.2     75.9
  SNOW DEPTH       0

DEGREE DAYS
 HEATING
  TODAY           22                        13      9       15
  MONTH TO DATE  505                       470     35      473
  SINCE MAR 1   1187                      1399   -212     1558
  SINCE JUL 1   5116                      6343  -1227     6688

 COOLING
  TODAY            0                         0      0        0
  MONTH TO DATE    2                         0      2        0
  SINCE MAR 1      2                         0      2        0
  SINCE JAN 1      2                         0      2        0
..................................................................


WIND (MPH)
  HIGHEST WIND SPEED    14   HIGHEST WIND DIRECTION    NE (30)
  HIGHEST GUST SPEED    18   HIGHEST GUST DIRECTION    NE (30)
  AVERAGE WIND SPEED     7.4


SKY COVER
  AVERAGE SKY COVER 1.0



RELATIVE HUMIDITY (PERCENT)
 HIGHEST    92           900 AM
 LOWEST     37          1200 AM
 AVERAGE    65

..........................................................


THE ALBANY NY CLIMATE NORMALS FOR TOMORROW
                         NORMAL    RECORD    YEAR
 MAXIMUM TEMPERATURE (F)   63        91      1962
 MINIMUM TEMPERATURE (F)   41        26      1963


SUNRISE AND SUNSET
APRIL 26 2016.........SUNRISE   556 AM EDT   SUNSET   751 PM EDT
APRIL 27 2016.........SUNRISE   555 AM EDT   SUNSET   752 PM EDT


-  INDICATES NEGATIVE NUMBERS.
R  INDICATES RECORD WAS SET OR TIED.
MM INDICATES DATA IS MISSING.
T  INDICATES TRACE AMOUNT.




$$
