000
CDUS41 KALY 090623
CLIALB


CLIMATE REPORT
NATIONAL WEATHER SERVICE ALBANY NY
122 AM EST SUN NOV 9 2014


...................................

...THE ALBANY NY CLIMATE SUMMARY FOR NOVEMBER 8 2014...

CLIMATE NORMAL PERIOD 1981 TO 2010
CLIMATE RECORD PERIOD 1874 TO 2014


WEATHER ITEM   OBSERVED TIME   RECORD YEAR NORMAL DEPARTURE LAST
                VALUE   (LST)  VALUE       VALUE  FROM      YEAR
                                                  NORMAL
..................................................................
TEMPERATURE (F)
 YESTERDAY
  MAXIMUM         47    251 PM  75    1975  51     -4       45
  MINIMUM         35    558 AM  18    1971  34      1       31
  AVERAGE         41                        42     -1       38

PRECIPITATION (IN)
  YESTERDAY        T             1.50 1947   0.11  -0.11     0.01
  MONTH TO DATE    0.36                      0.90  -0.54     0.35
  SINCE SEP 1      5.47                      7.88  -2.41     7.45
  SINCE JAN 1     32.25                     34.03  -1.78    38.96

SNOWFALL (IN)
  YESTERDAY        T             1.7  1894   0.0    0.0       T
  MONTH TO DATE    T                         0.3   -0.3       T
  SINCE SEP 1      T                         0.3   -0.3       T
  SINCE JUL 1      T                         0.3   -0.3       T
  SNOW DEPTH       0

DEGREE DAYS
 HEATING
  YESTERDAY       24                        23      1       27
  MONTH TO DATE  163                       174    -11      170
  SINCE SEP 1    635                       796   -161      711
  SINCE JUL 1    643                       819   -176      717

 COOLING
  YESTERDAY        0                         0      0        0
  MONTH TO DATE    0                         0      0        0
  SINCE SEP 1     92                        55     37       65
  SINCE JAN 1    659                       598     61      763
..................................................................


WIND (MPH)
  HIGHEST WIND SPEED    16   HIGHEST WIND DIRECTION    NW (300)
  HIGHEST GUST SPEED    23   HIGHEST GUST DIRECTION    NW (320)
  AVERAGE WIND SPEED     6.8


SKY COVER
  AVERAGE SKY COVER 0.8



RELATIVE HUMIDITY (PERCENT)
 HIGHEST    59
 LOWEST     38
 AVERAGE    49

..........................................................


THE ALBANY NY CLIMATE NORMALS FOR TODAY
                         NORMAL    RECORD    YEAR
 MAXIMUM TEMPERATURE (F)   51        71      1975
 MINIMUM TEMPERATURE (F)   33        11      1971


SUNRISE AND SUNSET
NOVEMBER  9 2014......SUNRISE   639 AM EST   SUNSET   438 PM EST
NOVEMBER 10 2014......SUNRISE   641 AM EST   SUNSET   437 PM EST


-  INDICATES NEGATIVE NUMBERS.
R  INDICATES RECORD WAS SET OR TIED.
MM INDICATES DATA IS MISSING.
T  INDICATES TRACE AMOUNT.




$$
