000
CDUS41 KALY 120630
CLIALB


CLIMATE REPORT
NATIONAL WEATHER SERVICE ALBANY NY
229 AM EDT SUN OCT 12 2014


...................................

...THE ALBANY NY CLIMATE SUMMARY FOR OCTOBER 11 2014...

CLIMATE NORMAL PERIOD 1981 TO 2010
CLIMATE RECORD PERIOD 1874 TO 2014


WEATHER ITEM   OBSERVED TIME   RECORD YEAR NORMAL DEPARTURE LAST
                VALUE   (LST)  VALUE       VALUE  FROM      YEAR
                                                  NORMAL
..................................................................
TEMPERATURE (F)
 YESTERDAY
  MAXIMUM         61    340 PM  86    1949  62     -1       70
  MINIMUM         41   1235 AM  22    1943  41      0       45
  AVERAGE         51                        51      0       58

PRECIPITATION (IN)
  YESTERDAY        0.00          1.15 1951   0.13  -0.13     0.00
  MONTH TO DATE    0.59                      1.32  -0.73     1.84
  SINCE SEP 1      1.48                      4.62  -3.14     6.65
  SINCE JAN 1     28.26                     30.77  -2.51    38.16

SNOWFALL (IN)
  YESTERDAY        0.0           T    1987   0.0    0.0      0.0
  MONTH TO DATE    0.0                       0.0    0.0      0.0
  SINCE SEP 1      0.0                       0.0    0.0      0.0
  SINCE JUL 1      0.0                       0.0    0.0      0.0
  SNOW DEPTH       0

DEGREE DAYS
 HEATING
  YESTERDAY       14                        14      0        7
  MONTH TO DATE   86                       131    -45       74
  SINCE SEP 1    208                       275    -67      240
  SINCE JUL 1    216                       298    -82      246

 COOLING
  YESTERDAY        0                         0      0        0
  MONTH TO DATE    2                         0      2        0
  SINCE SEP 1     76                        51     25       65
  SINCE JAN 1    643                       594     49      763
..................................................................


WIND (MPH)
  HIGHEST WIND SPEED    14   HIGHEST WIND DIRECTION    NW (300)
  HIGHEST GUST SPEED    18   HIGHEST GUST DIRECTION    NW (310)
  AVERAGE WIND SPEED     3.5


SKY COVER
  AVERAGE SKY COVER 0.8



RELATIVE HUMIDITY (PERCENT)
 HIGHEST    96
 LOWEST     42
 AVERAGE    69

..........................................................


THE ALBANY NY CLIMATE NORMALS FOR TODAY
                         NORMAL    RECORD    YEAR
 MAXIMUM TEMPERATURE (F)   61        85      1954
 MINIMUM TEMPERATURE (F)   41        22      1964


SUNRISE AND SUNSET
OCTOBER 12 2014.......SUNRISE   705 AM EDT   SUNSET   618 PM EDT
OCTOBER 13 2014.......SUNRISE   706 AM EDT   SUNSET   616 PM EDT


-  INDICATES NEGATIVE NUMBERS.
R  INDICATES RECORD WAS SET OR TIED.
MM INDICATES DATA IS MISSING.
T  INDICATES TRACE AMOUNT.




$$
