000
CDUS41 KALY 150622
CLIALB


CLIMATE REPORT
NATIONAL WEATHER SERVICE ALBANY NY
221 AM EDT THU SEP 15 2016


...................................

...THE ALBANY NY CLIMATE SUMMARY FOR SEPTEMBER 14 2016...

CLIMATE NORMAL PERIOD 1981 TO 2010
CLIMATE RECORD PERIOD 1874 TO 2016


WEATHER ITEM   OBSERVED TIME   RECORD YEAR NORMAL DEPARTURE LAST
                VALUE   (LST)  VALUE       VALUE  FROM      YEAR
                                                  NORMAL
..................................................................
TEMPERATURE (F)
 YESTERDAY
  MAXIMUM         82   1203 PM  93    1931  73      9       72
  MINIMUM         53   1128 PM  32    1963  52      1       54
  AVERAGE         68                        63      5       63

PRECIPITATION (IN)
  YESTERDAY        0.00          2.62 1951   0.11  -0.11     0.01
  MONTH TO DATE    0.80                      1.43  -0.63     2.97
  SINCE SEP 1      0.80                      1.43  -0.63     2.97
  SINCE JAN 1     24.25                     27.58  -3.33    26.11

DEGREE DAYS
 HEATING
  YESTERDAY        0                         4     -4        2
  MONTH TO DATE    2                        35    -33        2
  SINCE SEP 1      2                        35    -33        2
  SINCE JUL 1      3                        58    -55        3

 COOLING
  YESTERDAY        3                         2      1        0
  MONTH TO DATE   78                        37     41      123
  SINCE SEP 1     78                        37     41      123
  SINCE JAN 1    866                       580    286      871
..................................................................


WIND (MPH)
  HIGHEST WIND SPEED    23   HIGHEST WIND DIRECTION    NW (310)
  HIGHEST GUST SPEED    29   HIGHEST GUST DIRECTION    NW (310)
  AVERAGE WIND SPEED     9.2


SKY COVER
  AVERAGE SKY COVER 0.5



RELATIVE HUMIDITY (PERCENT)
 HIGHEST    87
 LOWEST     49
 AVERAGE    68

..........................................................


THE ALBANY NY CLIMATE NORMALS FOR TODAY
                         NORMAL    RECORD    YEAR
 MAXIMUM TEMPERATURE (F)   73        92      1915
 MINIMUM TEMPERATURE (F)   52        33      1975


SUNRISE AND SUNSET
SEPTEMBER 15 2016.....SUNRISE   635 AM EDT   SUNSET   704 PM EDT
SEPTEMBER 16 2016.....SUNRISE   636 AM EDT   SUNSET   702 PM EDT


-  INDICATES NEGATIVE NUMBERS.
R  INDICATES RECORD WAS SET OR TIED.
MM INDICATES DATA IS MISSING.
T  INDICATES TRACE AMOUNT.




$$
