000
CDUS41 KALY 132159
CLIALB


CLIMATE REPORT
NATIONAL WEATHER SERVICE ALBANY NY
458 PM EST SAT JAN 13 2018


...................................

...THE ALBANY NY CLIMATE SUMMARY FOR JANUARY 13 2018...
VALID TODAY AS OF 0400 PM LOCAL TIME.

CLIMATE NORMAL PERIOD 1981 TO 2010
CLIMATE RECORD PERIOD 1874 TO 2018


WEATHER ITEM   OBSERVED TIME   RECORD YEAR NORMAL DEPARTURE LAST
                VALUE   (LST)  VALUE       VALUE  FROM      YEAR
                                                  NORMAL
..................................................................
TEMPERATURE (F)
 TODAY
  MAXIMUM         39   1202 AM  71    1932  30      9       44
  MINIMUM         16    436 PM -18    1968  14      2       20
  AVERAGE         28                        22      6       32

PRECIPITATION (IN)
  TODAY            0.39          0.97 1993   0.08   0.31      T
  MONTH TO DATE    1.30                      1.07   0.23     0.95
  SINCE DEC 1      3.23                      4.00  -0.77     2.70
  SINCE JAN 1      1.30                      1.07   0.23     0.95

SNOWFALL (IN)
  TODAY           MM            13.1  1964   0.6   MM        0.0
  MONTH TO DATE    5.1                       7.5   -2.4      0.9
  SINCE DEC 1     17.2                      21.2   -4.0     13.0
  SINCE JUL 1     17.2                      24.3   -7.1     15.3
  SNOW DEPTH       1

DEGREE DAYS
 HEATING
  TODAY           37                        43     -6       33
  MONTH TO DATE  587                       550     37      480
  SINCE DEC 1   1826                      1681    145     1547
  SINCE JUL 1   2940                      3085   -145     2703

 COOLING
  TODAY            0                         0      0        0
  MONTH TO DATE    0                         0      0        0
  SINCE DEC 1      0                         0      0        0
  SINCE JAN 1      0                         0      0        0
..................................................................


WIND (MPH)
  HIGHEST WIND SPEED    25   HIGHEST WIND DIRECTION     W (290)
  HIGHEST GUST SPEED    36   HIGHEST GUST DIRECTION     N (20)
  AVERAGE WIND SPEED    16.1


SKY COVER
  AVERAGE SKY COVER 0.9



RELATIVE HUMIDITY (PERCENT)
 HIGHEST    92           100 AM
 LOWEST     61           400 PM
 AVERAGE    77

..........................................................


THE ALBANY NY CLIMATE NORMALS FOR TOMORROW
                         NORMAL    RECORD    YEAR
 MAXIMUM TEMPERATURE (F)   30        66      1932
 MINIMUM TEMPERATURE (F)   14       -24      1957


SUNRISE AND SUNSET
JANUARY 13 2018.......SUNRISE   724 AM EST   SUNSET   444 PM EST
JANUARY 14 2018.......SUNRISE   723 AM EST   SUNSET   446 PM EST


-  INDICATES NEGATIVE NUMBERS.
R  INDICATES RECORD WAS SET OR TIED.
MM INDICATES DATA IS MISSING.
T  INDICATES TRACE AMOUNT.




$$
