000
CDUS41 KALY 240622
CLIALB


CLIMATE REPORT
NATIONAL WEATHER SERVICE ALBANY NY
121 AM EST SAT JAN 24 2015


...................................

...THE ALBANY NY CLIMATE SUMMARY FOR JANUARY 23 2015...

CLIMATE NORMAL PERIOD 1981 TO 2010
CLIMATE RECORD PERIOD 1874 TO 2015


WEATHER ITEM   OBSERVED TIME   RECORD YEAR NORMAL DEPARTURE LAST
                VALUE   (LST)  VALUE       VALUE  FROM      YEAR
                                                  NORMAL
..................................................................
TEMPERATURE (F)
 YESTERDAY
  MAXIMUM         34    404 PM  64    1906  31      3       16
  MINIMUM         15    405 AM -20    1970  14      1       -1
  AVERAGE         25                        22      3        8

PRECIPITATION (IN)
  YESTERDAY        T             1.27 1983   0.09  -0.09      T
  MONTH TO DATE    1.68                      1.93  -0.25     2.25
  SINCE DEC 1      7.05                      4.86   2.19     5.63
  SINCE JAN 1      1.68                      1.93  -0.25     2.25

SNOWFALL (IN)
  YESTERDAY        T            10.6  1963   0.6   -0.6       T
  MONTH TO DATE    6.3                      13.3   -7.0     13.2
  SINCE DEC 1     18.5                      27.0   -8.5     33.2
  SINCE JUL 1     30.8                      29.8    1.0     35.3
  SNOW DEPTH       0

DEGREE DAYS
 HEATING
  YESTERDAY       40                        43     -3       57
  MONTH TO DATE 1011                       980     31      997
  SINCE DEC 1   2009                      2111   -102     2151
  SINCE JUL 1   3284                      3515   -231     3521

 COOLING
  YESTERDAY        0                         0      0        0
  MONTH TO DATE    0                         0      0        0
  SINCE DEC 1      0                         0      0        0
  SINCE JAN 1      0                         0      0        0
..................................................................


WIND (MPH)
  HIGHEST WIND SPEED    15   HIGHEST WIND DIRECTION     W (290)
  HIGHEST GUST SPEED    19   HIGHEST GUST DIRECTION     W (270)
  AVERAGE WIND SPEED     3.2


SKY COVER
  AVERAGE SKY COVER 0.5



RELATIVE HUMIDITY (PERCENT)
 HIGHEST    80
 LOWEST     41
 AVERAGE    61

..........................................................


THE ALBANY NY CLIMATE NORMALS FOR TODAY
                         NORMAL    RECORD    YEAR
 MAXIMUM TEMPERATURE (F)   31        54      1999
 MINIMUM TEMPERATURE (F)   14       -17      1948


SUNRISE AND SUNSET
JANUARY 24 2015.......SUNRISE   717 AM EST   SUNSET   458 PM EST
JANUARY 25 2015.......SUNRISE   716 AM EST   SUNSET   459 PM EST


-  INDICATES NEGATIVE NUMBERS.
R  INDICATES RECORD WAS SET OR TIED.
MM INDICATES DATA IS MISSING.
T  INDICATES TRACE AMOUNT.




$$
