000
CDUS41 KALY 270623
CLIALB


CLIMATE REPORT
NATIONAL WEATHER SERVICE ALBANY NY
222 AM EDT SAT JUN 27 2015


...................................

...THE ALBANY NY CLIMATE SUMMARY FOR JUNE 26 2015...

CLIMATE NORMAL PERIOD 1981 TO 2010
CLIMATE RECORD PERIOD 1874 TO 2015


WEATHER ITEM   OBSERVED TIME   RECORD YEAR NORMAL DEPARTURE LAST
                VALUE   (LST)  VALUE       VALUE  FROM      YEAR
                                                  NORMAL
..................................................................
TEMPERATURE (F)
 YESTERDAY
  MAXIMUM         78    407 PM  99    1951  81     -3       81
  MINIMUM         59   1159 PM  39    1979  59      0       65
  AVERAGE         69                        70     -1       73

PRECIPITATION (IN)
  YESTERDAY        0.01          2.22 2006   0.12  -0.11     0.03
  MONTH TO DATE    5.61                      3.31   2.30     4.77
  SINCE JUN 1      5.61                      3.31   2.30     4.77
  SINCE JAN 1     14.33                     18.09  -3.76    18.33

DEGREE DAYS
 HEATING
  YESTERDAY        0                         1     -1        0
  MONTH TO DATE   44                        51     -7       12
  SINCE JUN 1     44                        51     -7       12
  SINCE JUL 1   6866                      6679    187     6978

 COOLING
  YESTERDAY        4                         6     -2        8
  MONTH TO DATE  110                        93     17      111
  SINCE JUN 1    110                        93     17      111
  SINCE JAN 1    233                       123    110      146
..................................................................


WIND (MPH)
  HIGHEST WIND SPEED    14   HIGHEST WIND DIRECTION    NE (50)
  HIGHEST GUST SPEED    20   HIGHEST GUST DIRECTION    NE (40)
  AVERAGE WIND SPEED     5.7


SKY COVER
  AVERAGE SKY COVER 0.7



RELATIVE HUMIDITY (PERCENT)
 HIGHEST    84
 LOWEST     37
 AVERAGE    61

..........................................................


THE ALBANY NY CLIMATE NORMALS FOR TODAY
                         NORMAL    RECORD    YEAR
 MAXIMUM TEMPERATURE (F)   81        97      1941
 MINIMUM TEMPERATURE (F)   60        45      1970


SUNRISE AND SUNSET
JUNE 27 2015..........SUNRISE   519 AM EDT   SUNSET   838 PM EDT
JUNE 28 2015..........SUNRISE   519 AM EDT   SUNSET   837 PM EDT


-  INDICATES NEGATIVE NUMBERS.
R  INDICATES RECORD WAS SET OR TIED.
MM INDICATES DATA IS MISSING.
T  INDICATES TRACE AMOUNT.




$$
