725
CDUS41 KALY 280626
CLIALB


CLIMATE REPORT
NATIONAL WEATHER SERVICE ALBANY NY
125 AM EST MON NOV 28 2016


...................................

...THE ALBANY NY CLIMATE SUMMARY FOR NOVEMBER 27 2016...

CLIMATE NORMAL PERIOD 1981 TO 2010
CLIMATE RECORD PERIOD 1874 TO 2016


WEATHER ITEM   OBSERVED TIME   RECORD YEAR NORMAL DEPARTURE LAST
                VALUE   (LST)  VALUE       VALUE  FROM      YEAR
                                                  NORMAL
..................................................................
TEMPERATURE (F)
 YESTERDAY
  MAXIMUM         42    303 PM  66    1896  43     -1       64
  MINIMUM         30   1154 PM   8    1957  28      2       47
  AVERAGE         36                        36      0       56

PRECIPITATION (IN)
  YESTERDAY        0.00          1.02 1921   0.11  -0.11      T
  MONTH TO DATE    2.74                      2.97  -0.23     1.73
  SINCE SEP 1      7.82                      9.95  -2.13    11.82
  SINCE JAN 1     31.27                     36.10  -4.83    34.96

SNOWFALL (IN)
  YESTERDAY        0.0           4.8  1940   0.1   -0.1      0.0
  MONTH TO DATE    0.6                       2.2   -1.6       T
  SINCE SEP 1      2.3                       2.5   -0.2       T
  SINCE JUL 1      2.3                       2.5   -0.2       T
  SNOW DEPTH       0

DEGREE DAYS
 HEATING
  YESTERDAY       29                        29      0        9
  MONTH TO DATE  629                       669    -40      493
  SINCE SEP 1   1083                      1291   -208     1000
  SINCE JUL 1   1084                      1314   -230     1001

 COOLING
  YESTERDAY        0                         0      0        0
  MONTH TO DATE    0                         0      0        0
  SINCE SEP 1    114                        55     59      158
  SINCE JAN 1    902                       598    304      906
..................................................................


WIND (MPH)
  HIGHEST WIND SPEED    20   HIGHEST WIND DIRECTION     W (290)
  HIGHEST GUST SPEED    29   HIGHEST GUST DIRECTION     W (280)
  AVERAGE WIND SPEED     6.9


SKY COVER
  AVERAGE SKY COVER 0.7



RELATIVE HUMIDITY (PERCENT)
 HIGHEST    89
 LOWEST     64
 AVERAGE    77

..........................................................


THE ALBANY NY CLIMATE NORMALS FOR TODAY
                         NORMAL    RECORD    YEAR
 MAXIMUM TEMPERATURE (F)   43        68      1990
 MINIMUM TEMPERATURE (F)   28         6      1951


SUNRISE AND SUNSET
NOVEMBER 28 2016......SUNRISE   703 AM EST   SUNSET   423 PM EST
NOVEMBER 29 2016......SUNRISE   704 AM EST   SUNSET   423 PM EST


-  INDICATES NEGATIVE NUMBERS.
R  INDICATES RECORD WAS SET OR TIED.
MM INDICATES DATA IS MISSING.
T  INDICATES TRACE AMOUNT.




$$
