879
CDUS41 KALY 080623
CLIALB


CLIMATE REPORT
NATIONAL WEATHER SERVICE ALBANY NY
222 AM EDT SUN OCT 8 2017


...................................

...THE ALBANY NY CLIMATE SUMMARY FOR OCTOBER 7 2017...

CLIMATE NORMAL PERIOD 1981 TO 2010
CLIMATE RECORD PERIOD 1874 TO 2017


WEATHER ITEM   OBSERVED TIME   RECORD YEAR NORMAL DEPARTURE LAST
                VALUE   (LST)  VALUE       VALUE  FROM      YEAR
                                                  NORMAL
..................................................................
TEMPERATURE (F)
 YESTERDAY
  MAXIMUM         75    346 PM  89    1963  63     12       75
  MINIMUM         59    423 AM  27    1986  43     16       44
  AVERAGE         67                        53     14       60

PRECIPITATION (IN)
  YESTERDAY        0.01          2.62 1972   0.11  -0.10     0.00
  MONTH TO DATE    0.09                      0.83  -0.74     0.06
  SINCE SEP 1      2.82                      4.13  -1.31     2.24
  SINCE JAN 1     34.62                     30.28   4.34    25.69

SNOWFALL (IN)
  YESTERDAY        0.0           0.0    MM   0.1   -0.1      0.0
  MONTH TO DATE    0.0                       0.1   -0.1      0.0
  SINCE SEP 1      0.0                       0.1   -0.1      0.0
  SINCE JUL 1      0.0                       0.1   -0.1      0.0
  SNOW DEPTH       0

DEGREE DAYS
 HEATING
  YESTERDAY        0                        12    -12        5
  MONTH TO DATE   44                        78    -34       37
  SINCE SEP 1    137                       222    -85      103
  SINCE JUL 1    156                       245    -89      104

 COOLING
  YESTERDAY        2                         0      2        0
  MONTH TO DATE    2                         0      2        0
  SINCE SEP 1    122                        51     71      108
  SINCE JAN 1    697                       594    103      896
..................................................................


WIND (MPH)
  HIGHEST WIND SPEED    20   HIGHEST WIND DIRECTION     S (170)
  HIGHEST GUST SPEED    27   HIGHEST GUST DIRECTION     S (170)
  AVERAGE WIND SPEED     8.2


SKY COVER
  AVERAGE SKY COVER 0.9



RELATIVE HUMIDITY (PERCENT)
 HIGHEST    84
 LOWEST     64
 AVERAGE    74

..........................................................


THE ALBANY NY CLIMATE NORMALS FOR TODAY
                         NORMAL    RECORD    YEAR
 MAXIMUM TEMPERATURE (F)   63        79      2011
                                             1993
 MINIMUM TEMPERATURE (F)   42        21      1964


SUNRISE AND SUNSET
OCTOBER  8 2017.......SUNRISE   701 AM EDT   SUNSET   624 PM EDT
OCTOBER  9 2017.......SUNRISE   702 AM EDT   SUNSET   622 PM EDT


-  INDICATES NEGATIVE NUMBERS.
R  INDICATES RECORD WAS SET OR TIED.
MM INDICATES DATA IS MISSING.
T  INDICATES TRACE AMOUNT.




$$
