000
CDUS41 KALY 092054
CLIALB


CLIMATE REPORT
NATIONAL WEATHER SERVICE ALBANY NY
453 PM EDT SUN APR 9 2017


...................................

...THE ALBANY NY CLIMATE SUMMARY FOR APRIL 9 2017...
VALID TODAY AS OF 0400 PM LOCAL TIME.

CLIMATE NORMAL PERIOD 1981 TO 2010
CLIMATE RECORD PERIOD 1874 TO 2017


WEATHER ITEM   OBSERVED TIME   RECORD YEAR NORMAL DEPARTURE LAST
                VALUE   (LST)  VALUE       VALUE  FROM      YEAR
                                                  NORMAL
..................................................................
TEMPERATURE (F)
 TODAY
  MAXIMUM         70    330 PM  77    1991  55     15       46
  MINIMUM         27    524 AM  16    1977  35     -8       27
  AVERAGE         49                        45      4       37

PRECIPITATION (IN)
  TODAY            0.00          1.56 2000   0.11  -0.11     0.00
  MONTH TO DATE    1.68                      0.97   0.71     1.15
  SINCE MAR 1      5.75                      4.18   1.57     2.33
  SINCE JAN 1     11.73                      8.97   2.76     7.64

SNOWFALL (IN)
  TODAY            0.0          13.3  2000   0.1   -0.1      0.0
  MONTH TO DATE    0.2                       1.1   -0.9      6.4
  SINCE MAR 1     19.6                      12.1    7.5      6.6
  SINCE JUL 1     60.8                      59.0    1.8     16.9
  SNOW DEPTH       0

DEGREE DAYS
 HEATING
  TODAY           16                        20     -4       28
  MONTH TO DATE  182                       194    -12      247
  SINCE MAR 1   1207                      1123     84      929
  SINCE JUL 1   5370                      6067   -697     4858

 COOLING
  TODAY            0                         0      0        0
  MONTH TO DATE    0                         0      0        0
  SINCE MAR 1      0                         0      0        0
  SINCE JAN 1      0                         0      0        0
..................................................................


WIND (MPH)
  HIGHEST WIND SPEED    13   HIGHEST WIND DIRECTION     W (290)
  HIGHEST GUST SPEED    20   HIGHEST GUST DIRECTION    SW (230)
  AVERAGE WIND SPEED     5.1


SKY COVER
  AVERAGE SKY COVER 0.2



RELATIVE HUMIDITY (PERCENT)
 HIGHEST    75           400 AM
 LOWEST     15           300 PM
 AVERAGE    45

..........................................................


THE ALBANY NY CLIMATE NORMALS FOR TOMORROW
                         NORMAL    RECORD    YEAR
 MAXIMUM TEMPERATURE (F)   56        86      1922
 MINIMUM TEMPERATURE (F)   35        21      1974


SUNRISE AND SUNSET
APRIL  9 2017.........SUNRISE   623 AM EDT   SUNSET   731 PM EDT
APRIL 10 2017.........SUNRISE   622 AM EDT   SUNSET   732 PM EDT


-  INDICATES NEGATIVE NUMBERS.
R  INDICATES RECORD WAS SET OR TIED.
MM INDICATES DATA IS MISSING.
T  INDICATES TRACE AMOUNT.




$$
