000
CDUS41 KALY 100630
CLIALB


CLIMATE REPORT
NATIONAL WEATHER SERVICE ALBANY NY
230 AM EDT SUN JUL 10 2016


...................................

...THE ALBANY NY CLIMATE SUMMARY FOR JULY 9 2016...

CLIMATE NORMAL PERIOD 1981 TO 2010
CLIMATE RECORD PERIOD 1874 TO 2016


WEATHER ITEM   OBSERVED TIME   RECORD YEAR NORMAL DEPARTURE LAST
                VALUE   (LST)  VALUE       VALUE  FROM      YEAR
                                                  NORMAL
..................................................................
TEMPERATURE (F)
 YESTERDAY
  MAXIMUM         68    337 PM 103    1936  82    -14       76
  MINIMUM         64   1139 AM  41    1963  61      3       62
  AVERAGE         66                        72     -6       69

PRECIPITATION (IN)
  YESTERDAY        0.56          2.07 2007   0.14   0.42     0.90
  MONTH TO DATE    2.61                      1.17   1.44     1.54
  SINCE JUN 1      4.92                      4.96  -0.04     8.24
  SINCE JAN 1     15.68                     19.74  -4.06    16.96

DEGREE DAYS
 HEATING
  YESTERDAY        0                         0      0        0
  MONTH TO DATE    0                         0      0        1
  SINCE JUN 1     38                        52    -14       52
  SINCE JUL 1      0                         0      0        1

 COOLING
  YESTERDAY        1                         7     -6        4
  MONTH TO DATE   69                        60      9       46
  SINCE JUN 1    212                       178     34      157
  SINCE JAN 1    287                       208     79      280
..................................................................


WIND (MPH)
  HIGHEST WIND SPEED    18   HIGHEST WIND DIRECTION     S (170)
  HIGHEST GUST SPEED    25   HIGHEST GUST DIRECTION     S (170)
  AVERAGE WIND SPEED    10.2


SKY COVER
  AVERAGE SKY COVER 1.0



RELATIVE HUMIDITY (PERCENT)
 HIGHEST    93
 LOWEST     76
 AVERAGE    85

..........................................................


THE ALBANY NY CLIMATE NORMALS FOR TODAY
                         NORMAL    RECORD    YEAR
 MAXIMUM TEMPERATURE (F)   82       100      1936
 MINIMUM TEMPERATURE (F)   61        47      1963


SUNRISE AND SUNSET
JULY 10 2016..........SUNRISE   527 AM EDT   SUNSET   834 PM EDT
JULY 11 2016..........SUNRISE   528 AM EDT   SUNSET   834 PM EDT


-  INDICATES NEGATIVE NUMBERS.
R  INDICATES RECORD WAS SET OR TIED.
MM INDICATES DATA IS MISSING.
T  INDICATES TRACE AMOUNT.




$$
