000
CDUS41 KALY 180628
CLIALB


CLIMATE REPORT
NATIONAL WEATHER SERVICE ALBANY NY
226 AM EDT SAT JUL 18 2015


...................................

...THE ALBANY NY CLIMATE SUMMARY FOR JULY 17 2015...

CLIMATE NORMAL PERIOD 1981 TO 2010
CLIMATE RECORD PERIOD 1874 TO 2015


WEATHER ITEM   OBSERVED TIME   RECORD YEAR NORMAL DEPARTURE LAST
                VALUE   (LST)  VALUE       VALUE  FROM      YEAR
                                                  NORMAL
..................................................................
TEMPERATURE (F)
 YESTERDAY
  MAXIMUM         82    233 PM  99    1900  83     -1       78
  MINIMUM         52    502 AM  45    1974  62    -10       55
  AVERAGE         67                        72     -5       67

PRECIPITATION (IN)
  YESTERDAY        T             1.62 1907   0.14  -0.14     0.00
  MONTH TO DATE    1.54                      2.25  -0.71     3.93
  SINCE JUN 1      8.24                      6.04   2.20     8.70
  SINCE JAN 1     16.96                     20.82  -3.86    22.26

DEGREE DAYS
 HEATING
  YESTERDAY        0                         0      0        0
  MONTH TO DATE    1                         0      1        0
  SINCE JUN 1     52                        52      0       12
  SINCE JUL 1      1                         0      1        0

 COOLING
  YESTERDAY        2                         7     -5        2
  MONTH TO DATE   99                       116    -17      147
  SINCE JUN 1    210                       234    -24      295
  SINCE JAN 1    333                       264     69      330
..................................................................


WIND (MPH)
  HIGHEST WIND SPEED    18   HIGHEST WIND DIRECTION     S (170)
  HIGHEST GUST SPEED    27   HIGHEST GUST DIRECTION     S (200)
  AVERAGE WIND SPEED     7.0


SKY COVER
  AVERAGE SKY COVER 0.7



RELATIVE HUMIDITY (PERCENT)
 HIGHEST    89
 LOWEST     40
 AVERAGE    65

..........................................................


THE ALBANY NY CLIMATE NORMALS FOR TODAY
                         NORMAL    RECORD    YEAR
 MAXIMUM TEMPERATURE (F)   83       100      1953
 MINIMUM TEMPERATURE (F)   62        46      1939


SUNRISE AND SUNSET
JULY 18 2015..........SUNRISE   533 AM EDT   SUNSET   830 PM EDT
JULY 19 2015..........SUNRISE   534 AM EDT   SUNSET   829 PM EDT


-  INDICATES NEGATIVE NUMBERS.
R  INDICATES RECORD WAS SET OR TIED.
MM INDICATES DATA IS MISSING.
T  INDICATES TRACE AMOUNT.




$$
