000
CDUS41 KALY 092044
CLIALB


CLIMATE REPORT
NATIONAL WEATHER SERVICE ALBANY NY
444 PM EDT FRI SEP 9 2016


...................................

...THE ALBANY NY CLIMATE SUMMARY FOR SEPTEMBER 9 2016...
VALID TODAY AS OF 0400 PM LOCAL TIME.

CLIMATE NORMAL PERIOD 1981 TO 2010
CLIMATE RECORD PERIOD 1874 TO 2016


WEATHER ITEM   OBSERVED TIME   RECORD YEAR NORMAL DEPARTURE LAST
                VALUE   (LST)  VALUE       VALUE  FROM      YEAR
                                                  NORMAL
..................................................................
TEMPERATURE (F)
 TODAY
  MAXIMUM         87    255 PM  94    1959  75     12       92
  MINIMUM         73    620 AM  36    1938  54     19       71
  AVERAGE         80                        65     15       82

PRECIPITATION (IN)
  TODAY            T             2.35 1924   0.11  -0.11     0.03
  MONTH TO DATE    0.57                      0.91  -0.34     0.68
  SINCE SEP 1      0.57                      0.91  -0.34     0.68
  SINCE JAN 1     24.02                     27.06  -3.04    23.82

DEGREE DAYS
 HEATING
  TODAY            0                         3     -3        0
  MONTH TO DATE    0                        18    -18        0
  SINCE SEP 1      0                        18    -18        0
  SINCE JUL 1      1                        41    -40        1

 COOLING
  TODAY           15                         2     13       17
  MONTH TO DATE   61                        27     34      107
  SINCE SEP 1     61                        27     34      107
  SINCE JAN 1    849                       570    279      855
..................................................................


WIND (MPH)
  HIGHEST WIND SPEED    15   HIGHEST WIND DIRECTION     W (280)
  HIGHEST GUST SPEED    20   HIGHEST GUST DIRECTION     W (280)
  AVERAGE WIND SPEED     7.0


SKY COVER
  AVERAGE SKY COVER 0.8



RELATIVE HUMIDITY (PERCENT)
 HIGHEST    93           400 AM
 LOWEST     43           300 PM
 AVERAGE    68

..........................................................


THE ALBANY NY CLIMATE NORMALS FOR TOMORROW
                         NORMAL    RECORD    YEAR
 MAXIMUM TEMPERATURE (F)   75        96      1931
 MINIMUM TEMPERATURE (F)   54        34      1978


SUNRISE AND SUNSET
SEPTEMBER  9 2016.....SUNRISE   629 AM EDT   SUNSET   715 PM EDT
SEPTEMBER 10 2016.....SUNRISE   630 AM EDT   SUNSET   713 PM EDT


-  INDICATES NEGATIVE NUMBERS.
R  INDICATES RECORD WAS SET OR TIED.
MM INDICATES DATA IS MISSING.
T  INDICATES TRACE AMOUNT.




$$
