000
CDUS41 KALY 300641
CLIALB


CLIMATE REPORT
NATIONAL WEATHER SERVICE ALBANY NY
241 AM EDT MON OCT 30 2017


...................................

...THE ALBANY NY CLIMATE SUMMARY FOR OCTOBER 29 2017...

CLIMATE NORMAL PERIOD 1981 TO 2010
CLIMATE RECORD PERIOD 1874 TO 2017


WEATHER ITEM   OBSERVED TIME   RECORD YEAR NORMAL DEPARTURE LAST
                VALUE   (LST)  VALUE       VALUE  FROM      YEAR
                                                  NORMAL
..................................................................
TEMPERATURE (F)
 YESTERDAY
  MAXIMUM         65   1159 PM  77    1946  55     10       53
  MINIMUM         59    351 AM  19    1969  36     23       37
  AVERAGE         62                        45     17       45

PRECIPITATION (IN)
  YESTERDAY        1.06          1.59 2003   0.12   0.94     0.05
  MONTH TO DATE    2.79                      3.45  -0.66     2.79
  SINCE SEP 1      5.52                      6.75  -1.23     4.97
  SINCE JAN 1     37.32                     32.90   4.42    28.42

SNOWFALL (IN)
  YESTERDAY        0.0           3.8  2011   0.0    0.0      0.0
  MONTH TO DATE    0.0                       0.2   -0.2      1.7
  SINCE SEP 1      0.0                       0.2   -0.2      1.7
  SINCE JUL 1      0.0                       0.2   -0.2      1.7
  SNOW DEPTH       0

DEGREE DAYS
 HEATING
  YESTERDAY        3                        20    -17       20
  MONTH TO DATE  212                       439   -227      350
  SINCE SEP 1    305                       583   -278      416
  SINCE JUL 1    324                       606   -282      417

 COOLING
  YESTERDAY        0                         0      0        0
  MONTH TO DATE   19                         0     19        6
  SINCE SEP 1    139                        51     88      114
  SINCE JAN 1    714                       594    120      902
..................................................................


WIND (MPH)
  HIGHEST WIND SPEED    21   HIGHEST WIND DIRECTION    NE (30)
  HIGHEST GUST SPEED    30   HIGHEST GUST DIRECTION    NE (40)
  AVERAGE WIND SPEED     6.5


SKY COVER
  AVERAGE SKY COVER 1.0



RELATIVE HUMIDITY (PERCENT)
 HIGHEST    97
 LOWEST     78
 AVERAGE    88

..........................................................


THE ALBANY NY CLIMATE NORMALS FOR TODAY
                         NORMAL    RECORD    YEAR
 MAXIMUM TEMPERATURE (F)   54        80      1946
 MINIMUM TEMPERATURE (F)   36        20      1969


SUNRISE AND SUNSET
OCTOBER 30 2017.......SUNRISE   727 AM EDT   SUNSET   550 PM EDT
OCTOBER 31 2017.......SUNRISE   728 AM EDT   SUNSET   549 PM EDT


-  INDICATES NEGATIVE NUMBERS.
R  INDICATES RECORD WAS SET OR TIED.
MM INDICATES DATA IS MISSING.
T  INDICATES TRACE AMOUNT.




$$
