237
CDUS41 KALY 070624
CLIALB


CLIMATE REPORT
NATIONAL WEATHER SERVICE ALBANY NY
223 AM EDT MON AUG 7 2017


...................................

...THE ALBANY NY CLIMATE SUMMARY FOR AUGUST 6 2017...

CLIMATE NORMAL PERIOD 1981 TO 2010
CLIMATE RECORD PERIOD 1874 TO 2017


WEATHER ITEM   OBSERVED TIME   RECORD YEAR NORMAL DEPARTURE LAST
                VALUE   (LST)  VALUE       VALUE  FROM      YEAR
                                                  NORMAL
..................................................................
TEMPERATURE (F)
 YESTERDAY
  MAXIMUM         76    432 PM  98    1900  82     -6       86
  MINIMUM         54    529 AM  45    1994  61     -7       69
  AVERAGE         65                        72     -7       78

PRECIPITATION (IN)
  YESTERDAY        0.00          2.27 1936   0.12  -0.12     0.06
  MONTH TO DATE    0.74                      0.76  -0.02     1.38
  SINCE JUN 1      9.87                      8.67   1.20    10.13
  SINCE JAN 1     28.78                     23.45   5.33    20.89

DEGREE DAYS
 HEATING
  YESTERDAY        0                         0      0        0
  MONTH TO DATE    0                         0      0        0
  SINCE JUN 1     53                        57     -4       38
  SINCE JUL 1      2                         5     -3        0

 COOLING
  YESTERDAY        0                         7     -7       13
  MONTH TO DATE   49                        42      7       49
  SINCE JUN 1    416                       378     38      477
  SINCE JAN 1    466                       408     58      552
..................................................................


WIND (MPH)
  HIGHEST WIND SPEED    18   HIGHEST WIND DIRECTION     W (280)
  HIGHEST GUST SPEED    24   HIGHEST GUST DIRECTION    NW (300)
  AVERAGE WIND SPEED     8.4


SKY COVER
  AVERAGE SKY COVER 0.5



RELATIVE HUMIDITY (PERCENT)
 HIGHEST    77
 LOWEST     38
 AVERAGE    58

..........................................................


THE ALBANY NY CLIMATE NORMALS FOR TODAY
                         NORMAL    RECORD    YEAR
 MAXIMUM TEMPERATURE (F)   82       102      1918
 MINIMUM TEMPERATURE (F)   61        46      1994


SUNRISE AND SUNSET
AUGUST  7 2017........SUNRISE   553 AM EDT   SUNSET   808 PM EDT
AUGUST  8 2017........SUNRISE   554 AM EDT   SUNSET   807 PM EDT


-  INDICATES NEGATIVE NUMBERS.
R  INDICATES RECORD WAS SET OR TIED.
MM INDICATES DATA IS MISSING.
T  INDICATES TRACE AMOUNT.




$$
