000
CDUS41 KALY 092045
CLIALB


CLIMATE REPORT
NATIONAL WEATHER SERVICE ALBANY NY
444 PM EDT MON MAY 9 2016


...................................

...THE ALBANY NY CLIMATE SUMMARY FOR MAY 9 2016...
VALID TODAY AS OF 0400 PM LOCAL TIME.

CLIMATE NORMAL PERIOD 1981 TO 2010
CLIMATE RECORD PERIOD 1874 TO 2016


WEATHER ITEM   OBSERVED TIME   RECORD YEAR NORMAL DEPARTURE LAST
                VALUE   (LST)  VALUE       VALUE  FROM      YEAR
                                                  NORMAL
..................................................................
TEMPERATURE (F)
 TODAY
  MAXIMUM         61    214 PM  93    1979  67     -6       81
  MINIMUM         39    422 AM  27    1956  45     -6       61
  AVERAGE         50                        56     -6       71

PRECIPITATION (IN)
  TODAY            0.00          0.94 1961   0.11  -0.11     0.00
  MONTH TO DATE    1.24                      0.97   0.27     0.00
  SINCE MAR 1      4.26                      7.35  -3.09     3.35
  SINCE JAN 1      9.57                     12.14  -2.57     7.67

SNOWFALL (IN)
  TODAY            0.0           1.6  1977   0.0    0.0      0.0
  MONTH TO DATE    0.0                       0.1   -0.1      0.0
  SINCE MAR 1      6.6                      13.4   -6.8      5.3
  SINCE JUL 1     16.9                      60.3  -43.4     75.9
  SNOW DEPTH       0

DEGREE DAYS
 HEATING
  TODAY           15                         9      6        0
  MONTH TO DATE  119                        94     25       16
  SINCE MAR 1   1370                      1543   -173     1612
  SINCE JUL 1   5299                      6487  -1188     6742

 COOLING
  TODAY            0                         0      0        6
  MONTH TO DATE    0                         0      0       28
  SINCE MAR 1      2                         4     -2       28
  SINCE JAN 1      2                         4     -2       28
..................................................................


WIND (MPH)
  HIGHEST WIND SPEED    24   HIGHEST WIND DIRECTION     W (280)
  HIGHEST GUST SPEED    35   HIGHEST GUST DIRECTION     W (290)
  AVERAGE WIND SPEED    10.2


SKY COVER
  AVERAGE SKY COVER 0.3



RELATIVE HUMIDITY (PERCENT)
 HIGHEST    79           200 AM
 LOWEST     29           300 PM
 AVERAGE    54

..........................................................


THE ALBANY NY CLIMATE NORMALS FOR TOMORROW
                         NORMAL    RECORD    YEAR
 MAXIMUM TEMPERATURE (F)   68        92      1970
 MINIMUM TEMPERATURE (F)   45        28      1958


SUNRISE AND SUNSET
MAY  9 2016...........SUNRISE   539 AM EDT   SUNSET   805 PM EDT
MAY 10 2016...........SUNRISE   538 AM EDT   SUNSET   806 PM EDT


-  INDICATES NEGATIVE NUMBERS.
R  INDICATES RECORD WAS SET OR TIED.
MM INDICATES DATA IS MISSING.
T  INDICATES TRACE AMOUNT.




$$
