000
CDUS41 KALY 080627
CLIALB


CLIMATE REPORT
NATIONAL WEATHER SERVICE ALBANY NY
227 AM EDT MON AUG 8 2016


...................................

...THE ALBANY NY CLIMATE SUMMARY FOR AUGUST 7 2016...

CLIMATE NORMAL PERIOD 1981 TO 2010
CLIMATE RECORD PERIOD 1874 TO 2016


WEATHER ITEM   OBSERVED TIME   RECORD YEAR NORMAL DEPARTURE LAST
                VALUE   (LST)  VALUE       VALUE  FROM      YEAR
                                                  NORMAL
..................................................................
TEMPERATURE (F)
 YESTERDAY
  MAXIMUM         84    312 PM 102    1918  82      2       80
  MINIMUM         62    503 AM  46    1994  61      1       56
  AVERAGE         73                        71      2       68

PRECIPITATION (IN)
  YESTERDAY        0.00          2.82 1901   0.12  -0.12     0.00
  MONTH TO DATE    1.38                      0.88   0.50     0.52
  SINCE JUN 1     10.13                      8.79   1.34    10.64
  SINCE JAN 1     20.89                     23.57  -2.68    19.36

DEGREE DAYS
 HEATING
  YESTERDAY        0                         0      0        0
  MONTH TO DATE    0                         0      0        0
  SINCE JUN 1     38                        57    -19       52
  SINCE JUL 1      0                         5     -5        1

 COOLING
  YESTERDAY        8                         7      1        3
  MONTH TO DATE   57                        49      8       49
  SINCE JUN 1    485                       385    100      415
  SINCE JAN 1    560                       415    145      538
..................................................................


WIND (MPH)
  HIGHEST WIND SPEED    20   HIGHEST WIND DIRECTION     W (280)
  HIGHEST GUST SPEED    25   HIGHEST GUST DIRECTION     W (290)
  AVERAGE WIND SPEED     8.8


SKY COVER
  AVERAGE SKY COVER 0.3



RELATIVE HUMIDITY (PERCENT)
 HIGHEST    84
 LOWEST     43
 AVERAGE    64

..........................................................


THE ALBANY NY CLIMATE NORMALS FOR TODAY
                         NORMAL    RECORD    YEAR
 MAXIMUM TEMPERATURE (F)   82        95      1983
 MINIMUM TEMPERATURE (F)   61        46      1948


SUNRISE AND SUNSET
AUGUST  8 2016........SUNRISE   555 AM EDT   SUNSET   806 PM EDT
AUGUST  9 2016........SUNRISE   556 AM EDT   SUNSET   805 PM EDT


-  INDICATES NEGATIVE NUMBERS.
R  INDICATES RECORD WAS SET OR TIED.
MM INDICATES DATA IS MISSING.
T  INDICATES TRACE AMOUNT.




$$
