000
CDUS41 KALY 170623
CLIALB


CLIMATE REPORT
NATIONAL WEATHER SERVICE ALBANY NY
122 AM EST THU NOV 17 2016


...................................

...THE ALBANY NY CLIMATE SUMMARY FOR NOVEMBER 16 2016...

CLIMATE NORMAL PERIOD 1981 TO 2010
CLIMATE RECORD PERIOD 1874 TO 2016


WEATHER ITEM   OBSERVED TIME   RECORD YEAR NORMAL DEPARTURE LAST
                VALUE   (LST)  VALUE       VALUE  FROM      YEAR
                                                  NORMAL
..................................................................
TEMPERATURE (F)
 YESTERDAY
  MAXIMUM         55    316 PM  71    2006  48      7       59
  MINIMUM         39    905 PM   7    1972  32      7       35
  AVERAGE         47                        40      7       47

PRECIPITATION (IN)
  YESTERDAY        0.09          1.31 1892   0.10  -0.01     0.00
  MONTH TO DATE    1.98                      1.74   0.24     1.32
  SINCE SEP 1      7.06                      8.72  -1.66    11.41
  SINCE JAN 1     30.51                     34.87  -4.36    34.55

SNOWFALL (IN)
  YESTERDAY        0.0           3.4  2002   0.1   -0.1      0.0
  MONTH TO DATE    0.0                       0.8   -0.8       T
  SINCE SEP 1      1.7                       1.1    0.6       T
  SINCE JUL 1      1.7                       1.1    0.6       T
  SNOW DEPTH       0

DEGREE DAYS
 HEATING
  YESTERDAY       18                        25     -7       18
  MONTH TO DATE  334                       367    -33      235
  SINCE SEP 1    788                       989   -201      742
  SINCE JUL 1    789                      1012   -223      743

 COOLING
  YESTERDAY        0                         0      0        0
  MONTH TO DATE    0                         0      0        0
  SINCE SEP 1    114                        55     59      158
  SINCE JAN 1    902                       598    304      906
..................................................................


WIND (MPH)
  HIGHEST WIND SPEED    20   HIGHEST WIND DIRECTION     W (290)
  HIGHEST GUST SPEED    25   HIGHEST GUST DIRECTION     W (290)
  AVERAGE WIND SPEED     8.6


SKY COVER
  AVERAGE SKY COVER 0.6



RELATIVE HUMIDITY (PERCENT)
 HIGHEST    93
 LOWEST     54
 AVERAGE    74

..........................................................


THE ALBANY NY CLIMATE NORMALS FOR TODAY
                         NORMAL    RECORD    YEAR
 MAXIMUM TEMPERATURE (F)   47        72      1928
 MINIMUM TEMPERATURE (F)   31         7      1972


SUNRISE AND SUNSET
NOVEMBER 17 2016......SUNRISE   650 AM EST   SUNSET   430 PM EST
NOVEMBER 18 2016......SUNRISE   651 AM EST   SUNSET   429 PM EST


-  INDICATES NEGATIVE NUMBERS.
R  INDICATES RECORD WAS SET OR TIED.
MM INDICATES DATA IS MISSING.
T  INDICATES TRACE AMOUNT.




$$
