000
CDUS41 KALY 280625
CLIALB


CLIMATE REPORT
NATIONAL WEATHER SERVICE ALBANY NY
123 AM EST THU JAN 28 2016


...................................

...THE ALBANY NY CLIMATE SUMMARY FOR JANUARY 27 2016...

CLIMATE NORMAL PERIOD 1981 TO 2010
CLIMATE RECORD PERIOD 1874 TO 2016


WEATHER ITEM   OBSERVED TIME   RECORD YEAR NORMAL DEPARTURE LAST
                VALUE   (LST)  VALUE       VALUE  FROM      YEAR
                                                  NORMAL
..................................................................
TEMPERATURE (F)
 YESTERDAY
  MAXIMUM         44   1252 PM  62    1974  31     13       17
  MINIMUM         20   1058 PM -23    1994  14      6       11
  AVERAGE         32                        23      9       14

PRECIPITATION (IN)
  YESTERDAY        0.00          1.31 1880   0.08  -0.08     0.23
  MONTH TO DATE    1.24                      2.26  -1.02     1.99
  SINCE DEC 1      4.91                      5.19  -0.28     7.36
  SINCE JAN 1      1.24                      2.26  -1.02     1.99

SNOWFALL (IN)
  YESTERDAY        0.0           9.3  1963   0.6   -0.6      5.6
  MONTH TO DATE    3.3                      15.8  -12.5     12.9
  SINCE DEC 1      5.5                      29.5  -24.0     25.1
  SINCE JUL 1      5.5                      32.6  -27.1     37.4
  SNOW DEPTH       0

DEGREE DAYS
 HEATING
  YESTERDAY       33                        42     -9       51
  MONTH TO DATE 1026                      1150   -124     1190
  SINCE DEC 1   1736                      2281   -545     2188
  SINCE JUL 1   2819                      3685   -866     3463

 COOLING
  YESTERDAY        0                         0      0        0
  MONTH TO DATE    0                         0      0        0
  SINCE DEC 1      0                         0      0        0
  SINCE JAN 1      0                         0      0        0
..................................................................


WIND (MPH)
  HIGHEST WIND SPEED    30   HIGHEST WIND DIRECTION     W (290)
  HIGHEST GUST SPEED    43   HIGHEST GUST DIRECTION    NW (300)
  AVERAGE WIND SPEED    11.4


SKY COVER
  AVERAGE SKY COVER 0.6



RELATIVE HUMIDITY (PERCENT)
 HIGHEST    77
 LOWEST     40
 AVERAGE    59

..........................................................


THE ALBANY NY CLIMATE NORMALS FOR TODAY
                         NORMAL    RECORD    YEAR
 MAXIMUM TEMPERATURE (F)   31        56      1916
 MINIMUM TEMPERATURE (F)   15       -16      2005


SUNRISE AND SUNSET
JANUARY 28 2016.......SUNRISE   714 AM EST   SUNSET   502 PM EST
JANUARY 29 2016.......SUNRISE   713 AM EST   SUNSET   504 PM EST


-  INDICATES NEGATIVE NUMBERS.
R  INDICATES RECORD WAS SET OR TIED.
MM INDICATES DATA IS MISSING.
T  INDICATES TRACE AMOUNT.




$$
