000
CDUS41 KALY 180644
CLIALB


CLIMATE REPORT
NATIONAL WEATHER SERVICE ALBANY NY
140 AM EST SUN JAN 18 2015


...................................

...THE ALBANY NY CLIMATE SUMMARY FOR JANUARY 17 2015...

CLIMATE NORMAL PERIOD 1981 TO 2010
CLIMATE RECORD PERIOD 1874 TO 2015


WEATHER ITEM   OBSERVED TIME   RECORD YEAR NORMAL DEPARTURE LAST
                VALUE   (LST)  VALUE       VALUE  FROM      YEAR
                                                  NORMAL
..................................................................
TEMPERATURE (F)
 YESTERDAY
  MAXIMUM         24   1159 PM  62    1889  30     -6       39
  MINIMUM         -2    513 AM -23    1971  14    -16       18
  AVERAGE         11                        22    -11       29

PRECIPITATION (IN)
  YESTERDAY        0.00          0.75 1909   0.08  -0.08     0.00
  MONTH TO DATE    1.09                      1.41  -0.32     2.20
  SINCE DEC 1      6.46                      4.34   2.12     5.58
  SINCE JAN 1      1.09                      1.41  -0.32     2.20

SNOWFALL (IN)
  YESTERDAY        0.0          10.9  1994   0.7   -0.7      0.0
  MONTH TO DATE    6.3                       9.9   -3.6     11.0
  SINCE DEC 1     18.5                      23.6   -5.1     31.0
  SINCE JUL 1     30.8                      26.4    4.4     33.1
  SNOW DEPTH       2

DEGREE DAYS
 HEATING
  YESTERDAY       54                        43     11       36
  MONTH TO DATE  777                       722     55      708
  SINCE DEC 1   1775                      1853    -78     1862
  SINCE JUL 1   3050                      3257   -207     3232

 COOLING
  YESTERDAY        0                         0      0        0
  MONTH TO DATE    0                         0      0        0
  SINCE DEC 1      0                         0      0        0
  SINCE JAN 1      0                         0      0        0
..................................................................


WIND (MPH)
  HIGHEST WIND SPEED    26   HIGHEST WIND DIRECTION     S (170)
  HIGHEST GUST SPEED    36   HIGHEST GUST DIRECTION     S (170)
  AVERAGE WIND SPEED     6.0


SKY COVER
  AVERAGE SKY COVER 0.4



RELATIVE HUMIDITY (PERCENT)
 HIGHEST    69
 LOWEST     33
 AVERAGE    51

..........................................................


THE ALBANY NY CLIMATE NORMALS FOR TODAY
                         NORMAL    RECORD    YEAR
 MAXIMUM TEMPERATURE (F)   30        59      1973
 MINIMUM TEMPERATURE (F)   14       -19      1957


SUNRISE AND SUNSET
JANUARY 18 2015.......SUNRISE   721 AM EST   SUNSET   450 PM EST
JANUARY 19 2015.......SUNRISE   721 AM EST   SUNSET   451 PM EST


-  INDICATES NEGATIVE NUMBERS.
R  INDICATES RECORD WAS SET OR TIED.
MM INDICATES DATA IS MISSING.
T  INDICATES TRACE AMOUNT.




$$
