000
CDUS41 KALY 020628
CLIALB


CLIMATE REPORT
NATIONAL WEATHER SERVICE ALBANY NY
225 AM EDT WED APR 2 2014


...................................

...THE ALBANY NY CLIMATE SUMMARY FOR APRIL 1 2014...

CLIMATE NORMAL PERIOD 1981 TO 2010
CLIMATE RECORD PERIOD 1874 TO 2014


WEATHER ITEM   OBSERVED TIME   RECORD YEAR NORMAL DEPARTURE LAST
                VALUE   (LST)  VALUE       VALUE  FROM      YEAR
                                                  NORMAL
..................................................................
TEMPERATURE (F)
 YESTERDAY
  MAXIMUM         52    210 PM  77    1986  52      0       51
  MINIMUM         28    558 AM   9    1923  32     -4       28
  AVERAGE         40                        42     -2       40

PRECIPITATION (IN)
  YESTERDAY        0.00          1.33 1976   0.10  -0.10     0.03
  MONTH TO DATE    0.00                      0.10  -0.10     0.03
  SINCE MAR 1      2.72                      3.31  -0.59     2.52
  SINCE JAN 1      8.51                      8.10   0.41     5.65

SNOWFALL (IN)
  YESTERDAY        0.0           5.0  1924   0.1   -0.1       T
  MONTH TO DATE    0.0                       0.1   -0.1       T
  SINCE MAR 1      5.9                      10.3   -4.4     19.5
  SINCE JUL 1     71.1                      56.8   14.3     50.2
  SNOW DEPTH       0

DEGREE DAYS
 HEATING
  YESTERDAY       25                        23      2       25
  MONTH TO DATE   25                        23      2       25
  SINCE MAR 1   1172                       952    220      984
  SINCE JUL 1   6289                      5896    393     5522

 COOLING
  YESTERDAY        0                         0      0        0
  MONTH TO DATE    0                         0      0        0
  SINCE MAR 1      0                         0      0        0
  SINCE JAN 1      0                         0      0        0
..................................................................


WIND (MPH)
  HIGHEST WIND SPEED    10   HIGHEST WIND DIRECTION     N (20)
  HIGHEST GUST SPEED    16   HIGHEST GUST DIRECTION    NW (330)
  AVERAGE WIND SPEED     3.7


SKY COVER
  AVERAGE SKY COVER 0.4



RELATIVE HUMIDITY (PERCENT)
 HIGHEST    78
 LOWEST     38
 AVERAGE    58

..........................................................


THE ALBANY NY CLIMATE NORMALS FOR TODAY
                         NORMAL    RECORD    YEAR
 MAXIMUM TEMPERATURE (F)   52        77      2010
 MINIMUM TEMPERATURE (F)   32        17      1956


SUNRISE AND SUNSET
APRIL  2 2014.........SUNRISE   636 AM EDT   SUNSET   722 PM EDT
APRIL  3 2014.........SUNRISE   634 AM EDT   SUNSET   724 PM EDT


-  INDICATES NEGATIVE NUMBERS.
R  INDICATES RECORD WAS SET OR TIED.
MM INDICATES DATA IS MISSING.
T  INDICATES TRACE AMOUNT.




$$
