000
CDUS41 KALY 112046
CLIALB


CLIMATE REPORT
NATIONAL WEATHER SERVICE ALBANY NY
445 PM EDT MON SEP 11 2017


...................................

...THE ALBANY NY CLIMATE SUMMARY FOR SEPTEMBER 11 2017...
VALID TODAY AS OF 0400 PM LOCAL TIME.

CLIMATE NORMAL PERIOD 1981 TO 2010
CLIMATE RECORD PERIOD 1874 TO 2017


WEATHER ITEM   OBSERVED TIME   RECORD YEAR NORMAL DEPARTURE LAST
                VALUE   (LST)  VALUE       VALUE  FROM      YEAR
                                                  NORMAL
..................................................................
TEMPERATURE (F)
 TODAY
  MAXIMUM         74    335 PM  98    1931  74      0       77
  MINIMUM         44    522 AM  36    1917  54    -10       54
  AVERAGE         59                        64     -5       66

PRECIPITATION (IN)
  TODAY            0.00          1.53 1997   0.11  -0.11     0.10
  MONTH TO DATE    2.39                      1.12   1.27     0.80
  SINCE SEP 1      2.39                      1.12   1.27     0.80
  SINCE JAN 1     34.19                     27.27   6.92    24.25

DEGREE DAYS
 HEATING
  TODAY            6                         3      3        0
  MONTH TO DATE   65                        24     41        0
  SINCE SEP 1     65                        24     41        0
  SINCE JUL 1     84                        47     37        1

 COOLING
  TODAY            0                         2     -2        1
  MONTH TO DATE    7                        31    -24       72
  SINCE SEP 1      7                        31    -24       72
  SINCE JAN 1    582                       574      8      860
..................................................................


WIND (MPH)
  HIGHEST WIND SPEED     9   HIGHEST WIND DIRECTION     N (360)
  HIGHEST GUST SPEED    13   HIGHEST GUST DIRECTION     N (10)
  AVERAGE WIND SPEED     2.4


SKY COVER
  AVERAGE SKY COVER 0.2



RELATIVE HUMIDITY (PERCENT)
 HIGHEST    93           200 AM
 LOWEST     44           300 PM
 AVERAGE    69

..........................................................


THE ALBANY NY CLIMATE NORMALS FOR TOMORROW
                         NORMAL    RECORD    YEAR
 MAXIMUM TEMPERATURE (F)   74        94      1947
 MINIMUM TEMPERATURE (F)   53        36      1875


SUNRISE AND SUNSET
SEPTEMBER 11 2017.....SUNRISE   631 AM EDT   SUNSET   712 PM EDT
SEPTEMBER 12 2017.....SUNRISE   632 AM EDT   SUNSET   710 PM EDT


-  INDICATES NEGATIVE NUMBERS.
R  INDICATES RECORD WAS SET OR TIED.
MM INDICATES DATA IS MISSING.
T  INDICATES TRACE AMOUNT.




$$
