000
CDUS41 KALY 250630
CLIALB


CLIMATE REPORT
NATIONAL WEATHER SERVICE ALBANY NY
230 AM EDT SAT JUL 25 2015


...................................

...THE ALBANY NY CLIMATE SUMMARY FOR JULY 24 2015...

CLIMATE NORMAL PERIOD 1981 TO 2010
CLIMATE RECORD PERIOD 1874 TO 2015


WEATHER ITEM   OBSERVED TIME   RECORD YEAR NORMAL DEPARTURE LAST
                VALUE   (LST)  VALUE       VALUE  FROM      YEAR
                                                  NORMAL
..................................................................
TEMPERATURE (F)
 YESTERDAY
  MAXIMUM         83    149 PM  96    1941  83      0       79
  MINIMUM         55    502 AM  45    1985  62     -7       61
  AVERAGE         69                        72     -3       70

PRECIPITATION (IN)
  YESTERDAY        0.13          1.24 1908   0.13   0.00     0.00
  MONTH TO DATE    2.94                      3.19  -0.25     4.14
  SINCE JUN 1      9.64                      6.98   2.66     8.91
  SINCE JAN 1     18.36                     21.76  -3.40    22.47

DEGREE DAYS
 HEATING
  YESTERDAY        0                         0      0        0
  MONTH TO DATE    1                         0      1        0
  SINCE JUN 1     52                        52      0       12
  SINCE JUL 1      1                         0      1        0

 COOLING
  YESTERDAY        4                         7     -3        5
  MONTH TO DATE  167                       165      2      202
  SINCE JUN 1    278                       283     -5      350
  SINCE JAN 1    401                       313     88      385
..................................................................


WIND (MPH)
  HIGHEST WIND SPEED    23   HIGHEST WIND DIRECTION     E (70)
  HIGHEST GUST SPEED    30   HIGHEST GUST DIRECTION    NE (40)
  AVERAGE WIND SPEED     2.6


SKY COVER
  AVERAGE SKY COVER 0.5



RELATIVE HUMIDITY (PERCENT)
 HIGHEST    93
 LOWEST     37
 AVERAGE    65

..........................................................


THE ALBANY NY CLIMATE NORMALS FOR TODAY
                         NORMAL    RECORD    YEAR
 MAXIMUM TEMPERATURE (F)   83        97      1963
 MINIMUM TEMPERATURE (F)   62        46      1953


SUNRISE AND SUNSET
JULY 25 2015..........SUNRISE   539 AM EDT   SUNSET   823 PM EDT
JULY 26 2015..........SUNRISE   540 AM EDT   SUNSET   822 PM EDT


-  INDICATES NEGATIVE NUMBERS.
R  INDICATES RECORD WAS SET OR TIED.
MM INDICATES DATA IS MISSING.
T  INDICATES TRACE AMOUNT.




$$
