000
CDUS41 KALY 180623
CLIALB


CLIMATE REPORT
NATIONAL WEATHER SERVICE ALBANY NY
221 AM EDT WED MAR 18 2015


...................................

...THE ALBANY NY CLIMATE SUMMARY FOR MARCH 17 2015...

CLIMATE NORMAL PERIOD 1981 TO 2010
CLIMATE RECORD PERIOD 1874 TO 2015


WEATHER ITEM   OBSERVED TIME   RECORD YEAR NORMAL DEPARTURE LAST
                VALUE   (LST)  VALUE       VALUE  FROM      YEAR
                                                  NORMAL
..................................................................
TEMPERATURE (F)
 YESTERDAY
  MAXIMUM         46   1255 PM  75    1990  45      1       27
  MINIMUM         28   1159 PM  -1    1916  26      2       12
  AVERAGE         37                        35      2       20

PRECIPITATION (IN)
  YESTERDAY        0.03          0.94 1972   0.11  -0.08     0.00
  MONTH TO DATE    0.34                      1.68  -1.34     0.73
  SINCE MAR 1      0.34                      1.68  -1.34     0.73
  SINCE JAN 1      4.66                      6.47  -1.81     6.52

SNOWFALL (IN)
  YESTERDAY        0.0           4.1  1982   0.3   -0.3      0.0
  MONTH TO DATE    2.6                       6.7   -4.1      5.5
  SINCE MAR 1      2.6                       6.7   -4.1      5.5
  SINCE JUL 1     73.2                      53.2   20.0     70.7
  SNOW DEPTH       0

DEGREE DAYS
 HEATING
  YESTERDAY       28                        30     -2       45
  MONTH TO DATE  604                       555     49      698
  SINCE MAR 1    604                       555     49      698
  SINCE JUL 1   5734                      5499    235     5815

 COOLING
  YESTERDAY        0                         0      0        0
  MONTH TO DATE    0                         0      0        0
  SINCE MAR 1      0                         0      0        0
  SINCE JAN 1      0                         0      0        0
..................................................................


WIND (MPH)
  HIGHEST WIND SPEED    37   HIGHEST WIND DIRECTION    NW (300)
  HIGHEST GUST SPEED    47   HIGHEST GUST DIRECTION    NW (310)
  AVERAGE WIND SPEED    13.1


SKY COVER
  AVERAGE SKY COVER 0.7



RELATIVE HUMIDITY (PERCENT)
 HIGHEST    85
 LOWEST     28
 AVERAGE    57

..........................................................


THE ALBANY NY CLIMATE NORMALS FOR TODAY
                         NORMAL    RECORD    YEAR
 MAXIMUM TEMPERATURE (F)   45        69      2012
 MINIMUM TEMPERATURE (F)   26        -8      1900


SUNRISE AND SUNSET
MARCH 18 2015.........SUNRISE   703 AM EDT   SUNSET   705 PM EDT
MARCH 19 2015.........SUNRISE   701 AM EDT   SUNSET   706 PM EDT


-  INDICATES NEGATIVE NUMBERS.
R  INDICATES RECORD WAS SET OR TIED.
MM INDICATES DATA IS MISSING.
T  INDICATES TRACE AMOUNT.




$$
