000
CDUS41 KALY 022157
CLIALB


CLIMATE REPORT
NATIONAL WEATHER SERVICE ALBANY NY
456 PM EST TUE JAN 2 2018


...................................

...THE ALBANY NY CLIMATE SUMMARY FOR JANUARY 2 2018...
VALID TODAY AS OF 0400 PM LOCAL TIME.

CLIMATE NORMAL PERIOD 1981 TO 2010
CLIMATE RECORD PERIOD 1874 TO 2018


WEATHER ITEM   OBSERVED TIME   RECORD YEAR NORMAL DEPARTURE LAST
                VALUE   (LST)  VALUE       VALUE  FROM      YEAR
                                                  NORMAL
..................................................................
TEMPERATURE (F)
 TODAY
  MAXIMUM         20    421 PM  61    1890  31    -11       36
  MINIMUM         -4   1215 AM -20    1970  16    -20       17
  AVERAGE          8                        23    -15       27

PRECIPITATION (IN)
  TODAY            T             1.03 1979   0.08  -0.08      T
  MONTH TO DATE    T                         0.16  -0.16     0.04
  SINCE DEC 1      1.93                      3.09  -1.16     1.79
  SINCE JAN 1      T                         0.16  -0.16     0.04

SNOWFALL (IN)
  TODAY            T             7.1  2014   0.5   -0.5      0.0
  MONTH TO DATE    T                         1.1   -1.1      0.1
  SINCE DEC 1     12.1                      14.8   -2.7     12.2
  SINCE JUL 1     12.1                      17.9   -5.8     14.5
  SNOW DEPTH       3

DEGREE DAYS
 HEATING
  TODAY           57                        42     15       38
  MONTH TO DATE  121                        83     38       74
  SINCE DEC 1   1360                      1214    146     1141
  SINCE JUL 1   2474                      2618   -144     2297

 COOLING
  TODAY            0                         0      0        0
  MONTH TO DATE    0                         0      0        0
  SINCE DEC 1      0                         0      0        0
  SINCE JAN 1      0                         0      0        0
..................................................................


WIND (MPH)
  HIGHEST WIND SPEED    17   HIGHEST WIND DIRECTION    NW (310)
  HIGHEST GUST SPEED    22   HIGHEST GUST DIRECTION    NW (310)
  AVERAGE WIND SPEED     5.4


SKY COVER
  AVERAGE SKY COVER 0.5



RELATIVE HUMIDITY (PERCENT)
 HIGHEST    82          1200 AM
 LOWEST     53           200 PM
 AVERAGE    68

..........................................................


THE ALBANY NY CLIMATE NORMALS FOR TOMORROW
                         NORMAL    RECORD    YEAR
 MAXIMUM TEMPERATURE (F)   31        61      1913
 MINIMUM TEMPERATURE (F)   16       -14      1970


SUNRISE AND SUNSET
JANUARY  2 2018.......SUNRISE   726 AM EST   SUNSET   433 PM EST
JANUARY  3 2018.......SUNRISE   726 AM EST   SUNSET   434 PM EST


-  INDICATES NEGATIVE NUMBERS.
R  INDICATES RECORD WAS SET OR TIED.
MM INDICATES DATA IS MISSING.
T  INDICATES TRACE AMOUNT.




$$
