000
CDUS41 KALY 060634
CLIALB


CLIMATE REPORT
NATIONAL WEATHER SERVICE ALBANY NY
233 AM EDT TUE JUN 6 2017


...................................

...THE ALBANY NY CLIMATE SUMMARY FOR JUNE 5 2017...

CLIMATE NORMAL PERIOD 1981 TO 2010
CLIMATE RECORD PERIOD 1874 TO 2017


WEATHER ITEM   OBSERVED TIME   RECORD YEAR NORMAL DEPARTURE LAST
                VALUE   (LST)  VALUE       VALUE  FROM      YEAR
                                                  NORMAL
..................................................................
TEMPERATURE (F)
 YESTERDAY
  MAXIMUM         66    114 PM  97    1925  75     -9       71
  MINIMUM         55    352 AM  39    1990  53      2       64
  AVERAGE         61                        64     -3       68

PRECIPITATION (IN)
  YESTERDAY        1.48          1.69 1982   0.13   1.35     1.29
  MONTH TO DATE    1.53                      0.65   0.88     1.29
  SINCE JUN 1      1.53                      0.65   0.88     1.29
  SINCE JAN 1     20.44                     15.43   5.01    12.05

DEGREE DAYS
 HEATING
  YESTERDAY        4                         3      1        0
  MONTH TO DATE   31                        17     14        0
  SINCE JUN 1     31                        17     14        0
  SINCE JUL 1   5848                      6645   -797     5416

 COOLING
  YESTERDAY        0                         2     -2        3
  MONTH TO DATE    0                        10    -10       33
  SINCE JUN 1      0                        10    -10       33
  SINCE JAN 1     50                        40     10      108
..................................................................


WIND (MPH)
  HIGHEST WIND SPEED    16   HIGHEST WIND DIRECTION     E (110)
  HIGHEST GUST SPEED    22   HIGHEST GUST DIRECTION    SE (120)
  AVERAGE WIND SPEED     4.0


SKY COVER
  AVERAGE SKY COVER 1.0



RELATIVE HUMIDITY (PERCENT)
 HIGHEST    93
 LOWEST     73
 AVERAGE    83

..........................................................


THE ALBANY NY CLIMATE NORMALS FOR TODAY
                         NORMAL    RECORD    YEAR
 MAXIMUM TEMPERATURE (F)   75        94      1925
 MINIMUM TEMPERATURE (F)   54        38      1971


SUNRISE AND SUNSET
JUNE  6 2017..........SUNRISE   518 AM EDT   SUNSET   831 PM EDT
JUNE  7 2017..........SUNRISE   517 AM EDT   SUNSET   831 PM EDT


-  INDICATES NEGATIVE NUMBERS.
R  INDICATES RECORD WAS SET OR TIED.
MM INDICATES DATA IS MISSING.
T  INDICATES TRACE AMOUNT.




$$
