000
CDUS41 KALY 190644
CLIALB


CLIMATE REPORT
NATIONAL WEATHER SERVICE ALBANY NY
140 AM EST WED NOV 19 2014


...................................

...THE ALBANY NY CLIMATE SUMMARY FOR NOVEMBER 18 2014...

CLIMATE NORMAL PERIOD 1981 TO 2010
CLIMATE RECORD PERIOD 1874 TO 2014


WEATHER ITEM   OBSERVED TIME   RECORD YEAR NORMAL DEPARTURE LAST
                VALUE   (LST)  VALUE       VALUE  FROM      YEAR
                                                  NORMAL
..................................................................
TEMPERATURE (F)
 YESTERDAY
  MAXIMUM         39   1210 AM  71    1928  47     -8       62
  MINIMUM         20   1133 PM  10    1972  31    -11       41
  AVERAGE         30                        39     -9       52

PRECIPITATION (IN)
  YESTERDAY        T             1.68 1918   0.12  -0.12     0.11
  MONTH TO DATE    1.26                      1.97  -0.71     0.52
  SINCE SEP 1      6.37                      8.95  -2.58     7.62
  SINCE JAN 1     33.15                     35.10  -1.95    39.13

SNOWFALL (IN)
  YESTERDAY        T             9.0  1980   0.1   -0.1      0.0
  MONTH TO DATE    1.0                       1.0    0.0       T
  SINCE SEP 1      1.0                       1.0    0.0       T
  SINCE JUL 1      1.0                       1.0    0.0       T
  SNOW DEPTH       0

DEGREE DAYS
 HEATING
  YESTERDAY       35                        26      9       13
  MONTH TO DATE  429                       419     10      397
  SINCE SEP 1    901                      1041   -140      938
  SINCE JUL 1    909                      1064   -155      944

 COOLING
  YESTERDAY        0                         0      0        0
  MONTH TO DATE    0                         0      0        0
  SINCE SEP 1     92                        55     37       65
  SINCE JAN 1    659                       598     61      763
..................................................................


WIND (MPH)
  HIGHEST WIND SPEED    26   HIGHEST WIND DIRECTION     W (270)
  HIGHEST GUST SPEED    34   HIGHEST GUST DIRECTION     W (270)
  AVERAGE WIND SPEED    14.7


SKY COVER
  AVERAGE SKY COVER 0.5



RELATIVE HUMIDITY (PERCENT)
 HIGHEST    70
 LOWEST     31
 AVERAGE    51

..........................................................


THE ALBANY NY CLIMATE NORMALS FOR TODAY
                         NORMAL    RECORD    YEAR
 MAXIMUM TEMPERATURE (F)   47        71      1921
 MINIMUM TEMPERATURE (F)   31        12      1972


SUNRISE AND SUNSET
NOVEMBER 19 2014......SUNRISE   652 AM EST   SUNSET   429 PM EST
NOVEMBER 20 2014......SUNRISE   653 AM EST   SUNSET   428 PM EST


-  INDICATES NEGATIVE NUMBERS.
R  INDICATES RECORD WAS SET OR TIED.
MM INDICATES DATA IS MISSING.
T  INDICATES TRACE AMOUNT.




$$
