000
CDUS41 KALY 230628
CLIALB


CLIMATE REPORT
NATIONAL WEATHER SERVICE ALBANY NY
227 AM EDT SAT MAY 23 2015


...................................

...THE ALBANY NY CLIMATE SUMMARY FOR MAY 22 2015...

CLIMATE NORMAL PERIOD 1981 TO 2010
CLIMATE RECORD PERIOD 1874 TO 2015


WEATHER ITEM   OBSERVED TIME   RECORD YEAR NORMAL DEPARTURE LAST
                VALUE   (LST)  VALUE       VALUE  FROM      YEAR
                                                  NORMAL
..................................................................
TEMPERATURE (F)
 YESTERDAY
  MAXIMUM         67    303 PM  97    1911  71     -4       66
  MINIMUM         47   1159 PM  33    2002  49     -2       58
  AVERAGE         57                        60     -3       62

PRECIPITATION (IN)
  YESTERDAY        0.00          1.15 2013   0.12  -0.12     0.17
  MONTH TO DATE    0.31                      2.46  -2.15     2.12
  SINCE MAR 1      3.66                      8.84  -5.18     7.28
  SINCE JAN 1      7.98                     13.63  -5.65    13.07

SNOWFALL (IN)
  YESTERDAY        0.0           0.0    MM   0.0    0.0      0.0
  MONTH TO DATE    0.0                       0.1   -0.1      0.0
  SINCE MAR 1      5.3                      12.6   -7.3      8.3
  SINCE JUL 1     75.9                      59.1   16.8     73.5
  SNOW DEPTH       0

DEGREE DAYS
 HEATING
  YESTERDAY        8                         6      2        3
  MONTH TO DATE   76                       190   -114      146
  SINCE MAR 1   1672                      1639     33     1818
  SINCE JUL 1   6802                      6583    219     6935

 COOLING
  YESTERDAY        0                         1     -1        0
  MONTH TO DATE   63                        11     52       15
  SINCE MAR 1     63                        15     48       21
  SINCE JAN 1     63                        15     48       21
..................................................................


WIND (MPH)
  HIGHEST WIND SPEED    28   HIGHEST WIND DIRECTION     W (290)
  HIGHEST GUST SPEED    37   HIGHEST GUST DIRECTION     W (280)
  AVERAGE WIND SPEED    13.2


SKY COVER
  AVERAGE SKY COVER 0.4



RELATIVE HUMIDITY (PERCENT)
 HIGHEST    66
 LOWEST     24
 AVERAGE    45

..........................................................


THE ALBANY NY CLIMATE NORMALS FOR TODAY
                         NORMAL    RECORD    YEAR
 MAXIMUM TEMPERATURE (F)   72        93      1964
 MINIMUM TEMPERATURE (F)   49        36      1967


SUNRISE AND SUNSET
MAY 23 2015...........SUNRISE   526 AM EDT   SUNSET   819 PM EDT
MAY 24 2015...........SUNRISE   525 AM EDT   SUNSET   820 PM EDT


-  INDICATES NEGATIVE NUMBERS.
R  INDICATES RECORD WAS SET OR TIED.
MM INDICATES DATA IS MISSING.
T  INDICATES TRACE AMOUNT.




$$
