000
CDUS41 KALY 030622
CLIALB


CLIMATE REPORT
NATIONAL WEATHER SERVICE ALBANY NY
121 AM EST SAT FEB 3 2018


...................................

...THE ALBANY NY CLIMATE SUMMARY FOR FEBRUARY 2 2018...

CLIMATE NORMAL PERIOD 1981 TO 2010
CLIMATE RECORD PERIOD 1874 TO 2018


WEATHER ITEM   OBSERVED TIME   RECORD YEAR NORMAL DEPARTURE LAST
                VALUE   (LST)  VALUE       VALUE  FROM      YEAR
                                                  NORMAL
..................................................................
TEMPERATURE (F)
 YESTERDAY
  MAXIMUM         34   1225 AM  53    1981  32      2       35
  MINIMUM          7   1137 PM -18    1961  15     -8       18
  AVERAGE         21                        23     -2       27

PRECIPITATION (IN)
  YESTERDAY        0.01          0.88 2015   0.08  -0.07      T
  MONTH TO DATE    0.03                      0.16  -0.13     0.06
  SINCE DEC 1      4.35                      5.68  -1.33     4.94
  SINCE JAN 1      2.42                      2.75  -0.33     3.19

SNOWFALL (IN)
  YESTERDAY        T            11.9  2015   0.4   -0.4       T
  MONTH TO DATE    T                         0.9   -0.9      1.3
  SINCE DEC 1     24.9                      32.5   -7.6     18.0
  SINCE JUL 1     24.9                      35.6  -10.7     20.3
  SNOW DEPTH       0

DEGREE DAYS
 HEATING
  YESTERDAY       44                        42      2       38
  MONTH TO DATE   75                        84     -9       72
  SINCE DEC 1   2598                      2531     67     2199
  SINCE JUL 1   3712                      3935   -223     3355

 COOLING
  YESTERDAY        0                         0      0        0
  MONTH TO DATE    0                         0      0        0
  SINCE DEC 1      0                         0      0        0
  SINCE JAN 1      0                         0      0        0
..................................................................


WIND (MPH)
  HIGHEST WIND SPEED    36   HIGHEST WIND DIRECTION     W (280)
  HIGHEST GUST SPEED    52   HIGHEST GUST DIRECTION     W (290)
  AVERAGE WIND SPEED    18.0


SKY COVER
  AVERAGE SKY COVER 0.6



RELATIVE HUMIDITY (PERCENT)
 HIGHEST    89
 LOWEST     39
 AVERAGE    64

..........................................................


THE ALBANY NY CLIMATE NORMALS FOR TODAY
                         NORMAL    RECORD    YEAR
 MAXIMUM TEMPERATURE (F)   32        57      2016
 MINIMUM TEMPERATURE (F)   15       -18      1955


SUNRISE AND SUNSET
FEBRUARY  3 2018......SUNRISE   707 AM EST   SUNSET   511 PM EST
FEBRUARY  4 2018......SUNRISE   706 AM EST   SUNSET   512 PM EST


-  INDICATES NEGATIVE NUMBERS.
R  INDICATES RECORD WAS SET OR TIED.
MM INDICATES DATA IS MISSING.
T  INDICATES TRACE AMOUNT.




$$
