000
CDUS41 KALY 260624
CLIALB


CLIMATE REPORT
NATIONAL WEATHER SERVICE ALBANY NY
223 AM EDT SUN JUL 26 2015


...................................

...THE ALBANY NY CLIMATE SUMMARY FOR JULY 25 2015...

CLIMATE NORMAL PERIOD 1981 TO 2010
CLIMATE RECORD PERIOD 1874 TO 2015


WEATHER ITEM   OBSERVED TIME   RECORD YEAR NORMAL DEPARTURE LAST
                VALUE   (LST)  VALUE       VALUE  FROM      YEAR
                                                  NORMAL
..................................................................
TEMPERATURE (F)
 YESTERDAY
  MAXIMUM         83    320 PM  97    1963  83      0       81
  MINIMUM         59    225 AM  46    1953  62     -3       54
  AVERAGE         71                        72     -1       68

PRECIPITATION (IN)
  YESTERDAY        T             1.57 1908   0.13  -0.13     0.00
  MONTH TO DATE    2.94                      3.32  -0.38     4.14
  SINCE JUN 1      9.64                      7.11   2.53     8.91
  SINCE JAN 1     18.36                     21.89  -3.53    22.47

DEGREE DAYS
 HEATING
  YESTERDAY        0                         0      0        0
  MONTH TO DATE    1                         0      1        0
  SINCE JUN 1     52                        52      0       12
  SINCE JUL 1      1                         0      1        0

 COOLING
  YESTERDAY        6                         7     -1        3
  MONTH TO DATE  173                       172      1      205
  SINCE JUN 1    284                       290     -6      353
  SINCE JAN 1    407                       320     87      388
..................................................................


WIND (MPH)
  HIGHEST WIND SPEED    12   HIGHEST WIND DIRECTION     S (170)
  HIGHEST GUST SPEED    14   HIGHEST GUST DIRECTION     S (160)
  AVERAGE WIND SPEED     3.3


SKY COVER
  AVERAGE SKY COVER 0.8



RELATIVE HUMIDITY (PERCENT)
 HIGHEST    97
 LOWEST     43
 AVERAGE    70

..........................................................


THE ALBANY NY CLIMATE NORMALS FOR TODAY
                         NORMAL    RECORD    YEAR
 MAXIMUM TEMPERATURE (F)   83        96      1963
 MINIMUM TEMPERATURE (F)   62        46      1976


SUNRISE AND SUNSET
JULY 26 2015..........SUNRISE   540 AM EDT   SUNSET   822 PM EDT
JULY 27 2015..........SUNRISE   541 AM EDT   SUNSET   821 PM EDT


-  INDICATES NEGATIVE NUMBERS.
R  INDICATES RECORD WAS SET OR TIED.
MM INDICATES DATA IS MISSING.
T  INDICATES TRACE AMOUNT.




$$
