311
CDUS41 KALY 020627
CLIALB


CLIMATE REPORT
NATIONAL WEATHER SERVICE ALBANY NY
126 AM EST SAT DEC 2 2017


...................................

...THE ALBANY NY CLIMATE SUMMARY FOR DECEMBER 1 2017...

CLIMATE NORMAL PERIOD 1981 TO 2010
CLIMATE RECORD PERIOD 1874 TO 2017


WEATHER ITEM   OBSERVED TIME   RECORD YEAR NORMAL DEPARTURE LAST
                VALUE   (LST)  VALUE       VALUE  FROM      YEAR
                                                  NORMAL
..................................................................
TEMPERATURE (F)
 YESTERDAY
  MAXIMUM         45    221 PM  67    1934  41      4       50
  MINIMUM         31   1159 PM  -5    1875  27      4       37
  AVERAGE         38                        34      4       44

PRECIPITATION (IN)
  YESTERDAY        0.02          1.39 2010   0.10  -0.08     0.26
  MONTH TO DATE    0.02                      0.10  -0.08     0.26
  SINCE DEC 1      0.02                      0.10  -0.08     0.26
  SINCE JAN 1     38.25                     36.52   1.73    31.89

SNOWFALL (IN)
  YESTERDAY        0.0           3.7  1969   0.3   -0.3      0.0
  MONTH TO DATE    0.0                       0.3   -0.3      0.0
  SINCE DEC 1      0.0                       0.3   -0.3      0.0
  SINCE JUL 1      T                         3.4   -3.4      2.3
  SNOW DEPTH       0

DEGREE DAYS
 HEATING
  YESTERDAY       27                        31     -4       21
  MONTH TO DATE   27                        31     -4       21
  SINCE DEC 1     27                        31     -4       21
  SINCE JUL 1   1141                      1435   -294     1177

 COOLING
  YESTERDAY        0                         0      0        0
  MONTH TO DATE    0                         0      0        0
  SINCE DEC 1      0                         0      0        0
  SINCE JAN 1    714                       598    116      902
..................................................................


WIND (MPH)
  HIGHEST WIND SPEED    20   HIGHEST WIND DIRECTION    NW (320)
  HIGHEST GUST SPEED    24   HIGHEST GUST DIRECTION     W (290)
  AVERAGE WIND SPEED     7.9


SKY COVER
  AVERAGE SKY COVER 0.7



RELATIVE HUMIDITY (PERCENT)
 HIGHEST    92
 LOWEST     51
 AVERAGE    72

..........................................................


THE ALBANY NY CLIMATE NORMALS FOR TODAY
                         NORMAL    RECORD    YEAR
 MAXIMUM TEMPERATURE (F)   41        66      1998
 MINIMUM TEMPERATURE (F)   27        -2      1875


SUNRISE AND SUNSET
DECEMBER  2 2017......SUNRISE   707 AM EST   SUNSET   422 PM EST
DECEMBER  3 2017......SUNRISE   708 AM EST   SUNSET   422 PM EST


-  INDICATES NEGATIVE NUMBERS.
R  INDICATES RECORD WAS SET OR TIED.
MM INDICATES DATA IS MISSING.
T  INDICATES TRACE AMOUNT.




$$
