196
CDUS41 KALY 140624
CLIALB


CLIMATE REPORT
NATIONAL WEATHER SERVICE ALBANY NY
223 AM EDT FRI APR 14 2017


...................................

...THE ALBANY NY CLIMATE SUMMARY FOR APRIL 13 2017...

CLIMATE NORMAL PERIOD 1981 TO 2010
CLIMATE RECORD PERIOD 1874 TO 2017


WEATHER ITEM   OBSERVED TIME   RECORD YEAR NORMAL DEPARTURE LAST
                VALUE   (LST)  VALUE       VALUE  FROM      YEAR
                                                  NORMAL
..................................................................
TEMPERATURE (F)
 YESTERDAY
  MAXIMUM         60    229 PM  87    1977  57      3       53
  MINIMUM         40   1159 PM  19    1874  37      3       31
  AVERAGE         50                        47      3       42

PRECIPITATION (IN)
  YESTERDAY        0.00          1.13 1987   0.11  -0.11     0.00
  MONTH TO DATE    1.81                      1.41   0.40     1.30
  SINCE MAR 1      5.88                      4.62   1.26     2.48
  SINCE JAN 1     11.86                      9.41   2.45     7.79

SNOWFALL (IN)
  YESTERDAY        0.0           5.5  1950   0.1   -0.1      0.0
  MONTH TO DATE    0.2                       1.5   -1.3      6.4
  SINCE MAR 1     19.6                      12.5    7.1      6.6
  SINCE JUL 1     60.8                      59.4    1.4     16.9
  SNOW DEPTH       0

DEGREE DAYS
 HEATING
  YESTERDAY       15                        18     -3       23
  MONTH TO DATE  208                       269    -61      340
  SINCE MAR 1   1233                      1198     35     1022
  SINCE JUL 1   5396                      6142   -746     4951

 COOLING
  YESTERDAY        0                         0      0        0
  MONTH TO DATE    9                         0      9        0
  SINCE MAR 1      9                         0      9        0
  SINCE JAN 1      9                         0      9        0
..................................................................


WIND (MPH)
  HIGHEST WIND SPEED    25   HIGHEST WIND DIRECTION     W (290)
  HIGHEST GUST SPEED    33   HIGHEST GUST DIRECTION     W (280)
  AVERAGE WIND SPEED    13.6


SKY COVER
  AVERAGE SKY COVER 0.8



RELATIVE HUMIDITY (PERCENT)
 HIGHEST    65
 LOWEST     27
 AVERAGE    46

..........................................................


THE ALBANY NY CLIMATE NORMALS FOR TODAY
                         NORMAL    RECORD    YEAR
 MAXIMUM TEMPERATURE (F)   58        83      1968
 MINIMUM TEMPERATURE (F)   37        19      1973


SUNRISE AND SUNSET
APRIL 14 2017.........SUNRISE   615 AM EDT   SUNSET   736 PM EDT
APRIL 15 2017.........SUNRISE   613 AM EDT   SUNSET   738 PM EDT


-  INDICATES NEGATIVE NUMBERS.
R  INDICATES RECORD WAS SET OR TIED.
MM INDICATES DATA IS MISSING.
T  INDICATES TRACE AMOUNT.




$$
