000
CDUS41 KALY 130622
CLIALB


CLIMATE REPORT
NATIONAL WEATHER SERVICE ALBANY NY
121 AM EST THU NOV 13 2014


...................................

...THE ALBANY NY CLIMATE SUMMARY FOR NOVEMBER 12 2014...

CLIMATE NORMAL PERIOD 1981 TO 2010
CLIMATE RECORD PERIOD 1874 TO 2014


WEATHER ITEM   OBSERVED TIME   RECORD YEAR NORMAL DEPARTURE LAST
                VALUE   (LST)  VALUE       VALUE  FROM      YEAR
                                                  NORMAL
..................................................................
TEMPERATURE (F)
 YESTERDAY
  MAXIMUM         58   1003 AM  68    1909  49      9       45
  MINIMUM         36   1159 PM  15    1976  33      3       26
  AVERAGE         47                        41      6       36

PRECIPITATION (IN)
  YESTERDAY        T             1.43 1995   0.10  -0.10     0.01
  MONTH TO DATE    0.36                      1.32  -0.96     0.39
  SINCE SEP 1      5.47                      8.30  -2.83     7.49
  SINCE JAN 1     32.25                     34.45  -2.20    39.00

SNOWFALL (IN)
  YESTERDAY        0.0           7.3  1968   0.0    0.0       T
  MONTH TO DATE    T                         0.5   -0.5       T
  SINCE SEP 1      T                         0.5   -0.5       T
  SINCE JUL 1      T                         0.5   -0.5       T
  SNOW DEPTH       0

DEGREE DAYS
 HEATING
  YESTERDAY       18                        24     -6       29
  MONTH TO DATE  239                       268    -29      271
  SINCE SEP 1    711                       890   -179      812
  SINCE JUL 1    719                       913   -194      818

 COOLING
  YESTERDAY        0                         0      0        0
  MONTH TO DATE    0                         0      0        0
  SINCE SEP 1     92                        55     37       65
  SINCE JAN 1    659                       598     61      763
..................................................................


WIND (MPH)
  HIGHEST WIND SPEED    26   HIGHEST WIND DIRECTION     W (290)
  HIGHEST GUST SPEED    34   HIGHEST GUST DIRECTION     W (280)
  AVERAGE WIND SPEED    10.9


SKY COVER
  AVERAGE SKY COVER 0.5



RELATIVE HUMIDITY (PERCENT)
 HIGHEST    93
 LOWEST     53
 AVERAGE    73

..........................................................


THE ALBANY NY CLIMATE NORMALS FOR TODAY
                         NORMAL    RECORD    YEAR
 MAXIMUM TEMPERATURE (F)   49        69      1964
 MINIMUM TEMPERATURE (F)   32        13      1981


SUNRISE AND SUNSET
NOVEMBER 13 2014......SUNRISE   644 AM EST   SUNSET   434 PM EST
NOVEMBER 14 2014......SUNRISE   646 AM EST   SUNSET   433 PM EST


-  INDICATES NEGATIVE NUMBERS.
R  INDICATES RECORD WAS SET OR TIED.
MM INDICATES DATA IS MISSING.
T  INDICATES TRACE AMOUNT.




$$
