000
CDUS41 KALY 310626
CLIALB


CLIMATE REPORT
NATIONAL WEATHER SERVICE ALBANY NY
122 AM EST TUE JAN 31 2017


...................................

...THE ALBANY NY CLIMATE SUMMARY FOR JANUARY 30 2017...

CLIMATE NORMAL PERIOD 1981 TO 2010
CLIMATE RECORD PERIOD 1874 TO 2017


WEATHER ITEM   OBSERVED TIME   RECORD YEAR NORMAL DEPARTURE LAST
                VALUE   (LST)  VALUE       VALUE  FROM      YEAR
                                                  NORMAL
..................................................................
TEMPERATURE (F)
 YESTERDAY
  MAXIMUM         30    258 PM  56    2013  31     -1       40
  MINIMUM         17   1049 PM -12    1965  15      2       25
  AVERAGE         24                        23      1       33

PRECIPITATION (IN)
  YESTERDAY        T             1.46 1939   0.08  -0.08     0.00
  MONTH TO DATE    3.07                      2.51   0.56     1.24
  SINCE DEC 1      4.82                      5.44  -0.62     4.91
  SINCE JAN 1      3.07                      2.51   0.56     1.24

SNOWFALL (IN)
  YESTERDAY        T            11.0  1966   0.5   -0.5      0.0
  MONTH TO DATE    2.9                      17.4  -14.5      3.3
  SINCE DEC 1     15.0                      31.1  -16.1      5.5
  SINCE JUL 1     17.3                      34.2  -16.9      5.5
  SNOW DEPTH       0

DEGREE DAYS
 HEATING
  YESTERDAY       41                        42     -1       32
  MONTH TO DATE 1014                      1276   -262     1127
  SINCE DEC 1   2081                      2407   -326     1837
  SINCE JUL 1   3237                      3811   -574     2920

 COOLING
  YESTERDAY        0                         0      0        0
  MONTH TO DATE    0                         0      0        0
  SINCE DEC 1      0                         0      0        0
  SINCE JAN 1      0                         0      0        0
..................................................................


WIND (MPH)
  HIGHEST WIND SPEED    21   HIGHEST WIND DIRECTION     W (290)
  HIGHEST GUST SPEED    28   HIGHEST GUST DIRECTION    NW (300)
  AVERAGE WIND SPEED    10.0


SKY COVER
  AVERAGE SKY COVER 0.5



RELATIVE HUMIDITY (PERCENT)
 HIGHEST    68
 LOWEST     42
 AVERAGE    55

..........................................................


THE ALBANY NY CLIMATE NORMALS FOR TODAY
                         NORMAL    RECORD    YEAR
 MAXIMUM TEMPERATURE (F)   32        57      1913
 MINIMUM TEMPERATURE (F)   15       -26      1948


SUNRISE AND SUNSET
JANUARY 31 2017.......SUNRISE   710 AM EST   SUNSET   507 PM EST
FEBRUARY  1 2017......SUNRISE   709 AM EST   SUNSET   509 PM EST


-  INDICATES NEGATIVE NUMBERS.
R  INDICATES RECORD WAS SET OR TIED.
MM INDICATES DATA IS MISSING.
T  INDICATES TRACE AMOUNT.




$$
