133
CDUS41 KALY 130630
CLIALB


CLIMATE REPORT
NATIONAL WEATHER SERVICE ALBANY NY
130 AM EST FRI JAN 13 2017


...................................

...THE ALBANY NY CLIMATE SUMMARY FOR JANUARY 12 2017...

CLIMATE NORMAL PERIOD 1981 TO 2010
CLIMATE RECORD PERIOD 1874 TO 2017


WEATHER ITEM   OBSERVED TIME   RECORD YEAR NORMAL DEPARTURE LAST
                VALUE   (LST)  VALUE       VALUE  FROM      YEAR
                                                  NORMAL
..................................................................
TEMPERATURE (F)
 YESTERDAY
  MAXIMUM         54    936 PM  57    1885  30     24       31
  MINIMUM         44   1159 PM -26    1968  14     30       18
  AVERAGE         49                        22     27       25

PRECIPITATION (IN)
  YESTERDAY        0.30          1.02 1891   0.09   0.21     0.01
  MONTH TO DATE    0.95                      0.99  -0.04     0.92
  SINCE DEC 1      2.70                      3.92  -1.22     4.59
  SINCE JAN 1      0.95                      0.99  -0.04     0.92

SNOWFALL (IN)
  YESTERDAY        0.0          12.8  2011   0.6   -0.6      0.7
  MONTH TO DATE    0.9                       6.9   -6.0      1.8
  SINCE DEC 1     13.0                      20.6   -7.6      4.0
  SINCE JUL 1     15.3                      23.7   -8.4      4.0
  SNOW DEPTH       0

DEGREE DAYS
 HEATING
  YESTERDAY       16                        43    -27       40
  MONTH TO DATE  447                       507    -60      437
  SINCE DEC 1   1514                      1638   -124     1147
  SINCE JUL 1   2670                      3042   -372     2230

 COOLING
  YESTERDAY        0                         0      0        0
  MONTH TO DATE    0                         0      0        0
  SINCE DEC 1      0                         0      0        0
  SINCE JAN 1      0                         0      0        0
..................................................................


WIND (MPH)
  HIGHEST WIND SPEED    22   HIGHEST WIND DIRECTION    NW (310)
  HIGHEST GUST SPEED    31   HIGHEST GUST DIRECTION    NW (320)
  AVERAGE WIND SPEED    13.7


SKY COVER
  AVERAGE SKY COVER 0.9



RELATIVE HUMIDITY (PERCENT)
 HIGHEST    89
 LOWEST     83
 AVERAGE    86

..........................................................


THE ALBANY NY CLIMATE NORMALS FOR TODAY
                         NORMAL    RECORD    YEAR
 MAXIMUM TEMPERATURE (F)   30        71      1932
 MINIMUM TEMPERATURE (F)   14       -18      1968


SUNRISE AND SUNSET
JANUARY 13 2017.......SUNRISE   724 AM EST   SUNSET   445 PM EST
JANUARY 14 2017.......SUNRISE   723 AM EST   SUNSET   446 PM EST


-  INDICATES NEGATIVE NUMBERS.
R  INDICATES RECORD WAS SET OR TIED.
MM INDICATES DATA IS MISSING.
T  INDICATES TRACE AMOUNT.




$$
