000
CDUS41 KALY 152054
CLIALB


CLIMATE REPORT
NATIONAL WEATHER SERVICE ALBANY NY
453 PM EDT SAT AUG 15 2015


...................................

...THE ALBANY NY CLIMATE SUMMARY FOR AUGUST 15 2015...
VALID TODAY AS OF 0400 PM LOCAL TIME.

CLIMATE NORMAL PERIOD 1981 TO 2010
CLIMATE RECORD PERIOD 1874 TO 2015


WEATHER ITEM   OBSERVED TIME   RECORD YEAR NORMAL DEPARTURE LAST
                VALUE   (LST)  VALUE       VALUE  FROM      YEAR
                                                  NORMAL
..................................................................
TEMPERATURE (F)
 TODAY
  MAXIMUM         86   1246 PM  96    1959  81      5       68
  MINIMUM         68    600 AM  48    1964  60      8       53
  AVERAGE         77                        71      6       61

PRECIPITATION (IN)
  TODAY            0.02          2.67 2011   0.11  -0.09      T
  MONTH TO DATE    2.60                      1.81   0.79     0.80
  SINCE JUN 1     12.72                      9.72   3.00    12.44
  SINCE JAN 1     21.44                     24.50  -3.06    26.00

DEGREE DAYS
 HEATING
  TODAY            0                         0      0        4
  MONTH TO DATE    0                         0      0        5
  SINCE JUN 1     52                        57     -5       17
  SINCE JUL 1      1                         5     -4        5

 COOLING
  TODAY           12                         6      6        0
  MONTH TO DATE  115                        99     16       80
  SINCE JUN 1    481                       435     46      465
  SINCE JAN 1    604                       465    139      500
..................................................................


WIND (MPH)
  HIGHEST WIND SPEED    16   HIGHEST WIND DIRECTION     N (350)
  HIGHEST GUST SPEED    19   HIGHEST GUST DIRECTION     N (340)
  AVERAGE WIND SPEED     2.7


SKY COVER
  AVERAGE SKY COVER 0.7



RELATIVE HUMIDITY (PERCENT)
 HIGHEST    93           400 AM
 LOWEST     55          1200 PM
 AVERAGE    74

..........................................................


THE ALBANY NY CLIMATE NORMALS FOR TOMORROW
                         NORMAL    RECORD    YEAR
 MAXIMUM TEMPERATURE (F)   81        95      1959
 MINIMUM TEMPERATURE (F)   60        41      1972


SUNRISE AND SUNSET
AUGUST 15 2015........SUNRISE   601 AM EDT   SUNSET   757 PM EDT
AUGUST 16 2015........SUNRISE   602 AM EDT   SUNSET   756 PM EDT


-  INDICATES NEGATIVE NUMBERS.
R  INDICATES RECORD WAS SET OR TIED.
MM INDICATES DATA IS MISSING.
T  INDICATES TRACE AMOUNT.




$$
