000
CDUS41 KALY 280625
CLIALB


CLIMATE REPORT
NATIONAL WEATHER SERVICE ALBANY NY
124 AM EST THU DEC 28 2017


...................................

...THE ALBANY NY CLIMATE SUMMARY FOR DECEMBER 27 2017...

CLIMATE NORMAL PERIOD 1981 TO 2010
CLIMATE RECORD PERIOD 1874 TO 2017


WEATHER ITEM   OBSERVED TIME   RECORD YEAR NORMAL DEPARTURE LAST
                VALUE   (LST)  VALUE       VALUE  FROM      YEAR
                                                  NORMAL
..................................................................
TEMPERATURE (F)
 YESTERDAY
  MAXIMUM         17    255 PM  60    1895  32    -15       48
  MINIMUM         -4    737 AM -18    1914  17    -21       35
  AVERAGE          7                        25    -18       42

PRECIPITATION (IN)
  YESTERDAY        0.00          1.60 1894   0.09  -0.09     0.01
  MONTH TO DATE    1.90                      2.60  -0.70     1.58
  SINCE DEC 1      1.90                      2.60  -0.70     1.58
  SINCE JAN 1     40.13                     39.02   1.11    33.21

SNOWFALL (IN)
  YESTERDAY        0.0          15.0  1894   0.5   -0.5      0.0
  MONTH TO DATE   11.6                      11.5    0.1      9.7
  SINCE DEC 1     11.6                      11.5    0.1      9.7
  SINCE JUL 1     11.6                      14.6   -3.0     12.0
  SNOW DEPTH       4

DEGREE DAYS
 HEATING
  YESTERDAY       58                        40     18       23
  MONTH TO DATE  997                       967     30      928
  SINCE DEC 1    997                       967     30      928
  SINCE JUL 1   2111                      2371   -260     2084

 COOLING
  YESTERDAY        0                         0      0        0
  MONTH TO DATE    0                         0      0        0
  SINCE DEC 1      0                         0      0        0
  SINCE JAN 1    714                       598    116      902
..................................................................


WIND (MPH)
  HIGHEST WIND SPEED    18   HIGHEST WIND DIRECTION    NW (310)
  HIGHEST GUST SPEED    25   HIGHEST GUST DIRECTION     W (290)
  AVERAGE WIND SPEED     6.9


SKY COVER
  AVERAGE SKY COVER 0.3



RELATIVE HUMIDITY (PERCENT)
 HIGHEST    79
 LOWEST     47
 AVERAGE    63

..........................................................


THE ALBANY NY CLIMATE NORMALS FOR TODAY
                         NORMAL    RECORD    YEAR
 MAXIMUM TEMPERATURE (F)   32        61      1982
 MINIMUM TEMPERATURE (F)   17       -14      1951


SUNRISE AND SUNSET
DECEMBER 28 2017......SUNRISE   725 AM EST   SUNSET   429 PM EST
DECEMBER 29 2017......SUNRISE   725 AM EST   SUNSET   430 PM EST


-  INDICATES NEGATIVE NUMBERS.
R  INDICATES RECORD WAS SET OR TIED.
MM INDICATES DATA IS MISSING.
T  INDICATES TRACE AMOUNT.




$$
