000
CDUS41 KALY 100623
CLIALB


CLIMATE REPORT
NATIONAL WEATHER SERVICE ALBANY NY
122 AM EST THU NOV 10 2016


...................................

...THE ALBANY NY CLIMATE SUMMARY FOR NOVEMBER 9 2016...

CLIMATE NORMAL PERIOD 1981 TO 2010
CLIMATE RECORD PERIOD 1874 TO 2016


WEATHER ITEM   OBSERVED TIME   RECORD YEAR NORMAL DEPARTURE LAST
                VALUE   (LST)  VALUE       VALUE  FROM      YEAR
                                                  NORMAL
..................................................................
TEMPERATURE (F)
 YESTERDAY
  MAXIMUM         50   1252 PM  71    1975  51     -1       56
  MINIMUM         40   1159 PM  11    1971  33      7       29
  AVERAGE         45                        42      3       43

PRECIPITATION (IN)
  YESTERDAY        0.23          1.60 1900   0.11   0.12     0.00
  MONTH TO DATE    0.34                      1.01  -0.67     0.02
  SINCE SEP 1      5.42                      7.99  -2.57    10.11
  SINCE JAN 1     28.87                     34.14  -5.27    33.25

SNOWFALL (IN)
  YESTERDAY        0.0          10.0  1900   0.1   -0.1      0.0
  MONTH TO DATE    0.0                       0.4   -0.4      0.0
  SINCE SEP 1      1.7                       0.7    1.0       T
  SINCE JUL 1      1.7                       0.7    1.0       T
  SNOW DEPTH       0

DEGREE DAYS
 HEATING
  YESTERDAY       20                        23     -3       22
  MONTH TO DATE  174                       197    -23      110
  SINCE SEP 1    628                       819   -191      617
  SINCE JUL 1    629                       842   -213      618

 COOLING
  YESTERDAY        0                         0      0        0
  MONTH TO DATE    0                         0      0        0
  SINCE SEP 1    114                        55     59      158
  SINCE JAN 1    902                       598    304      906
..................................................................


WIND (MPH)
  HIGHEST WIND SPEED    15   HIGHEST WIND DIRECTION     N (20)
  HIGHEST GUST SPEED    20   HIGHEST GUST DIRECTION     N (20)
  AVERAGE WIND SPEED     4.9


SKY COVER
  AVERAGE SKY COVER 1.0



RELATIVE HUMIDITY (PERCENT)
 HIGHEST    96
 LOWEST     76
 AVERAGE    86

..........................................................


THE ALBANY NY CLIMATE NORMALS FOR TODAY
                         NORMAL    RECORD    YEAR
 MAXIMUM TEMPERATURE (F)   50        72      1931
 MINIMUM TEMPERATURE (F)   33        16      1965


SUNRISE AND SUNSET
NOVEMBER 10 2016......SUNRISE   641 AM EST   SUNSET   437 PM EST
NOVEMBER 11 2016......SUNRISE   642 AM EST   SUNSET   436 PM EST


-  INDICATES NEGATIVE NUMBERS.
R  INDICATES RECORD WAS SET OR TIED.
MM INDICATES DATA IS MISSING.
T  INDICATES TRACE AMOUNT.




$$
