000
CDUS41 KALY 160625
CLIALB


CLIMATE REPORT
NATIONAL WEATHER SERVICE ALBANY NY
223 AM EDT SAT AUG 16 2014


...................................

...THE ALBANY NY CLIMATE SUMMARY FOR AUGUST 15 2014...

CLIMATE NORMAL PERIOD 1981 TO 2010
CLIMATE RECORD PERIOD 1874 TO 2014


WEATHER ITEM   OBSERVED TIME   RECORD YEAR NORMAL DEPARTURE LAST
                VALUE   (LST)  VALUE       VALUE  FROM      YEAR
                                                  NORMAL
..................................................................
TEMPERATURE (F)
 YESTERDAY
  MAXIMUM         68    211 PM  96    1959  81    -13       75
  MINIMUM         53    420 AM  48    1964  60     -7       50
  AVERAGE         61                        71    -10       63

PRECIPITATION (IN)
  YESTERDAY        T             2.67 2011   0.11  -0.11     0.00
  MONTH TO DATE    0.80                      1.81  -1.01     2.00
  SINCE JUN 1     12.44                      9.72   2.72    16.07
  SINCE JAN 1     26.00                     24.50   1.50    30.81

DEGREE DAYS
 HEATING
  YESTERDAY        4                         0      4        2
  MONTH TO DATE    5                         0      5        4
  SINCE JUN 1     17                        57    -40       61
  SINCE JUL 1      5                         5      0        6

 COOLING
  YESTERDAY        0                         6     -6        0
  MONTH TO DATE   80                        99    -19       58
  SINCE JUN 1    465                       435     30      552
  SINCE JAN 1    500                       465     35      601
..................................................................


WIND (MPH)
  HIGHEST WIND SPEED    20   HIGHEST WIND DIRECTION     W (280)
  HIGHEST GUST SPEED    26   HIGHEST GUST DIRECTION     W (280)
  AVERAGE WIND SPEED     4.6


SKY COVER
  AVERAGE SKY COVER 1.0



RELATIVE HUMIDITY (PERCENT)
 HIGHEST    86
 LOWEST     58
 AVERAGE    72

..........................................................


THE ALBANY NY CLIMATE NORMALS FOR TODAY
                         NORMAL    RECORD    YEAR
 MAXIMUM TEMPERATURE (F)   81        95      1959
 MINIMUM TEMPERATURE (F)   60        41      1972


SUNRISE AND SUNSET
AUGUST 16 2014........SUNRISE   603 AM EDT   SUNSET   756 PM EDT
AUGUST 17 2014........SUNRISE   604 AM EDT   SUNSET   754 PM EDT


-  INDICATES NEGATIVE NUMBERS.
R  INDICATES RECORD WAS SET OR TIED.
MM INDICATES DATA IS MISSING.
T  INDICATES TRACE AMOUNT.




$$
