000
CDUS41 KALY 030624
CLIALB


CLIMATE REPORT
NATIONAL WEATHER SERVICE ALBANY NY
223 AM EDT SAT SEP 3 2016


...................................

...THE ALBANY NY CLIMATE SUMMARY FOR SEPTEMBER 2 2016...

CLIMATE NORMAL PERIOD 1981 TO 2010
CLIMATE RECORD PERIOD 1874 TO 2016


WEATHER ITEM   OBSERVED TIME   RECORD YEAR NORMAL DEPARTURE LAST
                VALUE   (LST)  VALUE       VALUE  FROM      YEAR
                                                  NORMAL
..................................................................
TEMPERATURE (F)
 YESTERDAY
  MAXIMUM         78    316 PM 100    1953  77      1       89
  MINIMUM         57    305 AM  39    1991  57      0       63
  AVERAGE         68                        67      1       76

PRECIPITATION (IN)
  YESTERDAY        0.00          2.19 1945   0.10  -0.10     0.00
  MONTH TO DATE    0.00                      0.19  -0.19     0.00
  SINCE SEP 1      0.00                      0.19  -0.19     0.00
  SINCE JAN 1     23.45                     26.34  -2.89    23.14

DEGREE DAYS
 HEATING
  YESTERDAY        0                         2     -2        0
  MONTH TO DATE    0                         3     -3        0
  SINCE SEP 1      0                         3     -3        0
  SINCE JUL 1      1                        26    -25        1

 COOLING
  YESTERDAY        3                         4     -1       11
  MONTH TO DATE    9                         8      1       21
  SINCE SEP 1      9                         8      1       21
  SINCE JAN 1    797                       551    246      769
..................................................................


WIND (MPH)
  HIGHEST WIND SPEED    15   HIGHEST WIND DIRECTION    NE (30)
  HIGHEST GUST SPEED    20   HIGHEST GUST DIRECTION     N (10)
  AVERAGE WIND SPEED     5.6


SKY COVER
  AVERAGE SKY COVER 0.4



RELATIVE HUMIDITY (PERCENT)
 HIGHEST    86
 LOWEST     40
 AVERAGE    63

..........................................................


THE ALBANY NY CLIMATE NORMALS FOR TODAY
                         NORMAL    RECORD    YEAR
 MAXIMUM TEMPERATURE (F)   77       100      1953
 MINIMUM TEMPERATURE (F)   56        39      1976


SUNRISE AND SUNSET
SEPTEMBER  3 2016.....SUNRISE   623 AM EDT   SUNSET   725 PM EDT
SEPTEMBER  4 2016.....SUNRISE   624 AM EDT   SUNSET   724 PM EDT


-  INDICATES NEGATIVE NUMBERS.
R  INDICATES RECORD WAS SET OR TIED.
MM INDICATES DATA IS MISSING.
T  INDICATES TRACE AMOUNT.




$$
