000
CDUS41 KALY 022050
CLIALB


CLIMATE REPORT
NATIONAL WEATHER SERVICE ALBANY NY
448 PM EDT SAT SEP 2 2017


...................................

...THE ALBANY NY CLIMATE SUMMARY FOR SEPTEMBER 2 2017...
VALID TODAY AS OF 0400 PM LOCAL TIME.

CLIMATE NORMAL PERIOD 1981 TO 2010
CLIMATE RECORD PERIOD 1874 TO 2017


WEATHER ITEM   OBSERVED TIME   RECORD YEAR NORMAL DEPARTURE LAST
                VALUE   (LST)  VALUE       VALUE  FROM      YEAR
                                                  NORMAL
..................................................................
TEMPERATURE (F)
 TODAY
  MAXIMUM         70    228 PM 100    1953  77     -7       78
  MINIMUM         38R   505 AM  39    1991  57    -19       57
  AVERAGE         54                        67    -13       68

PRECIPITATION (IN)
  TODAY            0.00          2.19 1945   0.10  -0.10     0.00
  MONTH TO DATE    0.00                      0.19  -0.19     0.00
  SINCE SEP 1      0.00                      0.19  -0.19     0.00
  SINCE JAN 1     31.80                     26.34   5.46    23.45

DEGREE DAYS
 HEATING
  TODAY           11                         2      9        0
  MONTH TO DATE   20                         3     17        0
  SINCE SEP 1     20                         3     17        0
  SINCE JUL 1     39                        26     13        1

 COOLING
  TODAY            0                         4     -4        3
  MONTH TO DATE    0                         8     -8        9
  SINCE SEP 1      0                         8     -8        9
  SINCE JAN 1    575                       551     24      797
..................................................................


WIND (MPH)
  HIGHEST WIND SPEED     9   HIGHEST WIND DIRECTION     S (200)
  HIGHEST GUST SPEED    12   HIGHEST GUST DIRECTION     S (200)
  AVERAGE WIND SPEED     1.4


SKY COVER
  AVERAGE SKY COVER 0.5



RELATIVE HUMIDITY (PERCENT)
 HIGHEST    92           500 AM
 LOWEST     39           200 PM
 AVERAGE    66

..........................................................


THE ALBANY NY CLIMATE NORMALS FOR TOMORROW
                         NORMAL    RECORD    YEAR
 MAXIMUM TEMPERATURE (F)   77       100      1953
 MINIMUM TEMPERATURE (F)   56        39      1976


SUNRISE AND SUNSET
SEPTEMBER  2 2017.....SUNRISE   621 AM EDT   SUNSET   728 PM EDT
SEPTEMBER  3 2017.....SUNRISE   622 AM EDT   SUNSET   726 PM EDT


-  INDICATES NEGATIVE NUMBERS.
R  INDICATES RECORD WAS SET OR TIED.
MM INDICATES DATA IS MISSING.
T  INDICATES TRACE AMOUNT.




$$
