000
CDUS41 KALY 050622
CLIALB


CLIMATE REPORT
NATIONAL WEATHER SERVICE ALBANY NY
221 AM EDT FRI AUG 5 2016


...................................

...THE ALBANY NY CLIMATE SUMMARY FOR AUGUST 4 2016...

CLIMATE NORMAL PERIOD 1981 TO 2010
CLIMATE RECORD PERIOD 1874 TO 2016


WEATHER ITEM   OBSERVED TIME   RECORD YEAR NORMAL DEPARTURE LAST
                VALUE   (LST)  VALUE       VALUE  FROM      YEAR
                                                  NORMAL
..................................................................
TEMPERATURE (F)
 YESTERDAY
  MAXIMUM         84    413 PM  98    1955  82      2       84
  MINIMUM         59    457 AM  46    1966  61     -2       63
  AVERAGE         72                        72      0       74

PRECIPITATION (IN)
  YESTERDAY        0.00          1.40 1915   0.12  -0.12     0.02
  MONTH TO DATE    1.32                      0.51   0.81     0.52
  SINCE JUN 1     10.07                      8.42   1.65    10.64
  SINCE JAN 1     20.83                     23.20  -2.37    19.36

DEGREE DAYS
 HEATING
  YESTERDAY        0                         0      0        0
  MONTH TO DATE    0                         0      0        0
  SINCE JUN 1     38                        57    -19       52
  SINCE JUL 1      0                         5     -5        1

 COOLING
  YESTERDAY        7                         7      0        9
  MONTH TO DATE   25                        28     -3       38
  SINCE JUN 1    453                       364     89      404
  SINCE JAN 1    528                       394    134      527
..................................................................


WIND (MPH)
  HIGHEST WIND SPEED    13   HIGHEST WIND DIRECTION     S (170)
  HIGHEST GUST SPEED    17   HIGHEST GUST DIRECTION     S (170)
  AVERAGE WIND SPEED     6.0


SKY COVER
  AVERAGE SKY COVER 0.3



RELATIVE HUMIDITY (PERCENT)
 HIGHEST    90
 LOWEST     40
 AVERAGE    65

..........................................................


THE ALBANY NY CLIMATE NORMALS FOR TODAY
                         NORMAL    RECORD    YEAR
 MAXIMUM TEMPERATURE (F)   82        99      1955
 MINIMUM TEMPERATURE (F)   61        43      1972


SUNRISE AND SUNSET
AUGUST  5 2016........SUNRISE   551 AM EDT   SUNSET   810 PM EDT
AUGUST  6 2016........SUNRISE   552 AM EDT   SUNSET   809 PM EDT


-  INDICATES NEGATIVE NUMBERS.
R  INDICATES RECORD WAS SET OR TIED.
MM INDICATES DATA IS MISSING.
T  INDICATES TRACE AMOUNT.




$$
