288
CDUS41 KALY 140640
CLIALB


CLIMATE REPORT
NATIONAL WEATHER SERVICE ALBANY NY
240 AM EDT SAT MAY 14 2016


...................................

...THE ALBANY NY CLIMATE SUMMARY FOR MAY 13 2016...

CLIMATE NORMAL PERIOD 1981 TO 2010
CLIMATE RECORD PERIOD 1874 TO 2016


WEATHER ITEM   OBSERVED TIME   RECORD YEAR NORMAL DEPARTURE LAST
                VALUE   (LST)  VALUE       VALUE  FROM      YEAR
                                                  NORMAL
..................................................................
TEMPERATURE (F)
 YESTERDAY
  MAXIMUM         64   1221 PM  86    2004  69     -5       64
                                      1991
  MINIMUM         52   1159 PM  30    2005  46      6       47
                                      1976
  AVERAGE         58                        57      1       56

PRECIPITATION (IN)
  YESTERDAY        0.46          1.80 1897   0.11   0.35      T
  MONTH TO DATE    1.70                      1.41   0.29     0.01
  SINCE MAR 1      4.72                      7.79  -3.07     3.36
  SINCE JAN 1     10.03                     12.58  -2.55     7.68

SNOWFALL (IN)
  YESTERDAY        0.0           T    1953   0.0    0.0      0.0
  MONTH TO DATE    0.0                       0.1   -0.1      0.0
  SINCE MAR 1      6.6                      13.4   -6.8      5.3
  SINCE JUL 1     16.9                      60.3  -43.4     75.9
  SNOW DEPTH       0

DEGREE DAYS
 HEATING
  YESTERDAY        7                         8     -1        9
  MONTH TO DATE  149                       128     21       25
  SINCE MAR 1   1400                      1577   -177     1621
  SINCE JUL 1   5329                      6521  -1192     6751

 COOLING
  YESTERDAY        0                         1     -1        0
  MONTH TO DATE    0                         2     -2       54
  SINCE MAR 1      2                         6     -4       54
  SINCE JAN 1      2                         6     -4       54
..................................................................


WIND (MPH)
  HIGHEST WIND SPEED    23   HIGHEST WIND DIRECTION     S (180)
  HIGHEST GUST SPEED    29   HIGHEST GUST DIRECTION     S (190)
  AVERAGE WIND SPEED     8.5


SKY COVER
  AVERAGE SKY COVER 0.8



RELATIVE HUMIDITY (PERCENT)
 HIGHEST    97
 LOWEST     43
 AVERAGE    70

..........................................................


THE ALBANY NY CLIMATE NORMALS FOR TODAY
                         NORMAL    RECORD    YEAR
 MAXIMUM TEMPERATURE (F)   69        93      1900
 MINIMUM TEMPERATURE (F)   46        30      1996


SUNRISE AND SUNSET
MAY 14 2016...........SUNRISE   533 AM EDT   SUNSET   810 PM EDT
MAY 15 2016...........SUNRISE   532 AM EDT   SUNSET   811 PM EDT


-  INDICATES NEGATIVE NUMBERS.
R  INDICATES RECORD WAS SET OR TIED.
MM INDICATES DATA IS MISSING.
T  INDICATES TRACE AMOUNT.




$$
