000
CDUS41 KALY 140624
CLIALB


CLIMATE REPORT
NATIONAL WEATHER SERVICE ALBANY NY
224 AM EDT SAT MAR 14 2015


...................................

...THE ALBANY NY CLIMATE SUMMARY FOR MARCH 13 2015...

CLIMATE NORMAL PERIOD 1981 TO 2010
CLIMATE RECORD PERIOD 1874 TO 2015


WEATHER ITEM   OBSERVED TIME   RECORD YEAR NORMAL DEPARTURE LAST
                VALUE   (LST)  VALUE       VALUE  FROM      YEAR
                                                  NORMAL
..................................................................
TEMPERATURE (F)
 YESTERDAY
  MAXIMUM         42    509 PM  70    2012  43     -1       20
                                      1946
  MINIMUM         19    636 AM  -6    1948  24     -5       11
  AVERAGE         31                        34     -3       16

PRECIPITATION (IN)
  YESTERDAY        0.00          2.00 1977   0.09  -0.09     0.08
  MONTH TO DATE    0.23                      1.26  -1.03     0.73
  SINCE MAR 1      0.23                      1.26  -1.03     0.73
  SINCE JAN 1      4.55                      6.05  -1.50     6.52

SNOWFALL (IN)
  YESTERDAY        0.0          22.0  1993   0.4   -0.4      4.8
  MONTH TO DATE    2.6                       5.4   -2.8      5.5
  SINCE MAR 1      2.6                       5.4   -2.8      5.5
  SINCE JUL 1     73.2                      51.9   21.3     70.7
  SNOW DEPTH       0

DEGREE DAYS
 HEATING
  YESTERDAY       34                        31      3       49
  MONTH TO DATE  490                       433     57      544
  SINCE MAR 1    490                       433     57      544
  SINCE JUL 1   5620                      5377    243     5661

 COOLING
  YESTERDAY        0                         0      0        0
  MONTH TO DATE    0                         0      0        0
  SINCE MAR 1      0                         0      0        0
  SINCE JAN 1      0                         0      0        0
..................................................................


WIND (MPH)
  HIGHEST WIND SPEED    14   HIGHEST WIND DIRECTION     S (170)
  HIGHEST GUST SPEED    21   HIGHEST GUST DIRECTION     S (180)
  AVERAGE WIND SPEED     5.7


SKY COVER
  AVERAGE SKY COVER 0.6



RELATIVE HUMIDITY (PERCENT)
 HIGHEST    62
 LOWEST     22
 AVERAGE    42

..........................................................


THE ALBANY NY CLIMATE NORMALS FOR TODAY
                         NORMAL    RECORD    YEAR
 MAXIMUM TEMPERATURE (F)   43        75      1946
 MINIMUM TEMPERATURE (F)   25        -6      1948


SUNRISE AND SUNSET
MARCH 14 2015.........SUNRISE   709 AM EDT   SUNSET   700 PM EDT
MARCH 15 2015.........SUNRISE   708 AM EDT   SUNSET   701 PM EDT


-  INDICATES NEGATIVE NUMBERS.
R  INDICATES RECORD WAS SET OR TIED.
MM INDICATES DATA IS MISSING.
T  INDICATES TRACE AMOUNT.




$$
