867
CDUS41 KALY 040624
CLIALB


CLIMATE REPORT
NATIONAL WEATHER SERVICE ALBANY NY
124 AM EST WED JAN 4 2017


...................................

...THE ALBANY NY CLIMATE SUMMARY FOR JANUARY 3 2017...

CLIMATE NORMAL PERIOD 1981 TO 2010
CLIMATE RECORD PERIOD 1874 TO 2017


WEATHER ITEM   OBSERVED TIME   RECORD YEAR NORMAL DEPARTURE LAST
                VALUE   (LST)  VALUE       VALUE  FROM      YEAR
                                                  NORMAL
..................................................................
TEMPERATURE (F)
 YESTERDAY
  MAXIMUM         37    937 PM  61    1913  31      6       41
  MINIMUM         31    740 AM -14    1970  16     15       27
  AVERAGE         34                        23     11       34

PRECIPITATION (IN)
  YESTERDAY        0.48          0.85 1905   0.09   0.39      T
  MONTH TO DATE    0.52                      0.25   0.27     0.01
  SINCE DEC 1      2.27                      3.18  -0.91     3.68
  SINCE JAN 1      0.52                      0.25   0.27     0.01

SNOWFALL (IN)
  YESTERDAY        0.0          12.0  2003   0.6   -0.6       T
  MONTH TO DATE    0.1                       1.7   -1.6      0.3
  SINCE DEC 1     12.2                      15.4   -3.2      2.5
  SINCE JUL 1     14.5                      18.5   -4.0      2.5
  SNOW DEPTH       1

DEGREE DAYS
 HEATING
  YESTERDAY       31                        42    -11       31
  MONTH TO DATE  105                       125    -20       95
  SINCE DEC 1   1172                      1256    -84      805
  SINCE JUL 1   2328                      2660   -332     1888

 COOLING
  YESTERDAY        0                         0      0        0
  MONTH TO DATE    0                         0      0        0
  SINCE DEC 1      0                         0      0        0
  SINCE JAN 1      0                         0      0        0
..................................................................


WIND (MPH)
  HIGHEST WIND SPEED     8   HIGHEST WIND DIRECTION     N (350)
  HIGHEST GUST SPEED    11   HIGHEST GUST DIRECTION     N (340)
  AVERAGE WIND SPEED     3.2


SKY COVER
  AVERAGE SKY COVER 1.0



RELATIVE HUMIDITY (PERCENT)
 HIGHEST   100
 LOWEST     70
 AVERAGE    85

..........................................................


THE ALBANY NY CLIMATE NORMALS FOR TODAY
                         NORMAL    RECORD    YEAR
 MAXIMUM TEMPERATURE (F)   31        64      1950
 MINIMUM TEMPERATURE (F)   15       -15      1904


SUNRISE AND SUNSET
JANUARY  4 2017.......SUNRISE   726 AM EST   SUNSET   435 PM EST
JANUARY  5 2017.......SUNRISE   726 AM EST   SUNSET   436 PM EST


-  INDICATES NEGATIVE NUMBERS.
R  INDICATES RECORD WAS SET OR TIED.
MM INDICATES DATA IS MISSING.
T  INDICATES TRACE AMOUNT.




$$
