000
CDUS41 KALY 190628
CLIALB


CLIMATE REPORT
NATIONAL WEATHER SERVICE ALBANY NY
226 AM EDT FRI JUN 19 2015


...................................

...THE ALBANY NY CLIMATE SUMMARY FOR JUNE 18 2015...

CLIMATE NORMAL PERIOD 1981 TO 2010
CLIMATE RECORD PERIOD 1874 TO 2015


WEATHER ITEM   OBSERVED TIME   RECORD YEAR NORMAL DEPARTURE LAST
                VALUE   (LST)  VALUE       VALUE  FROM      YEAR
                                                  NORMAL
..................................................................
TEMPERATURE (F)
 YESTERDAY
  MAXIMUM         74    405 PM  97    1957  79     -5       79
  MINIMUM         61   1235 AM  39    1958  57      4       68
  AVERAGE         68                        68      0       74

PRECIPITATION (IN)
  YESTERDAY        T             2.66 1875   0.13  -0.13     0.08
  MONTH TO DATE    5.12                      2.33   2.79     3.13
  SINCE JUN 1      5.12                      2.33   2.79     3.13
  SINCE JAN 1     13.84                     17.11  -3.27    16.69

DEGREE DAYS
 HEATING
  YESTERDAY        0                         1     -1        0
  MONTH TO DATE   43                        43      0       11
  SINCE JUN 1     43                        43      0       11
  SINCE JUL 1   6865                      6671    194     6977

 COOLING
  YESTERDAY        3                         4     -1        9
  MONTH TO DATE   60                        53      7       70
  SINCE JUN 1     60                        53      7       70
  SINCE JAN 1    183                        83    100      105
..................................................................


WIND (MPH)
  HIGHEST WIND SPEED    16   HIGHEST WIND DIRECTION     S (170)
  HIGHEST GUST SPEED    21   HIGHEST GUST DIRECTION    SE (150)
  AVERAGE WIND SPEED    11.5


SKY COVER
  AVERAGE SKY COVER 0.9



RELATIVE HUMIDITY (PERCENT)
 HIGHEST    84
 LOWEST     66
 AVERAGE    75

..........................................................


THE ALBANY NY CLIMATE NORMALS FOR TODAY
                         NORMAL    RECORD    YEAR
 MAXIMUM TEMPERATURE (F)   79        94      1995
 MINIMUM TEMPERATURE (F)   58        38      1950


SUNRISE AND SUNSET
JUNE 19 2015..........SUNRISE   517 AM EDT   SUNSET   836 PM EDT
JUNE 20 2015..........SUNRISE   517 AM EDT   SUNSET   837 PM EDT


-  INDICATES NEGATIVE NUMBERS.
R  INDICATES RECORD WAS SET OR TIED.
MM INDICATES DATA IS MISSING.
T  INDICATES TRACE AMOUNT.




$$
