712
CDUS41 KALY 220627
CLIALB


CLIMATE REPORT
NATIONAL WEATHER SERVICE ALBANY NY
126 AM EST TUE NOV 22 2016


...................................

...THE ALBANY NY CLIMATE SUMMARY FOR NOVEMBER 21 2016...

CLIMATE NORMAL PERIOD 1981 TO 2010
CLIMATE RECORD PERIOD 1874 TO 2016


WEATHER ITEM   OBSERVED TIME   RECORD YEAR NORMAL DEPARTURE LAST
                VALUE   (LST)  VALUE       VALUE  FROM      YEAR
                                                  NORMAL
..................................................................
TEMPERATURE (F)
 YESTERDAY
  MAXIMUM         34    218 PM  70    1931  46    -12       48
  MINIMUM         29    658 AM   7    1879  30     -1       28
  AVERAGE         32                        38     -6       38

PRECIPITATION (IN)
  YESTERDAY        T             0.82 1954   0.12  -0.12     0.00
  MONTH TO DATE    2.59                      2.31   0.28     1.73
  SINCE SEP 1      7.67                      9.29  -1.62    11.82
  SINCE JAN 1     31.12                     35.44  -4.32    34.96

SNOWFALL (IN)
  YESTERDAY        T             0.8  1937   0.1   -0.1      0.0
  MONTH TO DATE    0.6                       1.3   -0.7       T
  SINCE SEP 1      2.3                       1.6    0.7       T
  SINCE JUL 1      2.3                       1.6    0.7       T
  SNOW DEPTH       0

DEGREE DAYS
 HEATING
  YESTERDAY       33                        27      6       27
  MONTH TO DATE  456                       499    -43      343
  SINCE SEP 1    910                      1121   -211      850
  SINCE JUL 1    911                      1144   -233      851

 COOLING
  YESTERDAY        0                         0      0        0
  MONTH TO DATE    0                         0      0        0
  SINCE SEP 1    114                        55     59      158
  SINCE JAN 1    902                       598    304      906
..................................................................


WIND (MPH)
  HIGHEST WIND SPEED    31   HIGHEST WIND DIRECTION     W (290)
  HIGHEST GUST SPEED    41   HIGHEST GUST DIRECTION    NW (300)
  AVERAGE WIND SPEED    19.2


SKY COVER
  AVERAGE SKY COVER 1.0



RELATIVE HUMIDITY (PERCENT)
 HIGHEST    75
 LOWEST     56
 AVERAGE    66

..........................................................


THE ALBANY NY CLIMATE NORMALS FOR TODAY
                         NORMAL    RECORD    YEAR
 MAXIMUM TEMPERATURE (F)   45        70      1931
 MINIMUM TEMPERATURE (F)   30         9      1969


SUNRISE AND SUNSET
NOVEMBER 22 2016......SUNRISE   656 AM EST   SUNSET   426 PM EST
NOVEMBER 23 2016......SUNRISE   657 AM EST   SUNSET   426 PM EST


-  INDICATES NEGATIVE NUMBERS.
R  INDICATES RECORD WAS SET OR TIED.
MM INDICATES DATA IS MISSING.
T  INDICATES TRACE AMOUNT.




$$
