000
CDUS41 KALY 072151
CLIALB


CLIMATE REPORT
NATIONAL WEATHER SERVICE ALBANY NY
450 PM EST TUE NOV 7 2017


...................................

...THE ALBANY NY CLIMATE SUMMARY FOR NOVEMBER 7 2017...
VALID TODAY AS OF 0400 PM LOCAL TIME.

CLIMATE NORMAL PERIOD 1981 TO 2010
CLIMATE RECORD PERIOD 1874 TO 2017


WEATHER ITEM   OBSERVED TIME   RECORD YEAR NORMAL DEPARTURE LAST
                VALUE   (LST)  VALUE       VALUE  FROM      YEAR
                                                  NORMAL
..................................................................
TEMPERATURE (F)
 TODAY
  MAXIMUM         43    230 AM  75    1938  51     -8       53
  MINIMUM         39    438 PM  18    1962  34      5       28
  AVERAGE         41                        43     -2       41

PRECIPITATION (IN)
  TODAY            0.00          1.19 1968   0.11  -0.11     0.00
  MONTH TO DATE    0.46                      0.79  -0.33     0.11
  SINCE SEP 1      5.99                      7.77  -1.78     5.19
  SINCE JAN 1     37.79                     33.92   3.87    28.64

SNOWFALL (IN)
  TODAY            0.0           4.5  1886   0.1   -0.1      0.0
  MONTH TO DATE    0.0                       0.3   -0.3      0.0
  SINCE SEP 1      0.0                       0.6   -0.6      1.7
  SINCE JUL 1      0.0                       0.6   -0.6      1.7
  SNOW DEPTH       0

DEGREE DAYS
 HEATING
  TODAY           24                        22      2       24
  MONTH TO DATE  118                       151    -33      132
  SINCE SEP 1    447                       773   -326      586
  SINCE JUL 1    466                       796   -330      587

 COOLING
  TODAY            0                         0      0        0
  MONTH TO DATE    0                         0      0        0
  SINCE SEP 1    139                        55     84      114
  SINCE JAN 1    714                       598    116      902
..................................................................


WIND (MPH)
  HIGHEST WIND SPEED    16   HIGHEST WIND DIRECTION     W (290)
  HIGHEST GUST SPEED    19   HIGHEST GUST DIRECTION     W (280)
  AVERAGE WIND SPEED     8.3


SKY COVER
  AVERAGE SKY COVER 0.9



RELATIVE HUMIDITY (PERCENT)
 HIGHEST    70          1200 AM
 LOWEST     59           200 PM
 AVERAGE    65

..........................................................


THE ALBANY NY CLIMATE NORMALS FOR TOMORROW
                         NORMAL    RECORD    YEAR
 MAXIMUM TEMPERATURE (F)   51        75      1975
 MINIMUM TEMPERATURE (F)   34        18      1971


SUNRISE AND SUNSET
NOVEMBER  7 2017......SUNRISE   637 AM EST   SUNSET   440 PM EST
NOVEMBER  8 2017......SUNRISE   638 AM EST   SUNSET   439 PM EST


-  INDICATES NEGATIVE NUMBERS.
R  INDICATES RECORD WAS SET OR TIED.
MM INDICATES DATA IS MISSING.
T  INDICATES TRACE AMOUNT.




$$
