000
CDUS41 KALY 220625
CLIALB


CLIMATE REPORT
NATIONAL WEATHER SERVICE ALBANY NY
225 AM EDT TUE JUL 22 2014


...................................

...THE ALBANY NY CLIMATE SUMMARY FOR JULY 21 2014...

CLIMATE NORMAL PERIOD 1981 TO 2010
CLIMATE RECORD PERIOD 1874 TO 2014


WEATHER ITEM   OBSERVED TIME   RECORD YEAR NORMAL DEPARTURE LAST
                VALUE   (LST)  VALUE       VALUE  FROM      YEAR
                                                  NORMAL
..................................................................
TEMPERATURE (F)
 YESTERDAY
  MAXIMUM         84    316 PM 101    1930  83      1       85
  MINIMUM         63    534 AM  45    1974  62      1       62
  AVERAGE         74                        72      2       74

PRECIPITATION (IN)
  YESTERDAY        0.00          1.27 1931   0.13  -0.13     0.00
  MONTH TO DATE    3.93                      2.79   1.14     3.92
  SINCE JUN 1      8.70                      6.58   2.12    12.60
  SINCE JAN 1     22.26                     21.36   0.90    27.34

DEGREE DAYS
 HEATING
  YESTERDAY        0                         0      0        0
  MONTH TO DATE    0                         0      0        0
  SINCE JUN 1     12                        52    -40       55
  SINCE JUL 1      0                         0      0        0

 COOLING
  YESTERDAY        9                         7      2        9
  MONTH TO DATE  168                       144     24      298
  SINCE JUN 1    316                       262     54      441
  SINCE JAN 1    351                       292     59      490
..................................................................


WIND (MPH)
  HIGHEST WIND SPEED    12   HIGHEST WIND DIRECTION     S (190)
  HIGHEST GUST SPEED    13   HIGHEST GUST DIRECTION     S (190)
  AVERAGE WIND SPEED     5.0


SKY COVER
  AVERAGE SKY COVER 0.5



RELATIVE HUMIDITY (PERCENT)
 HIGHEST    73
 LOWEST     46
 AVERAGE    60

..........................................................


THE ALBANY NY CLIMATE NORMALS FOR TODAY
                         NORMAL    RECORD    YEAR
 MAXIMUM TEMPERATURE (F)   83       102      1926
 MINIMUM TEMPERATURE (F)   62        47      1970


SUNRISE AND SUNSET
JULY 22 2014..........SUNRISE   537 AM EDT   SUNSET   826 PM EDT
JULY 23 2014..........SUNRISE   538 AM EDT   SUNSET   825 PM EDT


-  INDICATES NEGATIVE NUMBERS.
R  INDICATES RECORD WAS SET OR TIED.
MM INDICATES DATA IS MISSING.
T  INDICATES TRACE AMOUNT.




$$
