000
CDUS41 KALY 300623
CLIALB


CLIMATE REPORT
NATIONAL WEATHER SERVICE ALBANY NY
222 AM EDT TUE SEP 30 2014


...................................

...THE ALBANY NY CLIMATE SUMMARY FOR SEPTEMBER 29 2014...

CLIMATE NORMAL PERIOD 1981 TO 2010
CLIMATE RECORD PERIOD 1874 TO 2014


WEATHER ITEM   OBSERVED TIME   RECORD YEAR NORMAL DEPARTURE LAST
                VALUE   (LST)  VALUE       VALUE  FROM      YEAR
                                                  NORMAL
..................................................................
TEMPERATURE (F)
 YESTERDAY
  MAXIMUM         72    208 PM  86    1921  67      5       73
  MINIMUM         53    615 AM  29    2000  46      7       47
  AVERAGE         63                        56      7       60

PRECIPITATION (IN)
  YESTERDAY        0.00          1.83 2006   0.12  -0.12     0.00
  MONTH TO DATE    0.89                      3.18  -2.29     4.81
  SINCE SEP 1      0.89                      3.18  -2.29     4.81
  SINCE JAN 1     27.67                     29.33  -1.66    36.32

DEGREE DAYS
 HEATING
  YESTERDAY        2                         9     -7        5
  MONTH TO DATE  122                       133    -11      162
  SINCE SEP 1    122                       133    -11      162
  SINCE JUL 1    130                       156    -26      168

 COOLING
  YESTERDAY        0                         1     -1        0
  MONTH TO DATE   74                        53     21       65
  SINCE SEP 1     74                        53     21       65
  SINCE JAN 1    641                       596     45      763
..................................................................


WIND (MPH)
  HIGHEST WIND SPEED     6   HIGHEST WIND DIRECTION     N (340)
  HIGHEST GUST SPEED    10   HIGHEST GUST DIRECTION     N (360)
  AVERAGE WIND SPEED     0.7


SKY COVER
  AVERAGE SKY COVER 0.8



RELATIVE HUMIDITY (PERCENT)
 HIGHEST    93
 LOWEST     57
 AVERAGE    75

..........................................................


THE ALBANY NY CLIMATE NORMALS FOR TODAY
                         NORMAL    RECORD    YEAR
 MAXIMUM TEMPERATURE (F)   66        88      1905
 MINIMUM TEMPERATURE (F)   45        28      1991


SUNRISE AND SUNSET
SEPTEMBER 30 2014.....SUNRISE   651 AM EDT   SUNSET   638 PM EDT
OCTOBER  1 2014.......SUNRISE   652 AM EDT   SUNSET   637 PM EDT


-  INDICATES NEGATIVE NUMBERS.
R  INDICATES RECORD WAS SET OR TIED.
MM INDICATES DATA IS MISSING.
T  INDICATES TRACE AMOUNT.




$$
