000
CDUS41 KALY 150629
CLIALB


CLIMATE REPORT
NATIONAL WEATHER SERVICE ALBANY NY
129 AM EST WED FEB 15 2017


...................................

...THE ALBANY NY CLIMATE SUMMARY FOR FEBRUARY 14 2017...

CLIMATE NORMAL PERIOD 1981 TO 2010
CLIMATE RECORD PERIOD 1874 TO 2017


WEATHER ITEM   OBSERVED TIME   RECORD YEAR NORMAL DEPARTURE LAST
                VALUE   (LST)  VALUE       VALUE  FROM      YEAR
                                                  NORMAL
..................................................................
TEMPERATURE (F)
 YESTERDAY
  MAXIMUM         36    515 PM  63    1946  34      2        8
  MINIMUM         15   1228 AM -13    2016  17     -2      -13
  AVERAGE         26                        26      0       -2

PRECIPITATION (IN)
  YESTERDAY        T             1.51 1914   0.08  -0.08     0.00
  MONTH TO DATE    2.13                      1.08   1.05     0.51
  SINCE DEC 1      7.01                      6.60   0.41     5.42
  SINCE JAN 1      5.26                      3.67   1.59     1.75

SNOWFALL (IN)
  YESTERDAY        T            23.5  1914   0.4   -0.4      0.0
  MONTH TO DATE   22.2                       6.4   15.8      3.0
  SINCE DEC 1     38.9                      38.0    0.9      8.5
  SINCE JUL 1     41.2                      41.1    0.1      8.5
  SNOW DEPTH       8

DEGREE DAYS
 HEATING
  YESTERDAY       39                        39      0       67
  MONTH TO DATE  538                       569    -31      512
  SINCE DEC 1   2665                      3016   -351     2370
  SINCE JUL 1   3821                      4420   -599     3453

 COOLING
  YESTERDAY        0                         0      0        0
  MONTH TO DATE    0                         0      0        0
  SINCE DEC 1      0                         0      0        0
  SINCE JAN 1      0                         0      0        0
..................................................................


WIND (MPH)
  HIGHEST WIND SPEED    15   HIGHEST WIND DIRECTION     S (170)
  HIGHEST GUST SPEED    21   HIGHEST GUST DIRECTION     S (170)
  AVERAGE WIND SPEED     4.1


SKY COVER
  AVERAGE SKY COVER 0.7



RELATIVE HUMIDITY (PERCENT)
 HIGHEST    77
 LOWEST     47
 AVERAGE    62

..........................................................


THE ALBANY NY CLIMATE NORMALS FOR TODAY
                         NORMAL    RECORD    YEAR
 MAXIMUM TEMPERATURE (F)   35        55      2006
 MINIMUM TEMPERATURE (F)   17       -22      1943


SUNRISE AND SUNSET
FEBRUARY 15 2017......SUNRISE   652 AM EST   SUNSET   527 PM EST
FEBRUARY 16 2017......SUNRISE   651 AM EST   SUNSET   529 PM EST


-  INDICATES NEGATIVE NUMBERS.
R  INDICATES RECORD WAS SET OR TIED.
MM INDICATES DATA IS MISSING.
T  INDICATES TRACE AMOUNT.




$$
