000
CDUS41 KALY 160627
CLIALB


CLIMATE REPORT
NATIONAL WEATHER SERVICE ALBANY NY
226 AM EDT MON MAY 16 2016


...................................

...THE ALBANY NY CLIMATE SUMMARY FOR MAY 15 2016...

CLIMATE NORMAL PERIOD 1981 TO 2010
CLIMATE RECORD PERIOD 1874 TO 2016


WEATHER ITEM   OBSERVED TIME   RECORD YEAR NORMAL DEPARTURE LAST
                VALUE   (LST)  VALUE       VALUE  FROM      YEAR
                                                  NORMAL
..................................................................
TEMPERATURE (F)
 YESTERDAY
  MAXIMUM         52   1154 AM  93    1900  69    -17       75
  MINIMUM         39   1159 PM  31    1977  47     -8       40
  AVERAGE         46                        58    -12       58

PRECIPITATION (IN)
  YESTERDAY        T             2.02 1938   0.11  -0.11      T
  MONTH TO DATE    1.79                      1.63   0.16     0.01
  SINCE MAR 1      4.81                      8.01  -3.20     3.36
  SINCE JAN 1     10.12                     12.80  -2.68     7.68

SNOWFALL (IN)
  YESTERDAY        0.0           0.0    MM   0.0    0.0      0.0
  MONTH TO DATE    0.0                       0.1   -0.1      0.0
  SINCE MAR 1      6.6                      13.4   -6.8      5.3
  SINCE JUL 1     16.9                      60.3  -43.4     75.9
  SNOW DEPTH       0

DEGREE DAYS
 HEATING
  YESTERDAY       19                         8     11        7
  MONTH TO DATE  173                       144     29       43
  SINCE MAR 1   1424                      1593   -169     1639
  SINCE JUL 1   5353                      6537  -1184     6769

 COOLING
  YESTERDAY        0                         1     -1        0
  MONTH TO DATE    0                         4     -4       54
  SINCE MAR 1      2                         8     -6       54
  SINCE JAN 1      2                         8     -6       54
..................................................................


WIND (MPH)
  HIGHEST WIND SPEED    29   HIGHEST WIND DIRECTION     W (290)
  HIGHEST GUST SPEED    37   HIGHEST GUST DIRECTION     W (280)
  AVERAGE WIND SPEED    17.3


SKY COVER
  AVERAGE SKY COVER 0.7



RELATIVE HUMIDITY (PERCENT)
 HIGHEST    70
 LOWEST     38
 AVERAGE    54

..........................................................


THE ALBANY NY CLIMATE NORMALS FOR TODAY
                         NORMAL    RECORD    YEAR
 MAXIMUM TEMPERATURE (F)   70        89      1991
 MINIMUM TEMPERATURE (F)   47        33      1980


SUNRISE AND SUNSET
MAY 16 2016...........SUNRISE   531 AM EDT   SUNSET   813 PM EDT
MAY 17 2016...........SUNRISE   530 AM EDT   SUNSET   814 PM EDT


-  INDICATES NEGATIVE NUMBERS.
R  INDICATES RECORD WAS SET OR TIED.
MM INDICATES DATA IS MISSING.
T  INDICATES TRACE AMOUNT.




$$
