000
CDUS41 KALY 240626
CLIALB


CLIMATE REPORT
NATIONAL WEATHER SERVICE ALBANY NY
126 AM EST SUN DEC 24 2017


...................................

...THE ALBANY NY CLIMATE SUMMARY FOR DECEMBER 23 2017...

CLIMATE NORMAL PERIOD 1981 TO 2010
CLIMATE RECORD PERIOD 1874 TO 2017


WEATHER ITEM   OBSERVED TIME   RECORD YEAR NORMAL DEPARTURE LAST
                VALUE   (LST)  VALUE       VALUE  FROM      YEAR
                                                  NORMAL
..................................................................
TEMPERATURE (F)
 YESTERDAY
  MAXIMUM         36   1006 PM  64    1990  33      3       45
  MINIMUM         25    117 AM -12    1955  19      6       29
  AVERAGE         31                        26      5       37

PRECIPITATION (IN)
  YESTERDAY        0.49          0.85 2004   0.09   0.40     0.00
  MONTH TO DATE    1.53                      2.24  -0.71     1.47
  SINCE DEC 1      1.53                      2.24  -0.71     1.47
  SINCE JAN 1     39.76                     38.66   1.10    33.10

SNOWFALL (IN)
  YESTERDAY        0.0           8.8  1947   0.5   -0.5      0.0
  MONTH TO DATE    6.0                       9.5   -3.5      9.7
  SINCE DEC 1      6.0                       9.5   -3.5      9.7
  SINCE JUL 1      6.0                      12.6   -6.6     12.0
  SNOW DEPTH       1

DEGREE DAYS
 HEATING
  YESTERDAY       34                        39     -5       28
  MONTH TO DATE  815                       808      7      809
  SINCE DEC 1    815                       808      7      809
  SINCE JUL 1   1929                      2212   -283     1965

 COOLING
  YESTERDAY        0                         0      0        0
  MONTH TO DATE    0                         0      0        0
  SINCE DEC 1      0                         0      0        0
  SINCE JAN 1    714                       598    116      902
..................................................................


WIND (MPH)
  HIGHEST WIND SPEED    25   HIGHEST WIND DIRECTION     W (290)
  HIGHEST GUST SPEED    32   HIGHEST GUST DIRECTION     W (290)
  AVERAGE WIND SPEED     5.7


SKY COVER
  AVERAGE SKY COVER 0.9



RELATIVE HUMIDITY (PERCENT)
 HIGHEST    96
 LOWEST     75
 AVERAGE    86

..........................................................


THE ALBANY NY CLIMATE NORMALS FOR TODAY
                         NORMAL    RECORD    YEAR
 MAXIMUM TEMPERATURE (F)   33        72      2015
 MINIMUM TEMPERATURE (F)   18       -15      1989


SUNRISE AND SUNSET
DECEMBER 24 2017......SUNRISE   724 AM EST   SUNSET   426 PM EST
DECEMBER 25 2017......SUNRISE   724 AM EST   SUNSET   427 PM EST


-  INDICATES NEGATIVE NUMBERS.
R  INDICATES RECORD WAS SET OR TIED.
MM INDICATES DATA IS MISSING.
T  INDICATES TRACE AMOUNT.




$$
