315
CDUS41 KALY 110622
CLIALB


CLIMATE REPORT
NATIONAL WEATHER SERVICE ALBANY NY
122 AM EST THU FEB 11 2016


...................................

...THE ALBANY NY CLIMATE SUMMARY FOR FEBRUARY 10 2016...

CLIMATE NORMAL PERIOD 1981 TO 2010
CLIMATE RECORD PERIOD 1874 TO 2016


WEATHER ITEM   OBSERVED TIME   RECORD YEAR NORMAL DEPARTURE LAST
                VALUE   (LST)  VALUE       VALUE  FROM      YEAR
                                                  NORMAL
..................................................................
TEMPERATURE (F)
 YESTERDAY
  MAXIMUM         37    203 PM  53    1955  33      4       30
  MINIMUM         23    149 AM -21    1948  16      7       15
  AVERAGE         30                        25      5       23

PRECIPITATION (IN)
  YESTERDAY        T             0.60 1909   0.07  -0.07      T
  MONTH TO DATE    0.51                      0.77  -0.26     1.80
  SINCE DEC 1      5.42                      6.29  -0.87     9.34
  SINCE JAN 1      1.75                      3.36  -1.61     3.97

SNOWFALL (IN)
  YESTERDAY        0.2           4.0  1892   0.5   -0.3       T
  MONTH TO DATE    3.0                       4.7   -1.7     22.9
  SINCE DEC 1      8.5                      36.3  -27.8     50.6
  SINCE JUL 1      8.5                      39.4  -30.9     62.9
  SNOW DEPTH       2

DEGREE DAYS
 HEATING
  YESTERDAY       35                        40     -5       42
  MONTH TO DATE  288                       410   -122      499
  SINCE DEC 1   2146                      2857   -711     2895
  SINCE JUL 1   3229                      4261  -1032     4170

 COOLING
  YESTERDAY        0                         0      0        0
  MONTH TO DATE    0                         0      0        0
  SINCE DEC 1      0                         0      0        0
  SINCE JAN 1      0                         0      0        0
..................................................................


WIND (MPH)
  HIGHEST WIND SPEED    29   HIGHEST WIND DIRECTION     W (280)
  HIGHEST GUST SPEED    34   HIGHEST GUST DIRECTION     W (270)
  AVERAGE WIND SPEED     7.7


SKY COVER
  AVERAGE SKY COVER 0.8



RELATIVE HUMIDITY (PERCENT)
 HIGHEST    92
 LOWEST     52
 AVERAGE    72

..........................................................


THE ALBANY NY CLIMATE NORMALS FOR TODAY
                         NORMAL    RECORD    YEAR
 MAXIMUM TEMPERATURE (F)   34        59      1981
 MINIMUM TEMPERATURE (F)   17       -18      1962


SUNRISE AND SUNSET
FEBRUARY 11 2016......SUNRISE   658 AM EST   SUNSET   521 PM EST
FEBRUARY 12 2016......SUNRISE   657 AM EST   SUNSET   522 PM EST


-  INDICATES NEGATIVE NUMBERS.
R  INDICATES RECORD WAS SET OR TIED.
MM INDICATES DATA IS MISSING.
T  INDICATES TRACE AMOUNT.




$$
