000
CDUS41 KALY 212047
CLIALB


CLIMATE REPORT
NATIONAL WEATHER SERVICE ALBANY NY
446 PM EDT WED JUN 21 2017


...................................

...THE ALBANY NY CLIMATE SUMMARY FOR JUNE 21 2017...
VALID TODAY AS OF 0400 PM LOCAL TIME.

CLIMATE NORMAL PERIOD 1981 TO 2010
CLIMATE RECORD PERIOD 1874 TO 2017


WEATHER ITEM   OBSERVED TIME   RECORD YEAR NORMAL DEPARTURE LAST
                VALUE   (LST)  VALUE       VALUE  FROM      YEAR
                                                  NORMAL
..................................................................
TEMPERATURE (F)
 TODAY
  MAXIMUM         78    300 PM  97    1938  79     -1       80
  MINIMUM         60    334 AM  41    1970  58      2       56
  AVERAGE         69                        69      0       68

PRECIPITATION (IN)
  TODAY            T             1.58 1905   0.12  -0.12     0.07
  MONTH TO DATE    3.74                      2.70   1.04     2.02
  SINCE JUN 1      3.74                      2.70   1.04     2.02
  SINCE JAN 1     22.65                     17.48   5.17    12.78

DEGREE DAYS
 HEATING
  TODAY            0                         1     -1        0
  MONTH TO DATE   47                        46      1       38
  SINCE JUN 1     47                        46      1       38
  SINCE JUL 1   5864                      6674   -810     5454

 COOLING
  TODAY            4                         5     -1        3
  MONTH TO DATE  102                        67     35       87
  SINCE JUN 1    102                        67     35       87
  SINCE JAN 1    152                        97     55      162
..................................................................


WIND (MPH)
  HIGHEST WIND SPEED    18   HIGHEST WIND DIRECTION    NW (310)
  HIGHEST GUST SPEED    25   HIGHEST GUST DIRECTION     W (270)
  AVERAGE WIND SPEED     8.6


SKY COVER
  AVERAGE SKY COVER 0.5



RELATIVE HUMIDITY (PERCENT)
 HIGHEST    93           100 AM
 LOWEST     40           300 PM
 AVERAGE    67

..........................................................


THE ALBANY NY CLIMATE NORMALS FOR TOMORROW
                         NORMAL    RECORD    YEAR
 MAXIMUM TEMPERATURE (F)   80        95      1954
 MINIMUM TEMPERATURE (F)   59        37      1940


SUNRISE AND SUNSET
JUNE 21 2017..........SUNRISE   517 AM EDT   SUNSET   837 PM EDT
JUNE 22 2017..........SUNRISE   517 AM EDT   SUNSET   837 PM EDT


-  INDICATES NEGATIVE NUMBERS.
R  INDICATES RECORD WAS SET OR TIED.
MM INDICATES DATA IS MISSING.
T  INDICATES TRACE AMOUNT.




$$
