000
CDUS41 KALY 030624
CLIALB


CLIMATE REPORT
NATIONAL WEATHER SERVICE ALBANY NY
223 AM EDT MON AUG 3 2015


...................................

...THE ALBANY NY CLIMATE SUMMARY FOR AUGUST 2 2015...

CLIMATE NORMAL PERIOD 1981 TO 2010
CLIMATE RECORD PERIOD 1874 TO 2015


WEATHER ITEM   OBSERVED TIME   RECORD YEAR NORMAL DEPARTURE LAST
                VALUE   (LST)  VALUE       VALUE  FROM      YEAR
                                                  NORMAL
..................................................................
TEMPERATURE (F)
 YESTERDAY
  MAXIMUM         87    439 PM  97    1975  82      5       81
  MINIMUM         56    508 AM  45    1976  61     -5       64
  AVERAGE         72                        72      0       73

PRECIPITATION (IN)
  YESTERDAY        0.00          1.55 1973   0.13  -0.13      T
  MONTH TO DATE    T                         0.26  -0.26      T
  SINCE JUN 1     10.12                      8.17   1.95    11.64
  SINCE JAN 1     18.84                     22.95  -4.11    25.20

DEGREE DAYS
 HEATING
  YESTERDAY        0                         0      0        0
  MONTH TO DATE    0                         0      0        0
  SINCE JUN 1     52                        57     -5       12
  SINCE JUL 1      1                         5     -4        0

 COOLING
  YESTERDAY        7                         7      0        8
  MONTH TO DATE   16                        14      2       15
  SINCE JUN 1    382                       350     32      400
  SINCE JAN 1    505                       380    125      435
..................................................................


WIND (MPH)
  HIGHEST WIND SPEED    14   HIGHEST WIND DIRECTION     S (170)
  HIGHEST GUST SPEED    19   HIGHEST GUST DIRECTION     S (190)
  AVERAGE WIND SPEED     6.0


SKY COVER
  AVERAGE SKY COVER 0.4



RELATIVE HUMIDITY (PERCENT)
 HIGHEST    86
 LOWEST     35
 AVERAGE    61

..........................................................


THE ALBANY NY CLIMATE NORMALS FOR TODAY
                         NORMAL    RECORD    YEAR
 MAXIMUM TEMPERATURE (F)   82        97      1975
 MINIMUM TEMPERATURE (F)   61        44      1976


SUNRISE AND SUNSET
AUGUST  3 2015........SUNRISE   548 AM EDT   SUNSET   814 PM EDT
AUGUST  4 2015........SUNRISE   550 AM EDT   SUNSET   812 PM EDT


-  INDICATES NEGATIVE NUMBERS.
R  INDICATES RECORD WAS SET OR TIED.
MM INDICATES DATA IS MISSING.
T  INDICATES TRACE AMOUNT.




$$
