000
CDUS41 KALY 170644
CLIALB


CLIMATE REPORT
NATIONAL WEATHER SERVICE ALBANY NY
140 AM EST FRI FEB 17 2017


...................................

...THE ALBANY NY CLIMATE SUMMARY FOR FEBRUARY 16 2017...

CLIMATE NORMAL PERIOD 1981 TO 2010
CLIMATE RECORD PERIOD 1874 TO 2017


WEATHER ITEM   OBSERVED TIME   RECORD YEAR NORMAL DEPARTURE LAST
                VALUE   (LST)  VALUE       VALUE  FROM      YEAR
                                                  NORMAL
..................................................................
TEMPERATURE (F)
 YESTERDAY
  MAXIMUM         33   1232 AM  61    2006  35     -2       56
  MINIMUM         23   1044 PM -20    1943  17      6       18
  AVERAGE         28                        26      2       37

PRECIPITATION (IN)
  YESTERDAY        T             1.26 1958   0.08  -0.08     0.82
  MONTH TO DATE    2.14                      1.23   0.91     1.47
  SINCE DEC 1      7.02                      6.75   0.27     6.38
  SINCE JAN 1      5.27                      3.82   1.45     2.71

SNOWFALL (IN)
  YESTERDAY       MM            17.3  1958   0.4   MM         T
  MONTH TO DATE   22.2                       7.2   15.0      4.5
  SINCE DEC 1     38.9                      38.8    0.1     10.0
  SINCE JUL 1     41.2                      41.9   -0.7     10.0
  SNOW DEPTH       6

DEGREE DAYS
 HEATING
  YESTERDAY       37                        39     -2       28
  MONTH TO DATE  604                       647    -43      597
  SINCE DEC 1   2731                      3094   -363     2455
  SINCE JUL 1   3887                      4498   -611     3538

 COOLING
  YESTERDAY        0                         0      0        0
  MONTH TO DATE    0                         0      0        0
  SINCE DEC 1      0                         0      0        0
  SINCE JAN 1      0                         0      0        0
..................................................................


WIND (MPH)
  HIGHEST WIND SPEED    31   HIGHEST WIND DIRECTION     W (280)
  HIGHEST GUST SPEED    40   HIGHEST GUST DIRECTION     W (290)
  AVERAGE WIND SPEED    20.0


SKY COVER
  AVERAGE SKY COVER 0.8



RELATIVE HUMIDITY (PERCENT)
 HIGHEST    69
 LOWEST     57
 AVERAGE    63

..........................................................


THE ALBANY NY CLIMATE NORMALS FOR TODAY
                         NORMAL    RECORD    YEAR
 MAXIMUM TEMPERATURE (F)   35        60      1981
 MINIMUM TEMPERATURE (F)   18       -16      1973


SUNRISE AND SUNSET
FEBRUARY 17 2017......SUNRISE   649 AM EST   SUNSET   530 PM EST
FEBRUARY 18 2017......SUNRISE   648 AM EST   SUNSET   531 PM EST


-  INDICATES NEGATIVE NUMBERS.
R  INDICATES RECORD WAS SET OR TIED.
MM INDICATES DATA IS MISSING.
T  INDICATES TRACE AMOUNT.




$$
