000
CDUS41 KALY 290631
CLIALB


CLIMATE REPORT
NATIONAL WEATHER SERVICE ALBANY NY
230 AM EDT TUE JUL 29 2014


...................................

...THE ALBANY NY CLIMATE SUMMARY FOR JULY 28 2014...

CLIMATE NORMAL PERIOD 1981 TO 2010
CLIMATE RECORD PERIOD 1874 TO 2014


WEATHER ITEM   OBSERVED TIME   RECORD YEAR NORMAL DEPARTURE LAST
                VALUE   (LST)  VALUE       VALUE  FROM      YEAR
                                                  NORMAL
..................................................................
TEMPERATURE (F)
 YESTERDAY
  MAXIMUM         75    104 PM  99    1929  82     -7       74
  MINIMUM         62   1159 PM  44    1971  62      0       67
  AVERAGE         69                        72     -3       71

PRECIPITATION (IN)
  YESTERDAY        1.29          1.55 1982   0.14   1.15     0.46
  MONTH TO DATE    6.85                      3.73   3.12     5.39
  SINCE JUN 1     11.62                      7.52   4.10    14.07
  SINCE JAN 1     25.18                     22.30   2.88    28.81

DEGREE DAYS
 HEATING
  YESTERDAY        0                         0      0        0
  MONTH TO DATE    0                         0      0        2
  SINCE JUN 1     12                        52    -40       57
  SINCE JUL 1      0                         0      0        2

 COOLING
  YESTERDAY        4                         7     -3        6
  MONTH TO DATE  227                       193     34      337
  SINCE JUN 1    375                       311     64      480
  SINCE JAN 1    410                       341     69      529
..................................................................


WIND (MPH)
  HIGHEST WIND SPEED    21   HIGHEST WIND DIRECTION    NW (310)
  HIGHEST GUST SPEED    27   HIGHEST GUST DIRECTION    NW (320)
  AVERAGE WIND SPEED     6.7


SKY COVER
  AVERAGE SKY COVER 0.9



RELATIVE HUMIDITY (PERCENT)
 HIGHEST    97
 LOWEST     73
 AVERAGE    85

..........................................................


THE ALBANY NY CLIMATE NORMALS FOR TODAY
                         NORMAL    RECORD    YEAR
 MAXIMUM TEMPERATURE (F)   82        97      1894
 MINIMUM TEMPERATURE (F)   62        47      1987


SUNRISE AND SUNSET
JULY 29 2014..........SUNRISE   544 AM EDT   SUNSET   819 PM EDT
JULY 30 2014..........SUNRISE   545 AM EDT   SUNSET   818 PM EDT


-  INDICATES NEGATIVE NUMBERS.
R  INDICATES RECORD WAS SET OR TIED.
MM INDICATES DATA IS MISSING.
T  INDICATES TRACE AMOUNT.




$$
