000
CDUS41 KALY 250624
CLIALB


CLIMATE REPORT
NATIONAL WEATHER SERVICE ALBANY NY
223 AM EDT MON MAY 25 2015


...................................

...THE ALBANY NY CLIMATE SUMMARY FOR MAY 24 2015...

CLIMATE NORMAL PERIOD 1981 TO 2010
CLIMATE RECORD PERIOD 1874 TO 2015


WEATHER ITEM   OBSERVED TIME   RECORD YEAR NORMAL DEPARTURE LAST
                VALUE   (LST)  VALUE       VALUE  FROM      YEAR
                                                  NORMAL
..................................................................
TEMPERATURE (F)
 YESTERDAY
  MAXIMUM         82    356 PM  92    1964  72     10       69
  MINIMUM         43    140 AM  29    1963  50     -7       54
  AVERAGE         63                        61      2       62

PRECIPITATION (IN)
  YESTERDAY        0.00          1.62 1979   0.13  -0.13     0.13
  MONTH TO DATE    0.31                      2.73  -2.42     2.26
  SINCE MAR 1      3.66                      9.11  -5.45     7.42
  SINCE JAN 1      7.98                     13.90  -5.92    13.21

SNOWFALL (IN)
  YESTERDAY        0.0           0.0    MM   0.0    0.0      0.0
  MONTH TO DATE    0.0                       0.1   -0.1      0.0
  SINCE MAR 1      5.3                      12.6   -7.3      8.3
  SINCE JUL 1     75.9                      59.1   16.8     73.5
  SNOW DEPTH       0

DEGREE DAYS
 HEATING
  YESTERDAY        2                         6     -4        3
  MONTH TO DATE   91                       202   -111      153
  SINCE MAR 1   1687                      1651     36     1825
  SINCE JUL 1   6817                      6595    222     6942

 COOLING
  YESTERDAY        0                         1     -1        0
  MONTH TO DATE   63                        13     50       15
  SINCE MAR 1     63                        17     46       21
  SINCE JAN 1     63                        17     46       21
..................................................................


WIND (MPH)
  HIGHEST WIND SPEED    20   HIGHEST WIND DIRECTION     W (280)
  HIGHEST GUST SPEED    25   HIGHEST GUST DIRECTION    SW (240)
  AVERAGE WIND SPEED     6.1


SKY COVER
  AVERAGE SKY COVER 0.6



RELATIVE HUMIDITY (PERCENT)
 HIGHEST    65
 LOWEST     21
 AVERAGE    43

..........................................................


THE ALBANY NY CLIMATE NORMALS FOR TODAY
                         NORMAL    RECORD    YEAR
 MAXIMUM TEMPERATURE (F)   72        94      1981
 MINIMUM TEMPERATURE (F)   50        30      1956


SUNRISE AND SUNSET
MAY 25 2015...........SUNRISE   524 AM EDT   SUNSET   821 PM EDT
MAY 26 2015...........SUNRISE   523 AM EDT   SUNSET   822 PM EDT


-  INDICATES NEGATIVE NUMBERS.
R  INDICATES RECORD WAS SET OR TIED.
MM INDICATES DATA IS MISSING.
T  INDICATES TRACE AMOUNT.




$$
