000
CXUS51 KALY 011007
CLMALB


CLIMATE REPORT
NATIONAL WEATHER SERVICE ALBANY NY
605 AM EDT SAT AUG 1 2015

...................................

...THE ALBANY NY CLIMATE SUMMARY FOR THE MONTH OF JULY 2015...

CLIMATE NORMAL PERIOD 1981 TO 2010
CLIMATE RECORD PERIOD 1874 TO 2015

WEATHER         OBSERVED          NORMAL  DEPART  LAST YEAR`S
                 VALUE   DATE(S)  VALUE   FROM    VALUE  DATE(S)
                                          NORMAL
................................................................
TEMPERATURE (F)
RECORD
 HIGH             104   07/04/1911
 LOW               40   07/31/1978
                        07/02/1978
HIGHEST            95   07/29        84      11       91  07/23
                                                          07/01
LOWEST             52   07/17        60      -8       53  07/18
                        07/03
AVG. MAXIMUM     83.7              82.3     1.4     82.1
AVG. MINIMUM     62.3              61.4     0.9     62.7
MEAN             73.0              71.8     1.2     72.4
DAYS MAX >= 90      3               3.6    -0.6        3
DAYS MAX <= 32      0               0.0     0.0        0
DAYS MIN <= 32      0               0.0     0.0        0
DAYS MIN <= 0       0               0.0     0.0        0

PRECIPITATION (INCHES)
RECORD
 MAXIMUM         9.91   2009
 MINIMUM         0.49   1968
TOTALS           3.42              4.12   -0.70     6.87
DAILY AVG.       0.11              0.13   -0.02     0.22
DAYS >= .01         8              10.8    -2.8       12
DAYS >= .10         7               6.9     0.1       11
DAYS >= .50         2               2.7    -0.7        6
DAYS >= 1.00        1               1.0     0.0        2
GREATEST
 24 HR. TOTAL    1.27   07/19 TO 07/19

DEGREE_DAYS
HEATING TOTAL       1                 5      -4        0
 SINCE 7/1          1                 5      -4        0
COOLING TOTAL     255               218      37      237
 SINCE 1/1        489               366     123      420

FREEZE DATES
RECORD
 EARLIEST     09/24/1963
 LATEST       05/27/1969
EARLIEST                        10/10
LATEST                          04/28
.................................................................

WIND (MPH)
AVERAGE WIND SPEED              6.1
HIGHEST WIND SPEED/DIRECTION    24/280    DATE  07/01
HIGHEST GUST SPEED/DIRECTION    30/040    DATE  07/24

SKY COVER
AVERAGE SKY COVER           0.60

AVERAGE RH (PERCENT)     66

WEATHER CONDITIONS. NUMBER OF DAYS WITH
THUNDERSTORM              2     MIXED PRECIP               0
HEAVY RAIN                3     RAIN                       2
LIGHT RAIN               12     FREEZING RAIN              0
LT FREEZING RAIN          0     HAIL                       0
HEAVY SNOW                0     SNOW                       0
LIGHT SNOW                0     SLEET                      0
FOG                      15     FOG W/VIS <= 1/4 MILE      1
HAZE                      6

-  INDICATES NEGATIVE NUMBERS.
R  INDICATES RECORD WAS SET OR TIED.
MM INDICATES DATA IS MISSING.
T  INDICATES TRACE AMOUNT.

$$
