000
CXUS51 KALY 010636
CLMALB


CLIMATE REPORT
NATIONAL WEATHER SERVICE ALBANY NY
136 AM EST SUN DEC 1 2013

...................................

...THE ALBANY NY CLIMATE SUMMARY FOR THE MONTH OF NOVEMBER 2013...

CLIMATE NORMAL PERIOD 1981 TO 2010
CLIMATE RECORD PERIOD 1874 TO 2013

WEATHER         OBSERVED          NORMAL  DEPART  LAST YEAR`S
                 VALUE   DATE(S)  VALUE   FROM    VALUE  DATE(S)
                                          NORMAL
................................................................
TEMPERATURE (F)
RECORD
 HIGH              82   11/02/1950
 LOW              -11   11/26/1938
HIGHEST            70   11/01        49      21       67  11/12
LOWEST             11   11/30        31     -20       21  11/19
                        11/25                             11/18
                                                          11/07
AVG. MAXIMUM     46.2              47.9    -1.7     46.7
AVG. MINIMUM     28.2              31.5    -3.3     29.5
MEAN             37.2              39.7    -2.5     38.1
DAYS MAX >= 90      0               0.0     0.0        0
DAYS MAX <= 32      4               1.2     2.8        0
DAYS MIN <= 32     20              17.0     3.0       20
DAYS MIN <= 0       0               0.0     0.0        0

PRECIPITATION (INCHES)
RECORD
 MAXIMUM         8.07   1972
 MINIMUM         0.40   1908
TOTALS           1.84              3.29   -1.45     0.87
DAILY AVG.       0.06              0.11   -0.05     0.03
DAYS >= .01        12              11.7     0.3        6
DAYS >= .10         5               6.8    -1.8        1
DAYS >= .50         1               2.4    -1.4        1
DAYS >= 1.00        0               0.7    -0.7        0
GREATEST
 24 HR. TOTAL    1.13   11/26 TO 11/27

SNOWFALL (INCHES)
RECORDS
 TOTAL           24.6   1972
 24 HR TOTAL     21.9   11/24/1971 TO 11/25/1971
 SNOW DEPTH        18   11/26/1971
TOTALS            2.1               2.8    -0.7      0.1
SINCE 7/1         2.1               2.8    -0.7      0.1
SNOWDEPTH AVG.      0
DAYS >= TRACE       9               2.5     6.5        9
DAYS >= 1.0         1               0.9     0.1        0
GREATEST
 SNOW DEPTH         1   11/26                          0  MM
 24 HR TOTAL      1.7   MM

DEGREE_DAYS
HEATING TOTAL     823               759      64      802
 SINCE 7/1       1370              1404     -34     1288
COOLING TOTAL       0                 0       0        0
 SINCE 1/1        763               598     165      814

FREEZE DATES
RECORD
 EARLIEST     09/24/1963
 LATEST       05/27/1969
EARLIEST                        10/10
LATEST                          04/28
.................................................................

WIND (MPH)
AVERAGE WIND SPEED              8.7
HIGHEST WIND SPEED/DIRECTION    33/280    DATE  11/28
HIGHEST GUST SPEED/DIRECTION    45/280    DATE  11/28

SKY COVER
AVERAGE SKY COVER           0.70

AVERAGE RH (PERCENT)     61

WEATHER CONDITIONS. NUMBER OF DAYS WITH
THUNDERSTORM              0     MIXED PRECIP               0
HEAVY RAIN                1     RAIN                       3
LIGHT RAIN               13     FREEZING RAIN              0
LT FREEZING RAIN          0     HAIL                       0
HEAVY SNOW                0     SNOW                       2
LIGHT SNOW                8     SLEET                      1
FOG                       9     FOG W/VIS <= 1/4 MILE      1
HAZE                      1

-  INDICATES NEGATIVE NUMBERS.
R  INDICATES RECORD WAS SET OR TIED.
MM INDICATES DATA IS MISSING.
T  INDICATES TRACE AMOUNT.

$$
