000
CXUS51 KALY 030634 CCA
CLMALB

CLIMATE REPORT...CORRECTED
NATIONAL WEATHER SERVICE ALBANY NY
234 AM EDT MON JUN 3 2013

...................................

...THE ALBANY NY CLIMATE SUMMARY FOR THE MONTH OF MAY 2013...

CLIMATE NORMAL PERIOD 1981 TO 2010
CLIMATE RECORD PERIOD 1874 TO 2013

WEATHER         OBSERVED          NORMAL  DEPART  LAST YEAR`S
                 VALUE   DATE(S)  VALUE   FROM    VALUE  DATE(S)
                                          NORMAL
................................................................
TEMPERATURE (F)
RECORD
 HIGH              97   05/22/1911
 LOW               26   05/08/1968
HIGHEST            92   05/31        70      22       91  05/29
LOWEST             32   05/15        45     -13       37  05/12
AVG. MAXIMUM     71.9              69.4     2.5     73.4
AVG. MINIMUM     47.8              47.1     0.7     52.9
MEAN             59.9              58.3     1.6     63.1
DAYS MAX >= 90      1               0.3     0.7        1
DAYS MAX <= 32      0               0.0     0.0        0
DAYS MIN <= 32      1               0.6     0.4        0
DAYS MIN <= 0       0               0.0     0.0        0

PRECIPITATION (INCHES)
RECORD
 MAXIMUM         8.96   1953
 MINIMUM         0.15   1903
TOTALS           6.65              3.61    3.04     6.03
DAILY AVG.       0.21              0.12    0.09     0.19
DAYS >= .01        12              13.1    -1.1       16
DAYS >= .10         8               7.8     0.2       12
DAYS >= .50         6               2.7     3.3        4
DAYS >= 1.00        4               0.5     3.5        2
GREATEST
 24 HR. TOTAL    2.46   05/21 TO 05/22

SNOWFALL (INCHES)
RECORDS
 TOTAL            5.4   1945
TOTALS            0.0               0.1    -0.1      0.0
SINCE 7/1        51.4              59.1    -7.7     23.3
SNOWDEPTH AVG.      0
DAYS >= TRACE       0               0.1    -0.1        0
DAYS >= 1.0         0               0.0     0.0        0
GREATEST
 SNOW DEPTH         0
 24 HR TOTAL      0.0   05/31 TO 05/31

DEGREE_DAYS
HEATING TOTAL     199               235     -36      122
 SINCE 7/1       6261              6628    -367     5292
COOLING TOTAL      49                26      23       70
 SINCE 1/1         49                30      19       78
.................................................................

WIND (MPH)
AVERAGE WIND SPEED              6.8
HIGHEST WIND SPEED/DIRECTION    36/260    DATE  05/29
HIGHEST GUST SPEED/DIRECTION    53/330    DATE  05/29

SKY COVER
AVERAGE SKY COVER           0.60

AVERAGE RH (PERCENT)     65

WEATHER CONDITIONS. NUMBER OF DAYS WITH
THUNDERSTORM              4     MIXED PRECIP               0
HEAVY RAIN                4     RAIN                       6
LIGHT RAIN               14     FREEZING RAIN              0
LT FREEZING RAIN          0     HAIL                       0
HEAVY SNOW                0     SNOW                       0
LIGHT SNOW                0     SLEET                      0
FOG                      17     FOG W/VIS <= 1/4 MILE      1
HAZE                      0

-  INDICATES NEGATIVE NUMBERS.
R  INDICATES RECORD WAS SET OR TIED.
MM INDICATES DATA IS MISSING.
T  INDICATES TRACE AMOUNT.

$$

...CORRECTED NUMBER OF DAYS WITH THUNDERSTORMS...
