000
CXUS51 KALY 010843
CLMALB


CLIMATE REPORT
NATIONAL WEATHER SERVICE ALBANY NY
438 AM EDT TUE OCT 1 2013

...................................

...THE ALBANY NY CLIMATE SUMMARY FOR THE MONTH OF SEPTEMBER 2013...

CLIMATE NORMAL PERIOD 1981 TO 2010
CLIMATE RECORD PERIOD 1874 TO 2013

WEATHER         OBSERVED          NORMAL  DEPART  LAST YEAR`S
                 VALUE   DATE(S)  VALUE   FROM    VALUE  DATE(S)
                                          NORMAL
................................................................
TEMPERATURE (F)
RECORD
 HIGH             100   09/03/1953
                        09/02/1953
 LOW               24   09/28/1947
                        09/27/1947
HIGHEST            93   09/11        73      20       86  09/07
LOWEST             39   09/18        49     -10       39  09/24
                        09/17
AVG. MAXIMUM     72.7              72.2     0.5     72.7
AVG. MINIMUM     49.9              51.6    -1.7     52.4
MEAN             61.3              61.9    -0.6     62.5
DAYS MAX >= 90      1               0.2     0.8        0
DAYS MAX <= 32      0               0.0     0.0        0
DAYS MIN <= 32      0               0.2    -0.2        0
DAYS MIN <= 0       0               0.0     0.0        0

PRECIPITATION (INCHES)
RECORD
 MAXIMUM        11.06   1999
 MINIMUM         0.40   1964
TOTALS           4.81              3.30    1.51     5.71
DAILY AVG.       0.16              0.11    0.05     0.19
DAYS >= .01         9               9.8    -0.8       12
DAYS >= .10         8               6.2     1.8        7
DAYS >= .50         4               2.0     2.0        4
DAYS >= 1.00        2               0.8     1.2        1
GREATEST
 24 HR. TOTAL    1.45   09/12 TO 09/13

DEGREE_DAYS
HEATING TOTAL     166               144      22      126
 SINCE 7/1        172               167       5      128
COOLING TOTAL      65                51      14       60
 SINCE 1/1        763               594     169      814
.................................................................

WIND (MPH)
AVERAGE WIND SPEED              5.0
HIGHEST WIND SPEED/DIRECTION    25/170    DATE  09/21
HIGHEST GUST SPEED/DIRECTION    36/150    DATE  09/21

SKY COVER
AVERAGE SKY COVER           0.50

AVERAGE RH (PERCENT)     70

WEATHER CONDITIONS. NUMBER OF DAYS WITH
THUNDERSTORM              4     MIXED PRECIP               0
HEAVY RAIN                5     RAIN                       7
LIGHT RAIN               13     FREEZING RAIN              0
LT FREEZING RAIN          0     HAIL                       0
HEAVY SNOW                0     SNOW                       0
LIGHT SNOW                0     SLEET                      0
FOG                      22     FOG W/VIS <= 1/4 MILE      3
HAZE                      3

-  INDICATES NEGATIVE NUMBERS.
R  INDICATES RECORD WAS SET OR TIED.
MM INDICATES DATA IS MISSING.
T  INDICATES TRACE AMOUNT.

$$
