870
CXUS51 KALY 010857
CLMALB


CLIMATE REPORT
NATIONAL WEATHER SERVICE ALBANY NY
357 AM EST WED MAR 1 2017

...................................

...THE ALBANY NY CLIMATE SUMMARY FOR THE MONTH OF FEBRUARY 2017...

CLIMATE NORMAL PERIOD 1981 TO 2010
CLIMATE RECORD PERIOD 1874 TO 2017

WEATHER         OBSERVED          NORMAL  DEPART  LAST YEAR`S
                 VALUE   DATE(S)  VALUE   FROM    VALUE  DATE(S)
                                          NORMAL
................................................................
TEMPERATURE (F)
RECORD
 HIGH              74   02/24/2017
 LOW              -22   02/15/1943
HIGHEST            74R  02/24        33      41       62  02/20
LOWEST              3   02/10        14     -11      -13  02/14
AVG. MAXIMUM     42.7              34.6     8.1     40.6
AVG. MINIMUM     23.9              17.3     6.6     20.6
MEAN             33.3              25.9     7.4     30.6
DAYS MAX >= 90      0               0.0     0.0        0
DAYS MAX <= 32      5              11.0    -6.0        7
DAYS MIN <= 32     24              25.5    -1.5       25
DAYS MIN <= 0       0               1.8    -1.8        3

PRECIPITATION (INCHES)
RECORD
 MAXIMUM         5.19   1870
 MINIMUM         0.24   1987
TOTALS           2.85              2.20    0.65     4.07
DAILY AVG.       0.10              0.08    0.02     0.14
DAYS >= .01         9              10.4    -1.4       10
DAYS >= .10         4               5.2    -1.2        6
DAYS >= .50         4               1.5     2.5        2
DAYS >= 1.00        0               0.3    -0.3        1
GREATEST
 24 HR. TOTAL    0.71   02/25 TO 02/25

SNOWFALL (INCHES)
RECORDS
 TOTAL           40.7   1893
 24 HR TOTAL     23.5   02/14/1914 TO 02/14/1914
 SNOW DEPTH        22   02/08/1971
TOTALS           22.2              12.2    10.0      4.8
SINCE 7/1        41.2              46.9    -5.7     10.3
SNOWDEPTH AVG.      3
DAYS >= TRACE      16               7.6     8.4       19
DAYS >= 1.0         4               2.9     1.1        3
GREATEST
 SNOW DEPTH        11   02/13                          2  02/16
                                                          02/10
                                                          02/09
 24 HR TOTAL     11.2   02/09 TO 02/09

DEGREE_DAYS
HEATING TOTAL     880              1093    -213      988
 SINCE 7/1       4163              4944    -781     3929
COOLING TOTAL       0                 0       0        0
 SINCE 1/1          0                 0       0        0

FREEZE DATES
RECORD
 EARLIEST     09/24/1963
 LATEST       05/27/1969
EARLIEST                        10/10
LATEST                          04/28
.................................................................

WIND (MPH)
AVERAGE WIND SPEED              9.4
HIGHEST WIND SPEED/DIRECTION    38/280    DATE  02/25
HIGHEST GUST SPEED/DIRECTION    45/280    DATE  02/25

SKY COVER
AVERAGE SKY COVER           0.70

AVERAGE RH (PERCENT)     62

WEATHER CONDITIONS. NUMBER OF DAYS WITH
THUNDERSTORM              0     MIXED PRECIP               0
HEAVY RAIN                1     RAIN                       2
LIGHT RAIN                8     FREEZING RAIN              1
LT FREEZING RAIN          1     HAIL                       0
HEAVY SNOW                2     SNOW                       4
LIGHT SNOW               16     SLEET                      2
FOG                      10     FOG W/VIS <= 1/4 MILE      2
HAZE                      0

-  INDICATES NEGATIVE NUMBERS.
R  INDICATES RECORD WAS SET OR TIED.
MM INDICATES DATA IS MISSING.
T  INDICATES TRACE AMOUNT.

$$
