409
CXUS51 KALY 010820
CLMALB


CLIMATE REPORT
NATIONAL WEATHER SERVICE ALBANY NY
416 AM EDT MON MAY 1 2017

...................................

...THE ALBANY NY CLIMATE SUMMARY FOR THE MONTH OF APRIL 2017...

CLIMATE NORMAL PERIOD 1981 TO 2010
CLIMATE RECORD PERIOD 1874 TO 2017

WEATHER         OBSERVED          NORMAL  DEPART  LAST YEAR`S
                 VALUE   DATE(S)  VALUE   FROM    VALUE  DATE(S)
                                          NORMAL
................................................................
TEMPERATURE (F)
RECORD
 HIGH              93   04/20/1941
 LOW               13   04/07/1982
                        04/12/1874
HIGHEST            87   04/16        58      29       78  04/18
                        04/11
LOWEST             27   04/09        35      -8       14  04/05
AVG. MAXIMUM     63.3              58.3     5.0     57.2
AVG. MINIMUM     42.7              37.3     5.4     34.7
MEAN             53.0              47.8     5.2     46.0
DAYS MAX >= 90      0               0.1    -0.1        0
DAYS MAX <= 32      0               0.1    -0.1        1
DAYS MIN <= 32      2               7.9    -5.9       11
DAYS MIN <= 0       0               0.0     0.0        0

PRECIPITATION (INCHES)
RECORD
 MAXIMUM         7.95   1983
 MINIMUM         0.56   1892
TOTALS           2.88              3.17   -0.29     1.84
DAILY AVG.       0.10              0.11   -0.01     0.06
DAYS >= .01        16              11.9     4.1        9
DAYS >= .10         7               6.9     0.1        4
DAYS >= .50         2               1.9     0.1        1
DAYS >= 1.00        0               0.5    -0.5        0
GREATEST
 24 HR. TOTAL    1.18   03/31 TO 04/01

SNOWFALL (INCHES)
RECORDS
 TOTAL           17.7   1982
 24 HR TOTAL     17.7   04/06/1982 TO 04/07/1982
 SNOW DEPTH        13   04/07/1982
TOTALS            0.2               2.3    -2.1      6.4
SINCE 7/1        60.8              60.2     0.6     16.9
SNOWDEPTH AVG.      0
DAYS >= TRACE       2               1.2     0.8        3
DAYS >= 1.0         0               0.5    -0.5        2
GREATEST
 SNOW DEPTH         0   MM                             4  04/05
 24 HR TOTAL      0.2   04/01 TO 04/01

DEGREE_DAYS
HEATING TOTAL     373               520    -147      569
 SINCE 7/1       5561              6393    -832     5180
COOLING TOTAL      22                 4      18        2
 SINCE 1/1         22                 4      18        2

FREEZE DATES
RECORD
 EARLIEST     09/24/1963
 LATEST       05/27/1969
EARLIEST                        10/10
LATEST                          04/28
.................................................................

WIND (MPH)
AVERAGE WIND SPEED              8.4
HIGHEST WIND SPEED/DIRECTION    30/300    DATE  04/11
HIGHEST GUST SPEED/DIRECTION    41/310    DATE  04/08

SKY COVER
AVERAGE SKY COVER           0.70

AVERAGE RH (PERCENT)     61

WEATHER CONDITIONS. NUMBER OF DAYS WITH
THUNDERSTORM              0     MIXED PRECIP               0
HEAVY RAIN                1     RAIN                       5
LIGHT RAIN               19     FREEZING RAIN              0
LT FREEZING RAIN          0     HAIL                       0
HEAVY SNOW                0     SNOW                       1
LIGHT SNOW                2     SLEET                      1
FOG                      11     FOG W/VIS <= 1/4 MILE      0
HAZE                      0

-  INDICATES NEGATIVE NUMBERS.
R  INDICATES RECORD WAS SET OR TIED.
MM INDICATES DATA IS MISSING.
T  INDICATES TRACE AMOUNT.

$$
