000
CXUS51 KALY 010820
CLMALB


CLIMATE REPORT
NATIONAL WEATHER SERVICE ALBANY NY
315 AM EST SUN NOV 1 2015

...................................

...THE ALBANY NY CLIMATE SUMMARY FOR THE MONTH OF OCTOBER 2015...

CLIMATE NORMAL PERIOD 1981 TO 2010
CLIMATE RECORD PERIOD 1874 TO 2015

WEATHER         OBSERVED          NORMAL  DEPART  LAST YEAR`S
                 VALUE   DATE(S)  VALUE   FROM    VALUE  DATE(S)
                                          NORMAL
................................................................
TEMPERATURE (F)
RECORD
 HIGH              91   10/05/1941
 LOW               16   10/24/1969
HIGHEST            75   10/12        62      13       79  10/15
LOWEST             23   10/19        39     -16       31  10/31
                                                          10/20
AVG. MAXIMUM     59.8              59.8     0.0     62.9
AVG. MINIMUM     39.7              39.6     0.1     45.1
MEAN             49.8              49.7     0.1     54.0
DAYS MAX >= 90      0               0.0     0.0        0
DAYS MAX <= 32      0               0.0     0.0        0
DAYS MIN <= 32      7               6.2     0.8        3
DAYS MIN <= 0       0               0.0     0.0        0

PRECIPITATION (INCHES)
RECORD
 MAXIMUM        13.48   1869
 MINIMUM         0.09   1924
TOTALS           3.20              3.68   -0.48     4.22
DAILY AVG.       0.10              0.12   -0.02     0.14
DAYS >= .01        10              10.4    -0.4       14
DAYS >= .10         4               6.2    -2.2        9
DAYS >= .50         3               2.5     0.5        3
DAYS >= 1.00        1               0.8     0.2        1
GREATEST
 24 HR. TOTAL    2.66   09/30 TO 10/01

SNOWFALL (INCHES)
RECORDS
 TOTAL            6.5   1987
 24 HR TOTAL      6.5   10/04/1987 TO 10/04/1987
 SNOW DEPTH         4   10/30/2011
                        10/29/2011
TOTALS              T               0.3    -0.3      0.0
SINCE 7/1           T               0.3    -0.3      0.0
SNOWDEPTH AVG.      0
DAYS >= TRACE       1               0.1     0.9        0
DAYS >= 1.0         0               0.0     0.0        0
GREATEST
 SNOW DEPTH         0   MM                             0  MM
 24 HR TOTAL        T   10/18 TO 10/18

DEGREE_DAYS
HEATING TOTAL     464               478     -14      350
 SINCE 7/1        508               645    -137      480
COOLING TOTAL       0                 4      -4       18
 SINCE 1/1        906               598     308      659

FREEZE DATES
RECORD
 EARLIEST     09/24/1963
 LATEST       05/27/1969
EARLIEST                        10/10
LATEST                          04/28
.................................................................

WIND (MPH)
AVERAGE WIND SPEED              6.7
HIGHEST WIND SPEED/DIRECTION    28/250    DATE  10/29
HIGHEST GUST SPEED/DIRECTION    41/270    DATE  10/29

SKY COVER
AVERAGE SKY COVER           0.60

AVERAGE RH (PERCENT)     67

WEATHER CONDITIONS. NUMBER OF DAYS WITH
THUNDERSTORM              0     MIXED PRECIP               0
HEAVY RAIN                3     RAIN                       5
LIGHT RAIN               12     FREEZING RAIN              0
LT FREEZING RAIN          0     HAIL                       0
HEAVY SNOW                0     SNOW                       0
LIGHT SNOW                1     SLEET                      0
FOG                      12     FOG W/VIS <= 1/4 MILE      4
HAZE                      1

-  INDICATES NEGATIVE NUMBERS.
R  INDICATES RECORD WAS SET OR TIED.
MM INDICATES DATA IS MISSING.
T  INDICATES TRACE AMOUNT.

$$
