000
CXUS51 KALY 010837
CLMALB


CLIMATE REPORT
NATIONAL WEATHER SERVICE ALBANY NY
433 AM EDT SAT JUL 1 2017

...................................

...THE ALBANY NY CLIMATE SUMMARY FOR THE MONTH OF JUNE 2017...

CLIMATE NORMAL PERIOD 1981 TO 2010
CLIMATE RECORD PERIOD 1874 TO 2017

WEATHER         OBSERVED          NORMAL  DEPART  LAST YEAR`S
                 VALUE   DATE(S)  VALUE   FROM    VALUE  DATE(S)
                                          NORMAL
................................................................
TEMPERATURE (F)
RECORD
 HIGH             100   06/09/1933
 LOW               36   06/11/1980
                        06/10/1975
                        06/03/1964
HIGHEST            95   06/12        79      16       91  06/20
                                                          06/19
LOWEST             44   06/02        55     -11       45  06/11
AVG. MAXIMUM     78.3              77.9     0.4     79.9
AVG. MINIMUM     57.6              56.5     1.1     56.5
MEAN             68.0              67.2     0.8     68.2
DAYS MAX >= 90      3               1.5     1.5        3
DAYS MAX <= 32      0               0.0     0.0        0
DAYS MIN <= 32      0               0.0     0.0        0
DAYS MIN <= 0       0               0.0     0.0        0

PRECIPITATION (INCHES)
RECORD
 MAXIMUM         8.74   2006
 MINIMUM         0.65   1964
TOTALS           5.12              3.79    1.33     2.31
DAILY AVG.       0.17              0.13    0.04     0.08
DAYS >= .01        14              12.2     1.8        6
DAYS >= .10        10               7.6     2.4        4
DAYS >= .50         4               2.6     1.4        1
DAYS >= 1.00        2               0.8     1.2        1
GREATEST
 24 HR. TOTAL    1.48   06/05 TO 06/05

DEGREE_DAYS
HEATING TOTAL      51                52      -1       38
 SINCE 7/1       5868              6680    -812     5454
COOLING TOTAL     147               118      29      143
 SINCE 1/1        197               148      49      218

FREEZE DATES
RECORD
 EARLIEST     09/24/1963
 LATEST       05/27/1969
EARLIEST      10/15             10/10
LATEST        04/09             04/28
.................................................................

WIND (MPH)
AVERAGE WIND SPEED              7.2
HIGHEST WIND SPEED/DIRECTION    30/290    DATE  06/25
HIGHEST GUST SPEED/DIRECTION    37/290    DATE  06/25

SKY COVER
AVERAGE SKY COVER           0.60

AVERAGE RH (PERCENT)     66

WEATHER CONDITIONS. NUMBER OF DAYS WITH
THUNDERSTORM              6     MIXED PRECIP               0
HEAVY RAIN                3     RAIN                       8
LIGHT RAIN               18     FREEZING RAIN              0
LT FREEZING RAIN          0     HAIL                       1
HEAVY SNOW                0     SNOW                       0
LIGHT SNOW                0     SLEET                      0
FOG                      11     FOG W/VIS <= 1/4 MILE      0
HAZE                      5

-  INDICATES NEGATIVE NUMBERS.
R  INDICATES RECORD WAS SET OR TIED.
MM INDICATES DATA IS MISSING.
T  INDICATES TRACE AMOUNT.

$$
