000
CXUS51 KALY 011459
CLMALB


CLIMATE REPORT
NATIONAL WEATHER SERVICE ALBANY NY
957 AM EST FRI DEC 1 2017

...................................

...THE ALBANY NY CLIMATE SUMMARY FOR THE MONTH OF NOVEMBER 2017...

CLIMATE NORMAL PERIOD 1981 TO 2010
CLIMATE RECORD PERIOD 1874 TO 2017

WEATHER         OBSERVED          NORMAL  DEPART  LAST YEAR`S
                 VALUE   DATE(S)  VALUE   FROM    VALUE  DATE(S)
                                          NORMAL
................................................................
TEMPERATURE (F)
RECORD
 HIGH              82   11/02/1950
 LOW              -11   11/26/1938
HIGHEST            68   11/02        49      19       64  11/19
                                                          11/02
LOWEST             18   11/30        31     -13       20  11/28
                        11/28
                        11/11
AVG. MAXIMUM     48.1              47.9     0.2     50.6
AVG. MINIMUM     30.2              31.5    -1.3     32.2
MEAN             39.2              39.7    -0.5     41.4
DAYS MAX >= 90      0               0.0     0.0        0
DAYS MAX <= 32      0               1.2    -1.2        0
DAYS MIN <= 32     16              17.0    -1.0       19
DAYS MIN <= 0       0               0.0     0.0        0

PRECIPITATION (INCHES)
RECORD
 MAXIMUM         8.07   1972
 MINIMUM         0.40   1908
TOTALS           0.90              3.29   -2.39     3.10
DAILY AVG.       0.03              0.11   -0.08     0.10
DAYS >= .01        10              11.7    -1.7       10
DAYS >= .10         4               6.8    -2.8        6
DAYS >= .50         0               2.4    -2.4        2
DAYS >= 1.00        0               0.7    -0.7        1
GREATEST
 24 HR. TOTAL    0.24   11/06 TO 11/06

SNOWFALL (INCHES)
RECORDS
 TOTAL           24.6   1972
 24 HR TOTAL     21.9   11/24/1971 TO 11/25/1971
 SNOW DEPTH        18   11/26/1971
TOTALS              T               2.8    -2.8      0.6
SINCE 7/1           T               3.1    -3.1      2.3
SNOWDEPTH AVG.      0
DAYS >= TRACE       5               2.5     2.5        4
DAYS >= 1.0         0               0.9    -0.9        0
GREATEST
 SNOW DEPTH         0   MM                             0  MM
 24 HR TOTAL        T   11/27 TO 11/27

DEGREE_DAYS
HEATING TOTAL     766               759       7      701
 SINCE 7/1       1114              1404    -290     1156
COOLING TOTAL       0                 0       0        0
 SINCE 1/1        714               598     116      902

FREEZE DATES
RECORD
 EARLIEST     09/24/1963
 LATEST       05/27/1969
EARLIEST                        10/10
LATEST                          04/28
.................................................................

WIND (MPH)
AVERAGE WIND SPEED              9.2
HIGHEST WIND SPEED/DIRECTION    43/290    DATE  11/19
HIGHEST GUST SPEED/DIRECTION    56/280    DATE  11/19

SKY COVER
AVERAGE SKY COVER           0.70

AVERAGE RH (PERCENT)     63

WEATHER CONDITIONS. NUMBER OF DAYS WITH
THUNDERSTORM              0     MIXED PRECIP               0
HEAVY RAIN                0     RAIN                       0
LIGHT RAIN               14     FREEZING RAIN              0
LT FREEZING RAIN          0     HAIL                       0
HEAVY SNOW                0     SNOW                       0
LIGHT SNOW                4     SLEET                      0
FOG                       6     FOG W/VIS <= 1/4 MILE      0
HAZE                      1

-  INDICATES NEGATIVE NUMBERS.
R  INDICATES RECORD WAS SET OR TIED.
MM INDICATES DATA IS MISSING.
T  INDICATES TRACE AMOUNT.

$$
