000
CXUS51 KALY 010631
CLMALB


CLIMATE REPORT
NATIONAL WEATHER SERVICE ALBANY NY
230 AM EDT TUE JUL 1 2014

...................................

...THE ALBANY NY CLIMATE SUMMARY FOR THE MONTH OF JUNE 2014...

CLIMATE NORMAL PERIOD 1981 TO 2010
CLIMATE RECORD PERIOD 1874 TO 2014

WEATHER         OBSERVED          NORMAL  DEPART  LAST YEAR`S
                 VALUE   DATE(S)  VALUE   FROM    VALUE  DATE(S)
                                          NORMAL
................................................................
TEMPERATURE (F)
RECORD
 HIGH             100   06/09/1933
 LOW               36   06/11/1980
                        06/10/1975
                        06/03/1964
HIGHEST            90   06/17        79      11       92  06/24
LOWEST             46   06/01        55      -9       46  06/05
AVG. MAXIMUM     79.7              77.9     1.8     77.2
AVG. MINIMUM     58.9              56.5     2.4     58.0
MEAN             69.3              67.2     2.1     67.6
DAYS MAX >= 90      1               1.5    -0.5        4
DAYS MAX <= 32      0               0.0     0.0        0
DAYS MIN <= 32      0               0.0     0.0        0
DAYS MIN <= 0       0               0.0     0.0        0

PRECIPITATION (INCHES)
RECORD
 MAXIMUM         8.74   2006
 MINIMUM         0.65   1964
TOTALS           4.77              3.79    0.98     8.68
DAILY AVG.       0.16              0.13    0.03     0.29
DAYS >= .01        10              12.2    -2.2       14
DAYS >= .10         6               7.6    -1.6       13
DAYS >= .50         3               2.6     0.4        8
DAYS >= 1.00        2               0.8     1.2        2
GREATEST
 24 HR. TOTAL    1.64   06/25 TO 06/26

DEGREE_DAYS
HEATING TOTAL      12                52     -40       55
 SINCE 7/1       6978              6680     298     6316
COOLING TOTAL     148               118      30      143
 SINCE 1/1        183               148      35      192

FREEZE DATES
RECORD
 EARLIEST     09/24/1963
 LATEST       05/27/1969
EARLIEST      03/01             10/10
LATEST        04/25             04/28
.................................................................

WIND (MPH)
AVERAGE WIND SPEED              6.3
HIGHEST WIND SPEED/DIRECTION    26/280    DATE  06/18
HIGHEST GUST SPEED/DIRECTION    40/250    DATE  06/03

SKY COVER
AVERAGE SKY COVER           0.60

AVERAGE RH (PERCENT)     66

WEATHER CONDITIONS. NUMBER OF DAYS WITH
THUNDERSTORM              0     MIXED PRECIP               0
HEAVY RAIN                4     RAIN                       5
LIGHT RAIN               14     FREEZING RAIN              0
LT FREEZING RAIN          0     HAIL                       0
HEAVY SNOW                0     SNOW                       0
LIGHT SNOW                0     SLEET                      0
FOG                      17     FOG W/VIS <= 1/4 MILE      0
HAZE                      0

-  INDICATES NEGATIVE NUMBERS.
R  INDICATES RECORD WAS SET OR TIED.
MM INDICATES DATA IS MISSING.
T  INDICATES TRACE AMOUNT.

$$
