000
CXUS51 KALY 010632
CLMALB


CLIMATE REPORT
NATIONAL WEATHER SERVICE ALBANY NY
227 AM EDT SUN JUN 1 2014

...................................

...THE ALBANY NY CLIMATE SUMMARY FOR THE MONTH OF MAY 2014...

CLIMATE NORMAL PERIOD 1981 TO 2010
CLIMATE RECORD PERIOD 1874 TO 2014

WEATHER         OBSERVED          NORMAL  DEPART  LAST YEAR`S
                 VALUE   DATE(S)  VALUE   FROM    VALUE  DATE(S)
                                          NORMAL
................................................................
TEMPERATURE (F)
RECORD
 HIGH              97   05/22/1911
 LOW               26   05/08/1968
HIGHEST            87   05/27        70      17       92  05/31
LOWEST             34   05/07        45     -11       32  05/15
AVG. MAXIMUM     71.3              69.4     1.9     71.9
AVG. MINIMUM     48.7              47.1     1.6     47.8
MEAN             60.0              58.3     1.7     59.9
DAYS MAX >= 90      0               0.3    -0.3        1
DAYS MAX <= 32      0               0.0     0.0        0
DAYS MIN <= 32      0               0.6    -0.6        1
DAYS MIN <= 0       0               0.0     0.0        0

PRECIPITATION (INCHES)
RECORD
 MAXIMUM         8.96   1953
 MINIMUM         0.15   1903
TOTALS           2.61              3.61   -1.00     6.65
DAILY AVG.       0.08              0.12   -0.04     0.21
DAYS >= .01        15              13.1     1.9       12
DAYS >= .10         8               7.8     0.2        8
DAYS >= .50         1               2.7    -1.7        6
DAYS >= 1.00        0               0.5    -0.5        4
GREATEST
 24 HR. TOTAL    1.23   05/16 TO 05/17

SNOWFALL (INCHES)
RECORDS
 TOTAL            5.4   1945
 24 HR TOTAL      5.4   05/10/1945 TO 05/11/1945
 SNOW DEPTH         4   05/10/1945
TOTALS            0.0               0.1    -0.1      0.0
SINCE 7/1        73.5              59.1    14.4     51.4
SNOWDEPTH AVG.      0
DAYS >= TRACE       0               0.1    -0.1        0
DAYS >= 1.0         0               0.0     0.0        0
GREATEST
 SNOW DEPTH         0                                  0
 24 HR TOTAL      0.0

DEGREE_DAYS
HEATING TOTAL     177               235     -58      199
 SINCE 7/1       6966              6628     338     6261
COOLING TOTAL      29                26       3       49
 SINCE 1/1         35                30       5       49

FREEZE DATES
RECORD
 EARLIEST     09/24/1963
 LATEST       05/27/1969
EARLIEST                        10/10
LATEST                          04/28
.................................................................

WIND (MPH)
AVERAGE WIND SPEED              7.4
HIGHEST WIND SPEED/DIRECTION    29/020    DATE  05/30
HIGHEST GUST SPEED/DIRECTION    41/280    DATE  05/04

SKY COVER
AVERAGE SKY COVER           0.70

AVERAGE RH (PERCENT)     63

WEATHER CONDITIONS. NUMBER OF DAYS WITH
THUNDERSTORM              4     MIXED PRECIP               0
HEAVY RAIN                4     RAIN                       6
LIGHT RAIN               19     FREEZING RAIN              0
LT FREEZING RAIN          0     HAIL                       0
HEAVY SNOW                0     SNOW                       0
LIGHT SNOW                0     SLEET                      0
FOG                      14     FOG W/VIS <= 1/4 MILE      0
HAZE                      3

-  INDICATES NEGATIVE NUMBERS.
R  INDICATES RECORD WAS SET OR TIED.
MM INDICATES DATA IS MISSING.
T  INDICATES TRACE AMOUNT.

$$
