111
CXUS51 KALY 010909
CLMALB
CLIMATE REPORT
NATIONAL WEATHER SERVICE ALBANY NY
409 AM EST FRI DEC 01 2023
...................................
...THE ALBANY NY CLIMATE SUMMARY FOR THE MONTH OF NOVEMBER 2023...
CLIMATE NORMAL PERIOD: 1991 TO 2020
CLIMATE RECORD PERIOD: 1874 TO 2023
WEATHER OBSERVED NORMAL DEPART LAST YEAR`S
VALUE DATE(S) VALUE FROM VALUE DATE(S)
NORMAL
................................................................
TEMPERATURE (F)
RECORD
HIGH 82 11/02/1950
LOW -11 11/26/1938
HIGHEST 65 11/17 76 11/05
LOWEST 17 11/25 19 11/21
AVG. MAXIMUM 48.8 49.3 -0.5 53.7
AVG. MINIMUM 30.2 31.6 -1.4 34.9
MEAN 39.5 40.5 -1.0 44.3
DAYS MAX >= 90 0 0.0 0.0 0
DAYS MAX <= 32 0 1.1 -1.1 0
DAYS MIN <= 32 20 17.2 2.8 18
DAYS MIN <= 0 0 0.0 0.0 0
PRECIPITATION (INCHES)
RECORD
MAXIMUM 8.07 1972
MINIMUM 0.40 1908
TOTALS 1.85 2.99 -1.14 3.23
DAILY AVG. 0.06 0.11
DAYS >= .01 12 11.1 0.9 11
DAYS >= .10 7 6.3 0.7 7
DAYS >= .50 0 2.1 -2.1 3
DAYS >= 1.00 0 0.6 -0.6 0
GREATEST
24 HR. TOTAL 0.71 11/21 TO 11/22
SNOWFALL (INCHES)
RECORDS
TOTAL 24.6 1972
24 HR TOTAL 21.9 11/24/1971 TO 11/25/1971
SNOW DEPTH 18 11/26/1971
TOTALS 1.8 2.6 -0.8 2.1
SINCE 7/1 1.8 2.9 -1.1 MM
SNOWDEPTH AVG. 0
DAYS >= TRACE 8 2.4 5.6 MM
DAYS >= 1.0 1 0.8 0.2 MM
GREATEST
SNOW DEPTH 1 11/22 1 11/16
24 HR TOTAL 1.7 11/21 TO 11/21
DEGREE DAYS
HEATING TOTAL 758 737 21 621
SINCE 7/1 1101 1292 -191 MM
COOLING TOTAL 0 0 0 9
SINCE 1/1 847 719 128 MM
................................................................
WIND (MPH)
AVERAGE WIND SPEED 7.2
HIGHEST WIND SPEED/DIRECTION 31/260 DATE 11/27
HIGHEST GUST SPEED/DIRECTION 43/260 DATE 11/27
SKY COVER
AVERAGE SKY COVER 0.67
AVERAGE RH (PERCENT) 64
WEATHER CONDITIONS. NUMBER OF DAYS WITH
THUNDERSTORM 0 MIXED PRECIP 0
HEAVY RAIN 0 RAIN 1
LIGHT RAIN 14 FREEZING RAIN 0
LT FREEZING RAIN 0 HAIL 0
HEAVY SNOW 0 SNOW 0
LIGHT SNOW 7 SLEET 3
FOG 9 FOG W/VIS <= 1/4 MILE 0
HAZE 1
- INDICATES NEGATIVE NUMBERS.
R INDICATES RECORD WAS SET OR TIED.
MM INDICATES DATA IS MISSING.
T INDICATES TRACE AMOUNT.
$$