000
CXUS51 KALY 010635
CLMALB


CLIMATE REPORT
NATIONAL WEATHER SERVICE ALBANY NY
230 AM EDT FRI APR 1 2016

...................................

...THE ALBANY NY CLIMATE SUMMARY FOR THE MONTH OF MARCH 2016...

CLIMATE NORMAL PERIOD 1981 TO 2010
CLIMATE RECORD PERIOD 1874 TO 2016

WEATHER         OBSERVED          NORMAL  DEPART  LAST YEAR`S
                 VALUE   DATE(S)  VALUE   FROM    VALUE  DATE(S)
                                          NORMAL
................................................................
TEMPERATURE (F)
RECORD
 HIGH              89   03/31/1998
 LOW              -21   03/06/1948
HIGHEST            81   03/09        44      37       49  03/25
                                                          03/10
LOWEST             17   03/05        25      -8        0  03/06
                        03/03
AVG. MAXIMUM     52.9              44.4     8.5     39.0
AVG. MINIMUM     32.5              25.7     6.8     20.7
MEAN             42.7              35.0     7.7     29.8
DAYS MAX >= 90      0               0.0     0.0        0
DAYS MAX <= 32      1               3.5    -2.5        6
DAYS MIN <= 32     15              22.9    -7.9       28
DAYS MIN <= 0       0               0.3    -0.3        1

PRECIPITATION (INCHES)
RECORD
 MAXIMUM         7.37   1843
 MINIMUM         0.09   1915
TOTALS           1.18              3.21   -2.03     1.25
DAILY AVG.       0.04              0.10   -0.06     0.04
DAYS >= .01         9              12.1    -3.1       10
DAYS >= .10         4               6.5    -2.5        2
DAYS >= .50         0               2.2    -2.2        1
DAYS >= 1.00        0               0.6    -0.6        0
GREATEST
 24 HR. TOTAL    0.36   03/28 TO 03/28

SNOWFALL (INCHES)
RECORDS
 TOTAL           50.9   1888
 24 HR TOTAL     30.4   03/12/1888 TO 03/12/1888
 SNOW DEPTH        28   03/14/1993
TOTALS            0.2              11.0   -10.8      5.3
SINCE 7/1        10.5              57.9   -47.4     75.9
SNOWDEPTH AVG.      0
DAYS >= TRACE       4               5.6    -1.6       13
DAYS >= 1.0         0               2.5    -2.5        2
GREATEST
 SNOW DEPTH         0   MM                            13  03/02
 24 HR TOTAL      0.2   MM

DEGREE_DAYS
HEATING TOTAL     682               929    -247     1085
 SINCE 7/1       4611              5873   -1262     6215
COOLING TOTAL       0                 0       0        0
 SINCE 1/1          0                 0       0        0

FREEZE DATES
RECORD
 EARLIEST     09/24/1963
 LATEST       05/27/1969
EARLIEST                        10/10
LATEST                          04/28
.................................................................

WIND (MPH)
AVERAGE WIND SPEED              9.4
HIGHEST WIND SPEED/DIRECTION    40/280    DATE  03/02
HIGHEST GUST SPEED/DIRECTION    50/280    DATE  03/02

SKY COVER
AVERAGE SKY COVER           0.70

AVERAGE RH (PERCENT)     55

WEATHER CONDITIONS. NUMBER OF DAYS WITH
THUNDERSTORM              2     MIXED PRECIP               0
HEAVY RAIN                1     RAIN                       3
LIGHT RAIN               15     FREEZING RAIN              0
LT FREEZING RAIN          0     HAIL                       0
HEAVY SNOW                0     SNOW                       0
LIGHT SNOW                5     SLEET                      0
FOG                       6     FOG W/VIS <= 1/4 MILE      0
HAZE                      2

-  INDICATES NEGATIVE NUMBERS.
R  INDICATES RECORD WAS SET OR TIED.
MM INDICATES DATA IS MISSING.
T  INDICATES TRACE AMOUNT.

$$
