000
CXUS51 KALY 012249 CCA
CLMALB

CLIMATE REPORT
NATIONAL WEATHER SERVICE ALBANY NY
505 AM EDT FRI MAY 1 2015

...................................

...THE ALBANY NY CLIMATE SUMMARY FOR THE MONTH OF APRIL 2015...

CLIMATE NORMAL PERIOD 1981 TO 2010
CLIMATE RECORD PERIOD 1874 TO 2015

WEATHER         OBSERVED          NORMAL  DEPART  LAST YEAR`S
                 VALUE   DATE(S)  VALUE   FROM    VALUE  DATE(S)
                                          NORMAL
................................................................
TEMPERATURE (F)
RECORD
 HIGH              93   04/20/1941
 LOW               13   04/07/1982
                        04/12/1874
HIGHEST            77   04/18        58      19       79  04/13
LOWEST             25   04/05        35     -10       26  04/17
                        04/02                             04/16
                        04/01
AVG. MAXIMUM     58.7              58.3     0.4     59.5
AVG. MINIMUM     36.9              37.3    -0.4     35.3
MEAN             47.8              47.8     0.0     47.4
DAYS MAX >= 90      0               0.1    -0.1        0
DAYS MAX <= 32      0               0.1    -0.1        0
DAYS MIN <= 32      9               7.9     1.1       14
DAYS MIN <= 0       0               0.0     0.0        0

PRECIPITATION (INCHES)
RECORD
 MAXIMUM         7.95   1983
 MINIMUM         0.56   1892
TOTALS           2.10              3.17   -1.07     2.44
DAILY AVG.       0.07              0.11   -0.04     0.08
DAYS >= .01        11              11.9    -0.9       13
DAYS >= .10         8               6.9     1.1        7
DAYS >= .50         1               1.9    -0.9        1
DAYS >= 1.00        0               0.5    -0.5        0
GREATEST
 24 HR. TOTAL    0.59   04/20 TO 04/21

SNOWFALL (INCHES)
RECORDS
 TOTAL           17.7   1982
 24 HR TOTAL     17.7   04/06/1982 TO 04/07/1982
 SNOW DEPTH        13   04/07/1982
TOTALS              T               2.3    -2.3      2.4
SINCE 7/1        75.9              59.0    16.9     73.5
SNOWDEPTH AVG.      0
DAYS >= TRACE       4               1.2     2.8        3
DAYS >= 1.0         0               0.5    -0.5        1
GREATEST
 SNOW DEPTH         0                                  2  04/16
 24 HR TOTAL        T   04/24 TO 04/24

DEGREE_DAYS
HEATING TOTAL     511               520      -9      525
 SINCE 7/1       6726              6393     333     6789
COOLING TOTAL       0                 4      -4        6
 SINCE 1/1          0                 4      -4        6

FREEZE DATES
RECORD
 EARLIEST     09/24/1963
 LATEST       05/27/1969
EARLIEST                        10/10
LATEST                          04/28
.................................................................

WIND (MPH)
AVERAGE WIND SPEED              9.3
HIGHEST WIND SPEED/DIRECTION    36/280    DATE  04/18
HIGHEST GUST SPEED/DIRECTION    49/280    DATE  04/18

SKY COVER
AVERAGE SKY COVER           0.70

AVERAGE RH (PERCENT)     54

WEATHER CONDITIONS. NUMBER OF DAYS WITH
THUNDERSTORM              3     MIXED PRECIP               0
HEAVY RAIN                1     RAIN                       6
LIGHT RAIN               14     FREEZING RAIN              0
LT FREEZING RAIN          0     HAIL                       0
HEAVY SNOW                0     SNOW                       0
LIGHT SNOW                1     SLEET                      1
FOG                      10     FOG W/VIS <= 1/4 MILE      0
HAZE                      0

-  INDICATES NEGATIVE NUMBERS.
R  INDICATES RECORD WAS SET OR TIED.
MM INDICATES DATA IS MISSING.
T  INDICATES TRACE AMOUNT.

$$
