000
CXUS51 KALY 010627
CLMALB


CLIMATE REPORT
NATIONAL WEATHER SERVICE ALBANY NY
226 AM EDT WED JUN 1 2016

...................................

...THE ALBANY NY CLIMATE SUMMARY FOR THE MONTH OF MAY 2016...

CLIMATE NORMAL PERIOD 1981 TO 2010
CLIMATE RECORD PERIOD 1874 TO 2016

WEATHER         OBSERVED          NORMAL  DEPART  LAST YEAR`S
                 VALUE   DATE(S)  VALUE   FROM    VALUE  DATE(S)
                                          NORMAL
................................................................
TEMPERATURE (F)
RECORD
 HIGH              97   05/22/1911
 LOW               26   05/08/1968
HIGHEST            93   05/28        70      23       89  05/08
LOWEST             34   05/10        45     -11       37  05/14
AVG. MAXIMUM     70.2              69.4     0.8     78.4
AVG. MINIMUM     48.7              47.1     1.6     52.8
MEAN             59.5              58.3     1.2     65.6
DAYS MAX >= 90      1               0.3     0.7        0
DAYS MAX <= 32      0               0.0     0.0        0
DAYS MIN <= 32      0               0.6    -0.6        0
DAYS MIN <= 0       0               0.0     0.0        0

PRECIPITATION (INCHES)
RECORD
 MAXIMUM         8.96   1953
 MINIMUM         0.15   1903
TOTALS           2.43              3.61   -1.18     1.05
DAILY AVG.       0.08              0.12   -0.04     0.03
DAYS >= .01        10              13.1    -3.1        6
DAYS >= .10         7               7.8    -0.8        4
DAYS >= .50         1               2.7    -1.7        0
DAYS >= 1.00        0               0.5    -0.5        0
GREATEST
 24 HR. TOTAL    0.61   05/30 TO 05/30

SNOWFALL (INCHES)
RECORDS
 TOTAL            5.4   1945
 24 HR TOTAL      5.4   05/10/1945 TO 05/11/1945
 SNOW DEPTH         4   05/10/1945
TOTALS            0.0               0.1    -0.1      0.0
SINCE 7/1        16.9              60.3   -43.4     75.9
SNOWDEPTH AVG.      0
DAYS >= TRACE       0               0.1    -0.1        0
DAYS >= 1.0         0               0.0     0.0        0
GREATEST
 SNOW DEPTH         0   MM                             0  MM
 24 HR TOTAL      0.0   05/31 TO 05/31

DEGREE_DAYS
HEATING TOTAL     236               235       1       96
 SINCE 7/1       5416              6628   -1212     6822
COOLING TOTAL      73                26      47      123
 SINCE 1/1         75                30      45      123

FREEZE DATES
RECORD
 EARLIEST     09/24/1963
 LATEST       05/27/1969
EARLIEST                        10/10
LATEST                          04/28
.................................................................

WIND (MPH)
AVERAGE WIND SPEED              7.0
HIGHEST WIND SPEED/DIRECTION    35/290    DATE  05/16
HIGHEST GUST SPEED/DIRECTION    47/290    DATE  05/16

SKY COVER
AVERAGE SKY COVER           0.70

AVERAGE RH (PERCENT)     63

WEATHER CONDITIONS. NUMBER OF DAYS WITH
THUNDERSTORM              0     MIXED PRECIP               0
HEAVY RAIN                2     RAIN                       3
LIGHT RAIN               18     FREEZING RAIN              0
LT FREEZING RAIN          0     HAIL                       0
HEAVY SNOW                0     SNOW                       0
LIGHT SNOW                0     SLEET                      0
FOG                      15     FOG W/VIS <= 1/4 MILE      0
HAZE                      2

-  INDICATES NEGATIVE NUMBERS.
R  INDICATES RECORD WAS SET OR TIED.
MM INDICATES DATA IS MISSING.
T  INDICATES TRACE AMOUNT.

$$
