000
CXUS51 KALY 010649 CCA
CLMALB

CLIMATE REPORT...CORRECTED
NATIONAL WEATHER SERVICE ALBANY NY
149 AM EST SAT MAR 1 2014

...................................

...THE ALBANY NY CLIMATE SUMMARY FOR THE MONTH OF FEBRUARY 2014...

CLIMATE NORMAL PERIOD 1981 TO 2010
CLIMATE RECORD PERIOD 1874 TO 2014

WEATHER         OBSERVED          NORMAL  DEPART  LAST YEAR`S
                 VALUE   DATE(S)  VALUE   FROM    VALUE  DATE(S)
                                          NORMAL
................................................................
TEMPERATURE (F)
RECORD
 HIGH              68   02/22/1997
 LOW              -22   02/15/1943
HIGHEST            51   02/22        33      18       48  02/15
LOWEST             -8   02/12        14     -22       -5  02/10
AVG. MAXIMUM     30.6              34.6    -4.0     34.3
AVG. MINIMUM     13.2              17.3    -4.1     19.4
MEAN             21.9              25.9    -4.0     26.8
DAYS MAX >= 90      0               0.0     0.0        0
DAYS MAX <= 32     18              11.0     7.0       13
DAYS MIN <= 32     28              25.5     2.5       26
DAYS MIN <= 0       3               1.8     1.2        1

PRECIPITATION (INCHES)
RECORD
 MAXIMUM         5.19   1870
 MINIMUM         0.24   1987
TOTALS           3.48              2.20    1.28     1.67
DAILY AVG.       0.12              0.08    0.04     0.06
DAYS >= .01        10              10.4    -0.4        9
DAYS >= .10         6               5.2     0.8        3
DAYS >= .50         3               1.5     1.5        1
DAYS >= 1.00        1               0.3     0.7        0
GREATEST
 24 HR. TOTAL    1.48   02/13 TO 02/14

SNOWFALL (INCHES)
RECORDS
 TOTAL           40.7   1893
 24 HR TOTAL     23.5   02/14/1914 TO 02/14/1914
 SNOW DEPTH        22   02/08/1971
TOTALS           28.1              12.4    15.7     11.1
SINCE 7/1        65.2              46.5    18.7     30.7
SNOWDEPTH AVG.      7
DAYS >= TRACE      18               7.6    10.4       20
DAYS >= 1.0         4               2.9     1.1        3
GREATEST
 SNOW DEPTH        18   02/14                          6  02/09
 24 HR TOTAL     14.4   02/13 TO 02/14

DEGREE_DAYS
HEATING TOTAL    1200              1093     107     1062
 SINCE 7/1       5117              4944     173     4538
COOLING TOTAL       0                 0       0        0
 SINCE 1/1          0                 0       0        0

FREEZE DATES
RECORD
 EARLIEST     09/24/1963
 LATEST       05/27/1969
EARLIEST                        10/10
LATEST                          04/28
.................................................................

WIND (MPH)
AVERAGE WIND SPEED              7.8
HIGHEST WIND SPEED/DIRECTION    35/290    DATE  02/27
HIGHEST GUST SPEED/DIRECTION    46/290    DATE  02/27

SKY COVER
AVERAGE SKY COVER           0.70

AVERAGE RH (PERCENT)     63

WEATHER CONDITIONS. NUMBER OF DAYS WITH
THUNDERSTORM              1     MIXED PRECIP               0
HEAVY RAIN                0     RAIN                       1
LIGHT RAIN                5     FREEZING RAIN              0
LT FREEZING RAIN          1     HAIL                       0
HEAVY SNOW                3     SNOW                       6
LIGHT SNOW               16     SLEET                      1
FOG                      12     FOG W/VIS <= 1/4 MILE      3
HAZE                      7

-  INDICATES NEGATIVE NUMBERS.
R  INDICATES RECORD WAS SET OR TIED.
MM INDICATES DATA IS MISSING.
T  INDICATES TRACE AMOUNT.

$$

CORRECTED FOR GREATEST 24 HR SNOW TOTAL
