000
CXUS51 KALY 010943
CLMALB


CLIMATE REPORT
NATIONAL WEATHER SERVICE ALBANY NY
440 AM EST SUN FEB 1 2015

...................................

...THE ALBANY NY CLIMATE SUMMARY FOR THE MONTH OF JANUARY 2015...

CLIMATE NORMAL PERIOD 1981 TO 2010
CLIMATE RECORD PERIOD 1874 TO 2015

WEATHER         OBSERVED          NORMAL  DEPART  LAST YEAR`S
                 VALUE   DATE(S)  VALUE   FROM    VALUE  DATE(S)
                                          NORMAL
................................................................
TEMPERATURE (F)
RECORD
 HIGH              71   01/06/2007
                        01/13/1932
 LOW              -28   01/19/1971
HIGHEST            45   01/04        30      15       56  01/11
LOWEST            -10   01/14        11     -21      -12  01/04
AVG. MAXIMUM     28.9              30.6    -1.7     28.9
AVG. MINIMUM     10.5              14.5    -4.0     10.6
MEAN             19.7              22.6    -2.9     19.7
DAYS MAX >= 90      0               0.0     0.0        0
DAYS MAX <= 32     20              16.5     3.5       17
DAYS MIN <= 32     30              28.6     1.4       28
DAYS MIN <= 0       7               4.5     2.5        6

PRECIPITATION (INCHES)
RECORD
 MAXIMUM         7.30   1836
 MINIMUM         0.08   1860
TOTALS           2.17              2.59   -0.42     2.31
DAILY AVG.       0.07              0.08   -0.01     0.07
DAYS >= .01        10              12.8    -2.8       14
DAYS >= .10         6               5.7     0.3        5
DAYS >= .50         2               1.9     0.1        1
DAYS >= 1.00        0               0.3    -0.3        0
GREATEST
 24 HR. TOTAL    0.79   01/03 TO 01/04

SNOWFALL (INCHES)
RECORDS
 TOTAL           47.8   1987
 24 HR TOTAL     21.2   01/15/1983 TO 01/16/1983
 SNOW DEPTH        36   01/01/1970
TOTALS           15.5              17.6    -2.1     15.0
SINCE 7/1        40.0              34.1     5.9     37.1
SNOWDEPTH AVG.      1
DAYS >= TRACE      23              10.3    12.7       18
DAYS >= 1.0         5               4.2     0.8        5
GREATEST
 SNOW DEPTH         6   01/28                          9  01/04
                                                          01/03
 24 HR TOTAL      5.6   01/27 TO 01/27

DEGREE_DAYS
HEATING TOTAL    1398              1316      82     1393
 SINCE 7/1       3671              3851    -180     3917
COOLING TOTAL       0                 0       0        0
 SINCE 1/1          0                 0       0        0

FREEZE DATES
RECORD
 EARLIEST     09/24/1963
 LATEST       05/27/1969
EARLIEST                        10/10
LATEST                          04/28
.................................................................

WIND (MPH)
AVERAGE WIND SPEED              8.9
HIGHEST WIND SPEED/DIRECTION    37/300    DATE  01/30
HIGHEST GUST SPEED/DIRECTION    47/300    DATE  01/07

SKY COVER
AVERAGE SKY COVER           0.60

AVERAGE RH (PERCENT)     61

WEATHER CONDITIONS. NUMBER OF DAYS WITH
THUNDERSTORM              0     MIXED PRECIP               0
HEAVY RAIN                0     RAIN                       1
LIGHT RAIN                3     FREEZING RAIN              0
LT FREEZING RAIN          2     HAIL                       0
HEAVY SNOW                2     SNOW                       4
LIGHT SNOW               22     SLEET                      1
FOG                       9     FOG W/VIS <= 1/4 MILE      2
HAZE                      7

-  INDICATES NEGATIVE NUMBERS.
R  INDICATES RECORD WAS SET OR TIED.
MM INDICATES DATA IS MISSING.
T  INDICATES TRACE AMOUNT.

$$
