000
CXUS51 KALY 010842
CLMALB


CLIMATE REPORT
NATIONAL WEATHER SERVICE ALBANY NY
441 AM EDT WED APR 1 2015

...................................

...THE ALBANY NY CLIMATE SUMMARY FOR THE MONTH OF MARCH 2015...

CLIMATE NORMAL PERIOD 1981 TO 2010
CLIMATE RECORD PERIOD 1874 TO 2015

WEATHER         OBSERVED          NORMAL  DEPART  LAST YEAR`S
                 VALUE   DATE(S)  VALUE   FROM    VALUE  DATE(S)
                                          NORMAL
................................................................
TEMPERATURE (F)
RECORD
 HIGH              89   03/31/1998
 LOW              -21   03/06/1948
HIGHEST            49   03/25        44       5       53  03/29
                        03/10
LOWEST              0   03/06        25     -25        1  03/04
                                                          03/01
AVG. MAXIMUM     39.0              44.4    -5.4     37.0
AVG. MINIMUM     20.7              25.7    -5.0     18.5
MEAN             29.8              35.0    -5.2     27.7
DAYS MAX >= 90      0               0.0     0.0        0
DAYS MAX <= 32      6               3.5     2.5       10
DAYS MIN <= 32     28              22.9     5.1       27
DAYS MIN <= 0       1               0.3     0.7        0

PRECIPITATION (INCHES)
RECORD
 MAXIMUM         7.37   1843
 MINIMUM         0.09   1915
TOTALS           1.25              3.21   -1.96     2.72
DAILY AVG.       0.04              0.10   -0.06     0.09
DAYS >= .01        10              12.1    -2.1        7
DAYS >= .10         2               6.5    -4.5        5
DAYS >= .50         1               2.2    -1.2        3
DAYS >= 1.00        0               0.6    -0.6        0
GREATEST
 24 HR. TOTAL    0.78   03/26 TO 03/26

SNOWFALL (INCHES)
RECORDS
 TOTAL           50.9   1888
 24 HR TOTAL     30.4   03/12/1888 TO 03/12/1888
 SNOW DEPTH        28   03/14/1993
TOTALS            5.3              10.2    -4.9      5.9
SINCE 7/1        75.9              56.7    19.2     71.1
SNOWDEPTH AVG.      4
DAYS >= TRACE      13               5.6     7.4       18
DAYS >= 1.0         2               2.5    -0.5        1
GREATEST
 SNOW DEPTH        13   03/02                          5  03/13
 24 HR TOTAL      1.9   03/28 TO 03/28

DEGREE_DAYS
HEATING TOTAL    1085               929     156     1147
 SINCE 7/1       6215              5873     342     6264
COOLING TOTAL       0                 0       0        0
 SINCE 1/1          0                 0       0        0

FREEZE DATES
RECORD
 EARLIEST     09/24/1963
 LATEST       05/27/1969
EARLIEST                        10/10
LATEST                          04/28
.................................................................

WIND (MPH)
AVERAGE WIND SPEED              9.4
HIGHEST WIND SPEED/DIRECTION    39/290    DATE  03/02
HIGHEST GUST SPEED/DIRECTION    51/280    DATE  03/02

SKY COVER
AVERAGE SKY COVER           0.60

AVERAGE RH (PERCENT)     57

WEATHER CONDITIONS. NUMBER OF DAYS WITH
THUNDERSTORM              0     MIXED PRECIP               0
HEAVY RAIN                0     RAIN                       3
LIGHT RAIN                9     FREEZING RAIN              0
LT FREEZING RAIN          1     HAIL                       0
HEAVY SNOW                0     SNOW                       1
LIGHT SNOW               11     SLEET                      3
FOG                      13     FOG W/VIS <= 1/4 MILE      3
HAZE                      9

-  INDICATES NEGATIVE NUMBERS.
R  INDICATES RECORD WAS SET OR TIED.
MM INDICATES DATA IS MISSING.
T  INDICATES TRACE AMOUNT.

$$
