000
CXUS51 KALY 010818
CLMALB


CLIMATE REPORT
NATIONAL WEATHER SERVICE ALBANY NY
415 AM EDT MON JUN 1 2015

...................................

...THE ALBANY NY CLIMATE SUMMARY FOR THE MONTH OF MAY 2015...

CLIMATE NORMAL PERIOD 1981 TO 2010
CLIMATE RECORD PERIOD 1874 TO 2015

WEATHER         OBSERVED          NORMAL  DEPART  LAST YEAR`S
                 VALUE   DATE(S)  VALUE   FROM    VALUE  DATE(S)
                                          NORMAL
................................................................
TEMPERATURE (F)
RECORD
 HIGH              97   05/22/1911
 LOW               26   05/08/1968
HIGHEST            89   05/08        70      19       87  05/27
LOWEST             37   05/14        45      -8       34  05/07
AVG. MAXIMUM     78.4              69.4     9.0     71.3
AVG. MINIMUM     52.8              47.1     5.7     48.7
MEAN             65.6              58.3     7.3     60.0
DAYS MAX >= 90      0               0.3    -0.3        0
DAYS MAX <= 32      0               0.0     0.0        0
DAYS MIN <= 32      0               0.6    -0.6        0
DAYS MIN <= 0       0               0.0     0.0        0

PRECIPITATION (INCHES)
RECORD
 MAXIMUM         8.96   1953
 MINIMUM         0.15   1903
TOTALS           1.05              3.61   -2.56     2.61
DAILY AVG.       0.03              0.12   -0.09     0.08
DAYS >= .01         6              13.1    -7.1       15
DAYS >= .10         4               7.8    -3.8        8
DAYS >= .50         0               2.7    -2.7        1
DAYS >= 1.00        0               0.5    -0.5        0
GREATEST
 24 HR. TOTAL    0.46   05/30 TO 05/31

SNOWFALL (INCHES)
RECORDS
 TOTAL            5.4   1945
 24 HR TOTAL      5.4   05/10/1945 TO 05/11/1945
 SNOW DEPTH         4   05/10/1945
TOTALS            0.0               0.1    -0.1      0.0
SINCE 7/1        75.9              59.1    16.8     73.5
SNOWDEPTH AVG.      0
DAYS >= TRACE       0               0.1    -0.1        0
DAYS >= 1.0         0               0.0     0.0        0
GREATEST
 SNOW DEPTH         0   MM                             0  MM
 24 HR TOTAL      0.0   05/31 TO 05/31

DEGREE_DAYS
HEATING TOTAL      96               235    -139      177
 SINCE 7/1       6822              6628     194     6966
COOLING TOTAL     123                26      97       29
 SINCE 1/1        123                30      93       35

FREEZE DATES
RECORD
 EARLIEST     09/24/1963
 LATEST       05/27/1969
EARLIEST                        10/10
LATEST                          04/28
.................................................................

WIND (MPH)
AVERAGE WIND SPEED              8.4
HIGHEST WIND SPEED/DIRECTION    32/310    DATE  05/12
HIGHEST GUST SPEED/DIRECTION    42/310    DATE  05/12

SKY COVER
AVERAGE SKY COVER           0.60

AVERAGE RH (PERCENT)     56

WEATHER CONDITIONS. NUMBER OF DAYS WITH
THUNDERSTORM              4     MIXED PRECIP               0
HEAVY RAIN                1     RAIN                       2
LIGHT RAIN               11     FREEZING RAIN              0
LT FREEZING RAIN          0     HAIL                       0
HEAVY SNOW                0     SNOW                       0
LIGHT SNOW                0     SLEET                      0
FOG                       7     FOG W/VIS <= 1/4 MILE      0
HAZE                      3

-  INDICATES NEGATIVE NUMBERS.
R  INDICATES RECORD WAS SET OR TIED.
MM INDICATES DATA IS MISSING.
T  INDICATES TRACE AMOUNT.

$$
