000
CXUS51 KALY 010637
CLMALB


CLIMATE REPORT
NATIONAL WEATHER SERVICE ALBANY NY
235 AM EDT MON AUG 1 2016

...................................

...THE ALBANY NY CLIMATE SUMMARY FOR THE MONTH OF JULY 2016...

CLIMATE NORMAL PERIOD 1981 TO 2010
CLIMATE RECORD PERIOD 1874 TO 2016

WEATHER         OBSERVED          NORMAL  DEPART  LAST YEAR`S
                 VALUE   DATE(S)  VALUE   FROM    VALUE  DATE(S)
                                          NORMAL
................................................................
TEMPERATURE (F)
RECORD
 HIGH             104   07/04/1911
 LOW               40   07/31/1978
                        07/02/1978
HIGHEST            94   07/22        84      10       95  07/29
LOWEST             53   07/20        60      -7       52  07/17
                                                          07/03
AVG. MAXIMUM     84.9              82.3     2.6     83.7
AVG. MINIMUM     63.1              61.4     1.7     62.3
MEAN             74.0              71.8     2.2     73.0
DAYS MAX >= 90      7               3.6     3.4        3
DAYS MAX <= 32      0               0.0     0.0        0
DAYS MIN <= 32      0               0.0     0.0        0
DAYS MIN <= 0       0               0.0     0.0        0

PRECIPITATION (INCHES)
RECORD
 MAXIMUM         9.91   2009
 MINIMUM         0.49   1968
TOTALS           6.44              4.12    2.32     3.42
DAILY AVG.       0.21              0.13    0.08     0.11
DAYS >= .01        14              10.8     3.2        8
DAYS >= .10         7               6.9     0.1        7
DAYS >= .50         5               2.7     2.3        2
DAYS >= 1.00        2               1.0     1.0        1
GREATEST
 24 HR. TOTAL    2.55   07/31 TO 07/31

DEGREE_DAYS
HEATING TOTAL       0                 5      -5        1
 SINCE 7/1          0                 5      -5        1
COOLING TOTAL     285               218      67      255
 SINCE 1/1        503               366     137      489

FREEZE DATES
RECORD
 EARLIEST     09/24/1963
 LATEST       05/27/1969
EARLIEST                        10/10
LATEST                          04/28
.................................................................

WIND (MPH)
AVERAGE WIND SPEED              6.7
HIGHEST WIND SPEED/DIRECTION    26/330    DATE  07/23
HIGHEST GUST SPEED/DIRECTION    39/310    DATE  07/15

SKY COVER
AVERAGE SKY COVER           0.60

AVERAGE RH (PERCENT)     67

WEATHER CONDITIONS. NUMBER OF DAYS WITH
THUNDERSTORM              8     MIXED PRECIP               0
HEAVY RAIN                6     RAIN                       3
LIGHT RAIN               15     FREEZING RAIN              0
LT FREEZING RAIN          0     HAIL                       1
HEAVY SNOW                0     SNOW                       0
LIGHT SNOW                0     SLEET                      0
FOG                      14     FOG W/VIS <= 1/4 MILE      0
HAZE                      3

-  INDICATES NEGATIVE NUMBERS.
R  INDICATES RECORD WAS SET OR TIED.
MM INDICATES DATA IS MISSING.
T  INDICATES TRACE AMOUNT.

$$
