000
CXUS51 KALY 010706
CLMALB


CLIMATE REPORT
NATIONAL WEATHER SERVICE ALBANY NY
305 AM EDT THU MAY 1 2014

...................................

...THE ALBANY NY CLIMATE SUMMARY FOR THE MONTH OF APRIL 2014...

CLIMATE NORMAL PERIOD 1981 TO 2010
CLIMATE RECORD PERIOD 1874 TO 2014

WEATHER         OBSERVED          NORMAL  DEPART  LAST YEAR`S
                 VALUE   DATE(S)  VALUE   FROM    VALUE  DATE(S)
                                          NORMAL
................................................................
TEMPERATURE (F)
RECORD
 HIGH              93   04/20/1941
 LOW               13   04/07/1982
                        04/12/1874
HIGHEST            79   04/13        58      21       74  04/28
LOWEST             26   04/17        35      -9       25  04/03
                        04/16                             04/02
AVG. MAXIMUM     59.5              58.3     1.2     56.9
AVG. MINIMUM     35.3              37.3    -2.0     34.9
MEAN             47.4              47.8    -0.4     45.9
DAYS MAX >= 90      0               0.1    -0.1        0
DAYS MAX <= 32      0               0.1    -0.1        0
DAYS MIN <= 32     14               7.9     6.1       14
DAYS MIN <= 0       0               0.0     0.0        0

PRECIPITATION (INCHES)
RECORD
 MAXIMUM         7.95   1983
 MINIMUM         0.56   1892
TOTALS           2.44              3.17   -0.73     2.47
DAILY AVG.       0.08              0.11   -0.03     0.08
DAYS >= .01        13              11.9     1.1       14
DAYS >= .10         7               6.9     0.1        5
DAYS >= .50         1               1.9    -0.9        2
DAYS >= 1.00        0               0.5    -0.5        0
GREATEST
 24 HR. TOTAL    0.72   04/15 TO 04/15

SNOWFALL (INCHES)
RECORDS
 TOTAL           17.7   1982
 24 HR TOTAL     17.7   04/06/1982 TO 04/07/1982
 SNOW DEPTH        13   04/07/1982
TOTALS            2.4               2.3     0.1      1.2
SINCE 7/1        73.5              59.0    14.5     51.4
SNOWDEPTH AVG.      0
DAYS >= TRACE       3               1.2     1.8        8
DAYS >= 1.0         1               0.5     0.5        1
GREATEST
 SNOW DEPTH         2   04/16                          0  MM
 24 HR TOTAL      2.4   MM

DEGREE_DAYS
HEATING TOTAL     525               520       5      565
 SINCE 7/1       6789              6393     396     6062
COOLING TOTAL       6                 4       2        0
 SINCE 1/1          6                 4       2        0

FREEZE DATES
RECORD
 EARLIEST     09/24/1963
 LATEST       05/27/1969
EARLIEST                        10/10
LATEST                          04/28
.................................................................

WIND (MPH)
AVERAGE WIND SPEED              9.7
HIGHEST WIND SPEED/DIRECTION    32/190    DATE  04/14
HIGHEST GUST SPEED/DIRECTION    44/180    DATE  04/14

SKY COVER
AVERAGE SKY COVER           0.60

AVERAGE RH (PERCENT)     57

WEATHER CONDITIONS. NUMBER OF DAYS WITH
THUNDERSTORM              0     MIXED PRECIP               0
HEAVY RAIN                1     RAIN                       4
LIGHT RAIN               15     FREEZING RAIN              0
LT FREEZING RAIN          0     HAIL                       0
HEAVY SNOW                0     SNOW                       1
LIGHT SNOW                3     SLEET                      1
FOG                      11     FOG W/VIS <= 1/4 MILE      3
HAZE                      1

-  INDICATES NEGATIVE NUMBERS.
R  INDICATES RECORD WAS SET OR TIED.
MM INDICATES DATA IS MISSING.
T  INDICATES TRACE AMOUNT.

$$
