000
CXUS51 KALY 010912
CLMALB


CLIMATE REPORT
NATIONAL WEATHER SERVICE ALBANY NY
507 AM EDT SUN MAY 1 2016

...................................

...THE ALBANY NY CLIMATE SUMMARY FOR THE MONTH OF APRIL 2016...

CLIMATE NORMAL PERIOD 1981 TO 2010
CLIMATE RECORD PERIOD 1874 TO 2016

WEATHER         OBSERVED          NORMAL  DEPART  LAST YEAR`S
                 VALUE   DATE(S)  VALUE   FROM    VALUE  DATE(S)
                                          NORMAL
................................................................
TEMPERATURE (F)
RECORD
 HIGH              93   04/20/1941
 LOW               13   04/07/1982
                        04/12/1874
HIGHEST            78   04/18        58      20       77  04/18
LOWEST             14   04/05        35     -21       25  04/05
                                                          04/02
                                                          04/01
AVG. MAXIMUM     57.2              58.3    -1.1     58.7
AVG. MINIMUM     34.7              37.3    -2.6     36.9
MEAN             46.0              47.8    -1.8     47.8
DAYS MAX >= 90      0               0.1    -0.1        0
DAYS MAX <= 32      1               0.1     0.9        0
DAYS MIN <= 32     11               7.9     3.1        9
DAYS MIN <= 0       0               0.0     0.0        0

PRECIPITATION (INCHES)
RECORD
 MAXIMUM         7.95   1983
 MINIMUM         0.56   1892
TOTALS           1.84              3.17   -1.33     2.10
DAILY AVG.       0.06              0.11   -0.05     0.07
DAYS >= .01         9              11.9    -2.9       11
DAYS >= .10         4               6.9    -2.9        8
DAYS >= .50         1               1.9    -0.9        1
DAYS >= 1.00        0               0.5    -0.5        0
GREATEST
 24 HR. TOTAL    0.58   04/07 TO 04/08

SNOWFALL (INCHES)
RECORDS
 TOTAL           17.7   1982
 24 HR TOTAL     17.7   04/06/1982 TO 04/07/1982
 SNOW DEPTH        13   04/07/1982
TOTALS            6.4               2.3     4.1        T
SINCE 7/1        16.9              60.2   -43.3     75.9
SNOWDEPTH AVG.      0
DAYS >= TRACE       3               1.2     1.8        4
DAYS >= 1.0         2               0.5     1.5        0
GREATEST
 SNOW DEPTH         4   04/05                          0
 24 HR TOTAL      4.3   04/04 TO 04/04

DEGREE_DAYS
HEATING TOTAL     569               520      49      511
 SINCE 7/1       5180              6393   -1213     6726
COOLING TOTAL       2                 4      -2        0
 SINCE 1/1          2                 4      -2        0

FREEZE DATES
RECORD
 EARLIEST     09/24/1963
 LATEST       05/27/1969
EARLIEST                        10/10
LATEST                          04/28
.................................................................

WIND (MPH)
AVERAGE WIND SPEED              8.4
HIGHEST WIND SPEED/DIRECTION    39/280    DATE  04/03
HIGHEST GUST SPEED/DIRECTION    52/280    DATE  04/03

SKY COVER
AVERAGE SKY COVER           0.60

AVERAGE RH (PERCENT)     52

WEATHER CONDITIONS. NUMBER OF DAYS WITH
THUNDERSTORM              0     MIXED PRECIP               0
HEAVY RAIN                1     RAIN                       4
LIGHT RAIN               12     FREEZING RAIN              0
LT FREEZING RAIN          1     HAIL                       0
HEAVY SNOW                1     SNOW                       2
LIGHT SNOW                3     SLEET                      0
FOG                       6     FOG W/VIS <= 1/4 MILE      1
HAZE                      1

-  INDICATES NEGATIVE NUMBERS.
R  INDICATES RECORD WAS SET OR TIED.
MM INDICATES DATA IS MISSING.
T  INDICATES TRACE AMOUNT.

$$
