000
CXUS51 KALY 011542
CLMALB
CLIMATE REPORT
NATIONAL WEATHER SERVICE ALBANY NY
1142 AM EDT MON MAY 01 2023
...................................
...THE ALBANY NY CLIMATE SUMMARY FOR THE MONTH OF APRIL 2023...
CLIMATE NORMAL PERIOD: 1991 TO 2020
CLIMATE RECORD PERIOD: 1874 TO 2023
WEATHER OBSERVED NORMAL DEPART LAST YEAR`S
VALUE DATE(S) VALUE FROM VALUE DATE(S)
NORMAL
................................................................
TEMPERATURE (F)
RECORD
HIGH 93 04/20/1941
LOW 9 04/01/1923
HIGHEST 89 04/13 82 04/14
04/14
LOWEST 24 04/03 27 04/18
AVG. MAXIMUM 64.0 59.2 4.8 58.4
AVG. MINIMUM 41.2 36.9 4.3 37.3
MEAN 52.6 48.1 4.5 47.9
DAYS MAX >= 90 0 0.1 -0.1 0
DAYS MAX <= 32 0 0.1 -0.1 0
DAYS MIN <= 32 6 9.2 -3.2 6
DAYS MIN <= 0 0 0.0 0.0 0
PRECIPITATION (INCHES)
RECORD
MAXIMUM 7.95 1983
MINIMUM 0.56 1892
TOTALS 4.26 3.11 1.15 5.00
DAILY AVG. 0.14 0.17
DAYS >= .01 11 12.2 -1.2 14
DAYS >= .10 8 7.1 0.9 10
DAYS >= .50 3 2.0 1.0 2
DAYS >= 1.00 1 0.4 0.6 1
GREATEST
24 HR. TOTAL 1.94 04/22 TO 04/23
SNOWFALL (INCHES)
RECORDS
TOTAL 17.7 1982
24 HR TOTAL 17.7 04/06/1982 TO 04/07/1982
SNOW DEPTH 13 04/07/1982
TOTALS 0.0 1.6 -1.6 2.8
SINCE 7/1 55.0 59.1 -4.1 MM
SNOWDEPTH AVG. 0
DAYS >= TRACE 0 1.3 -1.3 3
DAYS >= 1.0 0 0.5 -0.5 1
GREATEST
SNOW DEPTH 0 3 04/19
24 HR TOTAL 0.0
DEGREE DAYS
HEATING TOTAL 386 514 -128 509
SINCE 7/1 5287 6116 -829 5853
COOLING TOTAL 22 5 17 0
SINCE 1/1 22 5 17 0
................................................................
WIND (MPH)
AVERAGE WIND SPEED 7.6
HIGHEST WIND SPEED/DIRECTION 37/220 DATE 04/01
HIGHEST GUST SPEED/DIRECTION 48/210 DATE 04/01
SKY COVER
AVERAGE SKY COVER 0.66
AVERAGE RH (PERCENT) 58
WEATHER CONDITIONS. NUMBER OF DAYS WITH
THUNDERSTORM 2 MIXED PRECIP 0
HEAVY RAIN 2 RAIN 4
LIGHT RAIN 15 FREEZING RAIN 0
LT FREEZING RAIN 0 HAIL 0
HEAVY SNOW 0 SNOW 0
LIGHT SNOW 0 SLEET 0
FOG 10 FOG W/VIS <= 1/4 MILE 1
HAZE 2
- INDICATES NEGATIVE NUMBERS.
R INDICATES RECORD WAS SET OR TIED.
MM INDICATES DATA IS MISSING.
T INDICATES TRACE AMOUNT.
$$